NOAA-Style Climate Reports
Select a Year or Month report
2024: Gen Feb Mar Apr Mag Giu Lug Ago Set Ott Nov Dic
2023: Gen Feb Mar Apr Mag Giu Lug Ago Set Ott Nov Dic
2022: Gen Feb Mar Apr Mag Giu Lug Ago Set Ott Nov Dic
2021: Gen Feb Mar Apr Mag Giu Lug Ago Set Ott Nov Dic
2020: Gen Feb Mar Apr Mag Giu Lug Ago Set Ott Nov Dic
2019: Gen Feb Mar Apr Mag Giu Lug Ago Set Ott Nov Dic
2018: Gen Feb Mar Apr Mag Giu Lug Ago Set Ott Nov Dic
2017: Gen Feb Mar Apr Mag Giu Lug Ago Set Ott Nov Dic
2016: Gen Feb Mar Apr Mag Giu Lug Ago Set Ott Nov Dic
2015: Gen Feb Mar Apr Mag Giu Lug Ago Set Ott Nov Dic
2014: Gen Feb Mar Apr Mag Giu Lug Ago Set Ott Nov Dic
2013: Gen Feb Mar Apr Mag Giu Lug Ago Set Ott Nov Dic
2012: Gen Feb Mar Apr Mag Giu Lug Ago Set Ott Nov Dic
2011: Gen Feb Mar Apr Mag Giu Lug Ago Set Ott Nov Dic
2024: Gen Feb Mar Apr Mag Giu Lug Ago Set Ott Nov Dic
2023: Gen Feb Mar Apr Mag Giu Lug Ago Set Ott Nov Dic
2022: Gen Feb Mar Apr Mag Giu Lug Ago Set Ott Nov Dic
2021: Gen Feb Mar Apr Mag Giu Lug Ago Set Ott Nov Dic
2020: Gen Feb Mar Apr Mag Giu Lug Ago Set Ott Nov Dic
2019: Gen Feb Mar Apr Mag Giu Lug Ago Set Ott Nov Dic
2018: Gen Feb Mar Apr Mag Giu Lug Ago Set Ott Nov Dic
2017: Gen Feb Mar Apr Mag Giu Lug Ago Set Ott Nov Dic
2016: Gen Feb Mar Apr Mag Giu Lug Ago Set Ott Nov Dic
2015: Gen Feb Mar Apr Mag Giu Lug Ago Set Ott Nov Dic
2014: Gen Feb Mar Apr Mag Giu Lug Ago Set Ott Nov Dic
2013: Gen Feb Mar Apr Mag Giu Lug Ago Set Ott Nov Dic
2012: Gen Feb Mar Apr Mag Giu Lug Ago Set Ott Nov Dic
2011: Gen Feb Mar Apr Mag Giu Lug Ago Set Ott Nov Dic
Report for 2022 Novembre
Monthly Climatological Summary for nov 2022 Name: Galliate Meteo City: Galliate (NO) State: Italia Elevation: 153 m Lat: N 45° 28' 31" Lon: E 008° 41' 43" Temperature (°C), Rain (mm), Wind Speed (km/h) Heat Cool Avg Mean Deg Deg Wind Dom Day Temp High Time Low Time Days Days Rain Speed High Time Dir ---------------------------------------------------------------------------------- 1 14,1 16,2 14:57 11,6 23:42 4,2 0,0 1,0 1,8 14,0 11:41 N 2 12,8 17,2 14:43 8,8 07:10 5,5 0,0 0,0 1,9 14,0 08:24 W 3 14,3 16,3 14:04 13,2 06:19 4,0 0,0 13,2 2,9 23,0 22:49 E 4 13,0 17,0 15:25 9,6 07:44 5,3 0,0 6,2 6,8 45,0 05:48 NNW 5 13,2 20,0 14:23 7,1 07:11 5,4 0,2 0,0 4,6 27,0 12:57 NNW 6 11,0 16,4 16:11 6,8 05:43 7,3 0,0 0,0 2,3 13,0 09:13 N 7 10,5 17,0 15:08 5,3 04:10 7,8 0,0 0,0 1,6 13,0 22:47 NNW 8 11,5 15,6 15:48 8,9 06:33 6,8 0,0 0,0 2,2 14,0 01:00 NNW 9 11,4 12,3 09:59 10,6 00:00 6,9 0,0 6,0 1,0 10,0 12:07 NW 10 12,4 15,9 15:39 10,2 23:53 5,9 0,0 0,2 1,3 11,0 02:19 SSE 11 12,6 17,5 14:22 8,3 07:28 5,7 0,0 0,2 1,4 13,0 11:10 WSW 12 10,6 13,9 14:28 7,4 06:37 7,7 0,0 0,2 1,3 11,0 15:19 WSW 13 12,3 16,3 14:05 9,6 00:09 6,0 0,0 0,4 3,1 14,0 10:44 NNE 14 9,9 11,5 15:12 6,8 23:41 8,4 0,0 1,0 2,2 16,0 14:10 NE 15 8,0 9,8 15:02 5,6 03:31 9,1 0,0 3,0 0,3 8,0 12:31 NNW 16 9,9 12,3 16:00 7,1 23:33 8,4 0,0 1,0 1,4 14,0 12:35 SSW 17 9,6 12,0 15:18 6,9 04:21 8,7 0,0 0,2 0,5 8,0 04:13 NW 18 12,0 16,7 14:34 9,8 06:33 6,3 0,0 0,0 2,8 18,0 21:51 W 19 9,2 14,2 14:25 4,9 08:15 9,1 0,0 0,0 2,4 18,0 14:49 NNW 20 7,9 14,6 14:51 2,4 07:37 10,4 0,0 0,0 1,9 16,0 13:34 WSW 21 6,9 12,1 14:21 2,1 06:22 11,4 0,0 1,0 2,4 18,0 19:24 NNE 22 7,5 10,9 15:28 4,3 23:00 10,8 0,0 14,0 4,4 21,0 03:52 NW 23 7,2 13,4 14:26 2,8 05:28 11,1 0,0 0,0 1,7 11,0 02:55 WNW 24 7,7 15,4 14:43 1,9 08:03 10,6 0,0 0,0 2,3 13,0 00:29 W 25 8,5 12,5 14:21 5,7 23:44 9,8 0,0 0,2 1,8 14,0 04:08 NE 26 6,9 13,8 16:21 2,1 08:04 11,4 0,0 0,0 1,5 13,0 12:59 WNW 27 7,1 11,7 14:09 3,1 07:56 11,2 0,0 0,0 1,7 13,0 09:58 NE 28 6,8 8,9 13:35 4,4 23:50 11,5 0,0 0,0 0,7 10,0 12:16 ESE 29 5,6 7,3 13:34 3,6 01:47 12,7 0,0 0,2 0,3 8,0 23:29 NNW 30 3,5 6,3 15:11 0,1 06:36 14,8 0,0 0,2 0,4 8,0 16:43 NW ---------------------------------------------------------------------------------- 9,8 20,0 5 0,1 30 254,2 0,2 48,2 2,0 45,0 4 NNW Max >= 10,0: 26 Max <= 5,0: 0 Min <= 0,0: 0 Min <= -2,0: 0 Max Rain: 14,0 on day 22 Days of Rain: 17 (>= 0,2 mm) 5 (>= 2,0 mm) 0 (>= 20,0 mm) Heat Base: 18,3 Cool Base: 18,3 Method: Integration