Weather Camera Radar Radar Radar Radar width= Satellite previsioni

NOAA-Style Climate Reports


Report for 2019 Marzo
                   Monthly Climatological Summary for mar 2019

Name: Galliate Meteo   City: Galliate (NO)   State: Italia
Elevation: 153 m  Lat: N 45° 28' 31"   Lon: E 008° 41' 43"

                  Temperature (°C), Rain (mm), Wind Speed (km/h)

                                      Heat  Cool        Avg
    Mean                              Deg   Deg         Wind                 Dom
Day Temp  High   Time   Low    Time   Days  Days  Rain  Speed High   Time    Dir
----------------------------------------------------------------------------------
 1  11,7  20,1   16:25   3,8   07:18   6,7   0,1   0,0   5,1  29,0   19:32     N
 2  12,4  17,7   15:31   7,1   03:37   5,9   0,0   0,0   3,9  19,0   00:02   WNW
 3  11,1  17,9   16:04   4,2   06:08   7,2   0,0   0,0   3,9  19,0   16:13   ESE
 4   7,6  10,2   17:38   4,8   21:55  10,7   0,0   0,2   3,0  16,0   16:05   NNE
 5   9,8  17,2   16:06   2,8   03:27   8,5   0,0   0,2   3,5  18,0   14:53    SW
 6   8,7  11,8   13:25   6,1   06:51   9,6   0,0   0,0   4,7  19,0   22:46     N
 7   9,2  11,5   16:29   8,0   12:08   9,1   0,0   8,4   6,2  19,0   11:46     N
 8  10,6  16,5   15:39   5,2   07:00   7,7   0,0   0,0   4,3  19,0   14:42   WSW
 9  11,4  17,8   16:42   5,9   06:35   6,9   0,0   0,0   4,6  21,0   13:05    SW
10  11,7  17,9   16:53   6,4   04:44   6,6   0,0   0,0   3,2  19,0   14:38   WNW
11  10,0  17,3   11:48   5,1   23:59   8,3   0,0   0,0   8,5  64,0   15:03     N
12   8,4  14,1   16:23   1,4   07:15   9,9   0,0   0,0   6,5  29,0   00:13   WNW
13   9,0  16,1   16:00   3,4   04:53   9,2   0,0   0,0   5,4  27,0   17:38     N
14   9,6  16,6   16:40   1,9   06:52   8,7   0,0   0,0   4,2  19,0   23:38   WNW
15  13,0  21,2   16:32   7,0   02:45   5,6   0,3   0,0   5,1  21,0   11:24     W
16  14,2  22,7   15:36   8,4   07:37   4,8   0,7   0,0   5,5  23,0   16:46   SSW
17  11,5  13,5   15:16   8,8   04:38   6,8   0,0   0,6   2,8  21,0   18:37    SE
18  10,9  16,0   15:09   5,9   07:01   7,1   0,0   1,6   9,9  40,0   17:08     N
19   8,9  14,2   15:40   3,9   06:37   9,3   0,0   0,0   5,1  26,0   16:07     E
20   9,2  14,2   15:01   4,2   03:42   9,1   0,0   0,0   4,8  18,0   11:38   ENE
21   9,9  16,2   16:04   3,7   05:49   8,4   0,0   0,0   4,2  16,0   11:01    NW
22  10,4  19,8   15:45   4,4   06:07   5,4   0,1   0,0   4,2  19,0   14:18    NW
23  18,0  22,4   16:11   0,0   08:57   1,0   0,8   0,0   3,2  16,0   14:03     S
24  16,0  24,0   16:16   9,1   06:18   3,7   1,4   0,0   4,2  18,0   12:37   WSW
25  15,0  23,7   15:53   8,4   05:34   4,3   0,9   0,0  10,0  69,0   21:07     N
26  11,5  17,1   15:37   6,0   06:41   6,8   0,0   0,0   9,0  47,0   00:08    NE
----------------------------------------------------------------------------------
    11,1  24,0    24     0,0    23   187,3   4,3  11,0   5,2  69,0    25     NNW

Max >=  10,0: 26
Max <=   5,0:  0
Min <=   0,0:  1
Min <=  -2,0:  0
Max Rain: 8,4 on day 7
Days of Rain: 5 (>= 0,2 mm)  1 (>= 2,0 mm)  0 (>= 20,0 mm)
Heat Base: 18,3  Cool Base: 18,3  Method: Integration