Weather Camera Radar Radar Radar Radar width= Satellite previsioni

NOAA-Style Climate Reports


Report for 2020 Settembre
                   Monthly Climatological Summary for set 2020

Name: Galliate Meteo   City: Galliate (NO)   State: Italia
Elevation: 153 m  Lat: N 45° 28' 31"   Lon: E 008° 41' 43"

                  Temperature (°C), Rain (mm), Wind Speed (km/h)

                                      Heat  Cool        Avg
    Mean                              Deg   Deg         Wind                 Dom
Day Temp  High   Time   Low    Time   Days  Days  Rain  Speed High   Time    Dir
----------------------------------------------------------------------------------
 1  20,0  26,1   16:42  13,4   07:14   1,2   2,9   0,0   4,3  21,0   16:51     S
 2  20,2  23,5   16:43  17,1   06:14   0,2   2,1   0,0   5,3  24,0   11:43   ENE
 3  21,0  25,8   18:32  16,1   06:54   0,5   3,2   0,0   3,8  21,0   14:51   WSW
 4  22,2  27,6   15:48  16,8   07:00   0,2   4,1   0,0   4,0  18,0   14:54     E
 5  22,3  28,3   15:37  18,1   06:54   0,0   3,3   0,0   4,1  18,0   12:24    NW
 6  22,4  28,0   17:16  18,1   06:20   0,0   4,1   1,6   4,7  24,0   14:48   SSE
 7  19,2  23,6   18:54  16,9   06:51   0,3   1,2   9,4   5,2  29,0   00:23     N
 8  21,8  27,0   16:32  17,3   00:31   0,3   3,7   0,0   4,4  18,0   13:31   NNE
 9  22,5  27,7   14:58  17,7   06:12   0,0   4,3   0,0   2,7  19,0   15:50     W
10  23,0  28,4   17:08  17,9   07:23   0,0   4,7   0,0   2,1  14,0   14:06    SE
11  23,2  26,8   15:58  20,2   07:27   0,0   4,9   0,0   4,0  19,0   10:54     N
12  23,9  29,7   16:02  18,5   06:48   0,0   5,6   0,0   3,7  19,0   13:14   NNW
13  25,2  31,3   16:21  20,2   06:51   0,0   6,9   0,0   3,7  18,0   15:02   NNE
14  25,2  30,2   17:16  20,4   07:27   0,0   6,9   0,0   4,3  21,0   11:42    NE
15  24,4  29,9   16:48  20,1   07:32   0,0   6,1   0,0   3,8  16,0   14:21    NE
16  24,6  29,9   17:23  19,9   07:22   0,0   6,3   0,0   4,1  23,0   16:18     W
17  24,6  30,8   14:43  19,1   07:42   0,0   6,3   0,0   3,9  18,0   15:08     N
18  24,1  29,0   17:09  19,3   07:16   0,0   5,8   0,0   5,1  19,0   13:30    NE
19  22,0  25,7   16:27  19,3   05:25   0,0   3,7   0,0   3,9  16,0   09:13     E
20  21,3  26,1   16:12  17,6   07:40   0,0   3,1   0,0   3,6  18,0   14:33   ENE
21  20,2  24,2   16:29  18,2   07:48   0,0   1,9   0,8   3,3  14,0   08:50   WNW
22  18,3  20,6   17:43  17,2   07:37   0,3   0,3  17,0   2,9  16,0   13:00     N
23  19,4  23,4   17:24  16,9   06:44   0,4   1,6   2,8   3,1  19,0   16:23   SSE
24  18,7  22,3   15:11  16,6   02:59   0,6   1,0  15,4   3,4  29,0   21:07   ENE
25  15,3  17,6   00:30  10,9   11:08   3,0   0,0   7,4   7,4  53,0   13:52     N
26  13,5  19,6   16:23   7,4   07:46   4,9   0,1   0,0   5,7  32,0   14:48   NNW
----------------------------------------------------------------------------------
    21,5  31,3    13     7,4    26    11,9  94,1  54,4   4,1  53,0    25     NNE

Max >=  10,0: 26
Max <=   5,0:  0
Min <=   0,0:  0
Min <=  -2,0:  0
Max Rain: 17,0 on day 22
Days of Rain: 7 (>= 0,2 mm)  5 (>= 2,0 mm)  0 (>= 20,0 mm)
Heat Base: 18,3  Cool Base: 18,3  Method: Integration