Weather Camera Radar Radar Radar Radar width= Satellite previsioni

NOAA-Style Climate Reports


Report for 2019 Settembre
                   Monthly Climatological Summary for set 2019

Name: Galliate Meteo   City: Galliate (NO)   State: Italia
Elevation: 153 m  Lat: N 45° 28' 31"   Lon: E 008° 41' 43"

                  Temperature (°C), Rain (mm), Wind Speed (km/h)

                                      Heat  Cool        Avg
    Mean                              Deg   Deg         Wind                 Dom
Day Temp  High   Time   Low    Time   Days  Days  Rain  Speed High   Time    Dir
----------------------------------------------------------------------------------
 1  25,3  30,6   16:02  19,2   07:26   0,0   7,0   0,0   5,1  19,0   03:14   WNW
 2  24,0  28,8   16:39  19,6   08:06   0,0   5,7  20,4   4,4  56,0   03:23   ENE
 3  23,7  27,9   16:38  19,4   07:07   0,0   5,4   0,0   4,9  24,0   11:43   ENE
 4  22,9  27,1   16:42  19,3   07:02   0,0   4,6   0,0   4,4  19,0   14:54     E
 5  20,3  27,0   16:20  14,1   23:45   0,5   2,6   3,2   8,3  48,0   18:27     N
 6  16,5  19,4   15:49  13,6   02:26   1,9   0,1   1,2   7,1  42,0   00:02   NNW
 7  18,8  24,6   16:18  13,8   07:22   1,3   1,8   0,2   3,0  16,0   13:06     W
 8  17,0  22,7   16:18  13,3   07:54   1,9   0,6  10,2   6,9  39,0   17:34    NW
 9  17,4  23,6   15:33   9,8   06:45   2,6   1,7   0,0   4,1  23,0   14:35   WSW
10  17,9  21,4   16:00  14,6   04:52   1,3   0,9   0,0   4,1  23,0   16:37   NNW
11  20,3  25,4   15:48  14,6   06:52   0,8   2,8   0,0   4,4  21,0   14:50     W
12  21,7  28,2   17:01  15,5   06:20   0,5   3,9   0,0   3,7  18,0   15:17     E
13  22,7  28,4   18:10  17,4   06:45   0,1   4,5   0,0   4,3  19,0   14:32     N
14  22,9  28,4   17:17  18,0   06:32   0,0   4,7   0,0   3,9  18,0   13:50   NNE
15  23,0  28,1   15:22  18,4   07:02   0,0   4,7   0,0   3,1  16,0   15:33     S
----------------------------------------------------------------------------------
    21,0  30,6     1     9,8     9    10,9  51,0  35,2   4,8  56,0     2       N

Max >=  10,0: 15
Max <=   5,0:  0
Min <=   0,0:  0
Min <=  -2,0:  0
Max Rain: 20,4 on day 2
Days of Rain: 5 (>= 0,2 mm)  3 (>= 2,0 mm)  1 (>= 20,0 mm)
Heat Base: 18,3  Cool Base: 18,3  Method: Integration