Weather Camera Radar Radar Radar Radar width= Satellite previsioni

NOAA-Style Climate Reports


Report for 2018 Settembre
                   Monthly Climatological Summary for set 2018

Name: Galliate Meteo   City: Galliate (NO)   State: Italia
Elevation: 153 m  Lat: N 45° 28' 31"   Lon: E 008° 41' 43"

                  Temperature (°C), Rain (mm), Wind Speed (km/h)

                                      Heat  Cool        Avg
    Mean                              Deg   Deg         Wind                 Dom
Day Temp  High   Time   Low    Time   Days  Days  Rain  Speed High   Time    Dir
----------------------------------------------------------------------------------
 1  18,2  22,0   19:20  15,9   11:04   0,6   0,5   8,2   4,1  23,0   13:38     N
 2  18,9  22,3   17:58  16,3   08:05   0,6   1,1   1,4   4,5  23,0   13:46   ENE
 3  20,1  25,1   16:47  15,6   05:50   0,7   2,5   0,0   4,6  27,0   15:19    SW
 4  21,4  27,1   16:53  15,6   07:18   0,6   3,7   0,0   3,8  21,0   14:36    SW
 5  22,4  28,0   15:59  16,8   07:11   0,2   4,3   0,0   3,8  18,0   13:46   ESE
 6  21,7  27,7   14:24  18,1   07:09   0,0   3,4   5,0   5,4  34,0   19:16    NW
 7  21,2  26,0   16:52  17,4   07:05   0,1   3,0   0,0   4,0  19,0   13:29   SSE
 8  23,3  28,0   17:30  18,7   07:51   0,0   5,0   0,0   3,4  21,0   16:04    NE
 9  23,4  28,3   14:43  18,5   05:44   0,0   5,1   0,0   4,2  16,0   12:06   NNE
10  24,2  29,5   16:13  19,6   06:06   0,0   6,0   0,0   4,3  21,0   14:51   SSW
11  24,8  29,8   16:02  20,1   07:44   0,0   6,5   0,0   4,0  21,0   17:03   ENE
12  25,0  30,0   16:59  20,2   06:57   0,0   6,7   0,0   4,3  19,0   15:33    NE
13  24,3  29,4   17:07  20,1   23:51   0,0   6,0   3,6   4,8  27,0   21:40    NE
14  22,9  28,1   15:45  18,3   06:48   0,0   4,6   0,0   4,0  18,0   14:03    SW
15  23,6  28,1   16:09  19,9   07:09   0,0   5,3   0,0   3,6  21,0   12:27   ENE
16  23,2  27,4   15:21  20,8   23:57   0,0   4,9   0,0   5,2  19,0   12:39    NE
17  22,7  27,5   16:44  18,5   07:12   0,0   4,4   0,0   4,6  21,0   01:45   NNW
18  22,8  27,7   16:28  19,7   07:42   0,0   4,5   0,0   3,7  18,0   15:03    NE
19  23,5  28,4   16:11  18,7   07:23   0,0   5,2   0,0   3,8  19,0   15:39   NNE
20  23,8  29,7   15:38  19,4   05:35   0,0   5,5   0,0   4,1  19,0   16:23   NNW
----------------------------------------------------------------------------------
    22,6  30,0    12    15,6     3     2,8  88,2  18,2   4,2  34,0     6     NNE

Max >=  10,0: 20
Max <=   5,0:  0
Min <=   0,0:  0
Min <=  -2,0:  0
Max Rain: 8,2 on day 1
Days of Rain: 4 (>= 0,2 mm)  3 (>= 2,0 mm)  0 (>= 20,0 mm)
Heat Base: 18,3  Cool Base: 18,3  Method: Integration