Weather Camera Radar Radar Radar Radar width= Satellite previsioni

NOAA-Style Climate Reports


Report for 2019 Luglio
                   Monthly Climatological Summary for lug 2019

Name: Galliate Meteo   City: Galliate (NO)   State: Italia
Elevation: 153 m  Lat: N 45° 28' 31"   Lon: E 008° 41' 43"

                  Temperature (°C), Rain (mm), Wind Speed (km/h)

                                      Heat  Cool        Avg
    Mean                              Deg   Deg         Wind                 Dom
Day Temp  High   Time   Low    Time   Days  Days  Rain  Speed High   Time    Dir
----------------------------------------------------------------------------------
 1  27,4  33,8   15:22  23,4   22:43   0,0   9,1   0,0   5,8  48,0   15:34     N
 2  27,6  33,8   16:49  21,9   06:36   0,0   9,3   0,0   7,0  43,0   02:48   WNW
 3  27,4  32,4   16:34  22,7   23:45   0,0   9,1   0,0   5,8  29,0   21:11     E
 4  25,7  30,9   16:36  20,3   05:34   0,0   7,4   0,0   4,5  18,0   12:48   SSE
 5  27,7  33,3   18:20  21,7   05:49   0,0   9,4   0,0   6,0  24,0   12:41     W
 6  27,0  32,6   16:24  22,3   23:56   0,0   8,7   1,2   5,9  43,0   20:22     S
 7  26,3  32,2   16:46  21,7   06:58   0,0   8,0   0,0   5,5  31,0   18:48   SSW
 8  26,6  31,9   19:10  20,6   05:36   0,0   8,3   0,0   4,9  19,0   15:58   SSE
 9  25,2  29,1   16:10  22,3   05:29   0,0   6,9   0,0   6,4  29,0   05:23   ESE
10  24,6  28,4   17:22  20,3   06:04   0,0   6,3   0,0   6,5  27,0   10:49   ESE
11  23,8  26,5   15:45  21,7   05:16   0,0   5,5   0,0   4,3  18,0   11:39   ENE
12  24,7  30,2   18:17  19,4   04:55   0,0   6,4   0,0   5,5  23,0   15:10   SSE
13  25,8  30,6   19:28  20,9   05:46   0,0   7,5   0,0   5,3  23,0   15:00    SE
14  24,1  28,7   15:57  19,7   04:15   0,0   5,8   0,0   7,6  35,0   00:23   ESE
15  19,1  24,0   19:08  15,2   08:05   0,9   1,7  13,6   8,9  39,0   08:46     N
16  22,2  27,3   17:56  15,9   06:26   0,3   4,3   0,0   5,0  23,0   13:42     S
17  24,1  29,8   17:30  18,4   05:37   0,0   5,8   0,0   5,0  21,0   13:56     S
18  24,2  28,4   14:14  19,4   06:46   0,0   5,9   0,0   4,3  19,0   15:12   ESE
19  25,1  29,7   16:45  20,0   05:52   0,0   6,8   0,0   4,2  19,0   12:51   SSE
20  26,1  31,2   16:50  20,8   06:13   0,0   7,8   0,0   4,9  21,0   15:10    SW
----------------------------------------------------------------------------------
    25,2  33,8     1    15,2    15     1,2 140,0  14,8   5,7  48,0     1      SE

Max >=  10,0: 20
Max <=   5,0:  0
Min <=   0,0:  0
Min <=  -2,0:  0
Max Rain: 13,6 on day 15
Days of Rain: 2 (>= 0,2 mm)  1 (>= 2,0 mm)  0 (>= 20,0 mm)
Heat Base: 18,3  Cool Base: 18,3  Method: Integration