Weather Camera Radar Radar Radar Radar width= Satellite previsioni

NOAA-Style Climate Reports


Report for 2019 Novembre
                   Monthly Climatological Summary for nov 2019

Name: Galliate Meteo   City: Galliate (NO)   State: Italia
Elevation: 153 m  Lat: N 45° 28' 31"   Lon: E 008° 41' 43"

                  Temperature (°C), Rain (mm), Wind Speed (km/h)

                                      Heat  Cool        Avg
    Mean                              Deg   Deg         Wind                 Dom
Day Temp  High   Time   Low    Time   Days  Days  Rain  Speed High   Time    Dir
----------------------------------------------------------------------------------
 1  12,2  14,2   13:44  11,2   05:02   6,1   0,0   0,0   1,2  10,0   20:53   ENE
 2  11,3  12,7   15:27  10,3   07:24   7,0   0,0   0,6   1,9  13,0   19:55    SE
 3  10,5  11,2   14:18   9,6   06:08   7,8   0,0   5,0   2,3  14,0   16:36   NNE
 4  10,9  16,2   14:57   5,4   06:25   7,4   0,0   0,2   2,6  16,0   15:05    NW
 5  12,8  17,1   15:49  10,2   22:44   4,9   0,0   0,2   2,4  19,0   05:20     N
 6  10,2  12,3   15:20   8,6   04:31   7,9   0,0   0,0   2,7  14,0   06:09     N
 7   9,9  10,6   15:04   9,2   07:48   8,4   0,0   7,2   1,5  18,0   23:31   ENE
 8   8,9  10,6   14:26   7,4   23:15   9,4   0,0  12,2   5,0  21,0   09:01     N
 9   8,2  13,8   13:48   3,9   07:18  10,1   0,0   0,0   3,2  18,0   14:26     W
10   7,9  12,6   15:11   4,9   01:56  10,4   0,0   0,2   2,9  13,0   16:41   NNW
11   7,5   9,2   14:13   4,9   01:54  10,8   0,0   7,4   4,0  18,0   05:38   NNW
----------------------------------------------------------------------------------
    10,0  17,1     5     3,9     9    90,2   0,0  33,0   2,7  21,0     8       N

Max >=  10,0: 10
Max <=   5,0:  0
Min <=   0,0:  0
Min <=  -2,0:  0
Max Rain: 12,2 on day 8
Days of Rain: 8 (>= 0,2 mm)  4 (>= 2,0 mm)  0 (>= 20,0 mm)
Heat Base: 18,3  Cool Base: 18,3  Method: Integration