Weather Camera Radar Radar Radar Radar width= Satellite previsioni

NOAA-Style Climate Reports


Report for 2018
                   Annual Climatological Summary for 2018

Name: Galliate Meteo   City: Galliate (NO)   State: Italia
Elevation: 153 m  Lat: N 45° 28' 31"   Lon: E 008° 41' 43"

                  Temperature (°C), Heat Base: 18,3  Cool Base: 18,3
                          Dep.  Heat  Cool                       Max  Max  Min  Min
        Mean  Mean        From  Deg   Deg                        >=   <=   <=   <=
 YR MO  Max   Min   Mean  Norm  Days  Days  Hi  Date  Low  Date 10,0  5,0  0,0  -2,0
------------------------------------------------------------------------------------
 18  1   9,5   3,1   5,8   0.0   386     0  14,4  21  -0,7   18   14    2    4    0
 18  2   7,4   1,2   4,0   0.0   400     0  10,9  10  -6,3   28    5    5    8    3
 18  3  10,9   4,5   7,6   0.0   330     0  17,2  27  -2,8    1   17    4    3    2
 18  4  20,8  11,6  16,1   0.0   103    36  27,8  21   4,6    1   29    0    0    0
 18  5  23,4  14,7  18,9   0.0    41    59  29,0  26  10,2   14   31    0    0    0
 18  6  28,0  18,7  23,4   0.0     1   154  32,7  22  16,5    5   30    0    0    0
 18  7  30,2  19,9  25,4   0.0     0   219  34,3  31   0,0   22   31    0    1    0
 18  8  30,3  20,6  25,5   0.0     1   219  34,2   1  15,6   27   31    0    0    0
 18  9  27,5  18,4  22,6   0.0     2    88  30,0  12  15,6    3   20    0    0    0
 18 10
 18 11
 18 12
------------------------------------------------------------------------------------
        20,9  12,5  16,6   0.0  1266   778  34,3 lug  -6,3  feb  208   11   16    5

                                Precipitation (mm)

              Dep.   Max        Days of Rain
              From   Obs.           >=
 YR MO Total  Norm   Day Date  0,2  2,0 20,0
---------------------------------------------
 18  1  34,4   0.0   6,8  25    16    7    0
 18  2  22,8   0.0   7,0   5    10    3    0
 18  3  68,6   0.0  19,2  11    18    6    0
 18  4  64,6   0.0  21,4  11     7    6    1
 18  5 138,6   0.0  36,2   9    22   16    1
 18  6  13,8   0.0   4,0  18     9    3    0
 18  7  66,4   0.0  19,2  11    11    7    0
 18  8  68,4   0.0  30,4  31    10    5    2
 18  9  18,2   0.0   8,2   1     4    3    0
 18 10
 18 11
 18 12
---------------------------------------------
       495,8   0.0  36,2  mag  107   56    4

                                Wind Speed (km/h)
                          Dom
 YR MO   Avg.  Hi   Date  Dir
------------------------------
 18  1   1,5  27,0   17   NNW
 18  2   3,5  35,0   25   NNE
 18  3   4,1  51,0   30   ESE
 18  4   5,3  47,0   30     E
 18  5   5,5  48,0   28    NW
 18  6   5,3  47,0   27   SSE
 18  7   5,3  50,0   16   SSE
 18  8   5,3  53,0    9   NNE
 18  9   4,2  34,0    6   NNE
 18 10
 18 11
 18 12
------------------------------
         4,5  53,0  ago   ENE