NOAA-Style Climate Reports
Select a Year or Month report
2024: Gen Feb Mar Apr Mag Giu Lug Ago Set Ott Nov Dic
2023: Gen Feb Mar Apr Mag Giu Lug Ago Set Ott Nov Dic
2022: Gen Feb Mar Apr Mag Giu Lug Ago Set Ott Nov Dic
2021: Gen Feb Mar Apr Mag Giu Lug Ago Set Ott Nov Dic
2020: Gen Feb Mar Apr Mag Giu Lug Ago Set Ott Nov Dic
2019: Gen Feb Mar Apr Mag Giu Lug Ago Set Ott Nov Dic
2018: Gen Feb Mar Apr Mag Giu Lug Ago Set Ott Nov Dic
2017: Gen Feb Mar Apr Mag Giu Lug Ago Set Ott Nov Dic
2016: Gen Feb Mar Apr Mag Giu Lug Ago Set Ott Nov Dic
2015: Gen Feb Mar Apr Mag Giu Lug Ago Set Ott Nov Dic
2014: Gen Feb Mar Apr Mag Giu Lug Ago Set Ott Nov Dic
2013: Gen Feb Mar Apr Mag Giu Lug Ago Set Ott Nov Dic
2012: Gen Feb Mar Apr Mag Giu Lug Ago Set Ott Nov Dic
2011: Gen Feb Mar Apr Mag Giu Lug Ago Set Ott Nov Dic
2024: Gen Feb Mar Apr Mag Giu Lug Ago Set Ott Nov Dic
2023: Gen Feb Mar Apr Mag Giu Lug Ago Set Ott Nov Dic
2022: Gen Feb Mar Apr Mag Giu Lug Ago Set Ott Nov Dic
2021: Gen Feb Mar Apr Mag Giu Lug Ago Set Ott Nov Dic
2020: Gen Feb Mar Apr Mag Giu Lug Ago Set Ott Nov Dic
2019: Gen Feb Mar Apr Mag Giu Lug Ago Set Ott Nov Dic
2018: Gen Feb Mar Apr Mag Giu Lug Ago Set Ott Nov Dic
2017: Gen Feb Mar Apr Mag Giu Lug Ago Set Ott Nov Dic
2016: Gen Feb Mar Apr Mag Giu Lug Ago Set Ott Nov Dic
2015: Gen Feb Mar Apr Mag Giu Lug Ago Set Ott Nov Dic
2014: Gen Feb Mar Apr Mag Giu Lug Ago Set Ott Nov Dic
2013: Gen Feb Mar Apr Mag Giu Lug Ago Set Ott Nov Dic
2012: Gen Feb Mar Apr Mag Giu Lug Ago Set Ott Nov Dic
2011: Gen Feb Mar Apr Mag Giu Lug Ago Set Ott Nov Dic
Report for 2022 Luglio
Monthly Climatological Summary for lug 2022 Name: Galliate Meteo City: Galliate (NO) State: Italia Elevation: 153 m Lat: N 45° 28' 31" Lon: E 008° 41' 43" Temperature (°C), Rain (mm), Wind Speed (km/h) Heat Cool Avg Mean Deg Deg Wind Dom Day Temp High Time Low Time Days Days Rain Speed High Time Dir ---------------------------------------------------------------------------------- 1 25,6 30,9 17:29 20,2 04:36 0,0 7,3 0,0 6,8 32,0 02:14 NW 2 27,5 32,7 16:21 20,7 06:00 0,0 9,2 0,0 6,4 23,0 13:41 WSW 3 29,2 35,3 18:31 22,8 06:11 0,0 10,9 0,0 5,9 23,0 14:52 W 4 26,6 33,0 14:34 22,8 05:46 0,0 8,3 0,0 9,5 35,0 11:18 N 5 26,8 33,6 17:50 20,0 05:49 0,0 8,5 11,0 5,6 35,0 02:46 WSW 6 28,0 31,7 16:41 23,9 06:07 0,0 9,7 0,0 6,5 24,0 09:57 ESE 7 27,6 31,9 17:01 22,7 06:12 0,0 9,3 0,0 7,3 39,0 22:33 N 8 26,1 30,7 17:38 19,4 06:12 0,0 7,8 0,0 7,1 40,0 00:36 SSE 9 27,1 30,3 17:27 22,2 02:47 0,0 6,9 0,0 6,5 27,0 14:35 SE 10 26,6 31,7 17:06 20,3 06:01 0,0 8,3 0,0 5,9 26,0 15:51 W 11 26,9 31,0 18:01 21,2 06:33 0,0 8,6 0,2 5,9 26,0 15:08 ESE 12 26,8 30,9 18:53 22,8 05:31 0,0 8,5 0,0 5,9 26,0 14:33 ESE 13 27,2 30,8 15:57 22,8 06:00 0,0 8,9 0,0 5,4 23,0 14:47 SE 14 28,1 33,4 16:54 22,5 06:08 0,0 9,8 0,0 4,0 23,0 16:04 WSW 15 29,0 36,2 17:05 22,4 06:25 0,0 10,7 0,0 5,2 23,0 14:19 S 16 30,1 33,2 17:10 24,1 02:25 0,0 7,7 0,0 5,1 23,0 12:41 SSE 17 29,4 34,1 15:53 24,6 06:33 0,0 11,1 0,0 6,1 31,0 15:59 ESE 18 29,5 33,4 17:29 24,7 05:02 0,0 11,2 0,0 5,8 23,0 10:25 ESE 19 29,6 33,5 16:42 24,9 05:04 0,0 11,3 0,0 4,9 24,0 13:15 SSE 20 30,0 34,1 16:29 24,3 06:11 0,0 11,7 0,0 5,1 24,0 14:30 SSE 21 29,5 34,4 13:51 25,1 06:38 0,0 8,5 0,0 5,5 24,0 12:22 ENE 22 30,6 35,8 17:21 24,7 06:09 0,0 12,3 0,0 4,7 23,0 15:19 SSE 23 28,9 33,0 18:27 23,7 06:45 0,0 10,6 0,0 6,3 23,0 13:14 S 24 29,3 33,8 17:02 24,5 06:16 0,0 11,0 0,0 4,4 23,0 11:13 S 25 29,7 35,9 16:52 22,4 21:15 0,0 11,2 7,4 4,6 50,0 20:32 SSE 26 26,1 33,2 19:30 19,3 22:32 0,0 7,4 41,0 5,8 53,0 22:09 SSE 27 25,7 30,4 17:12 20,8 06:53 0,0 7,4 0,0 4,5 23,0 16:09 SSE 28 26,3 31,4 16:18 21,4 21:37 0,0 8,0 11,2 6,6 34,0 19:38 ENE 29 23,2 28,4 13:56 20,1 18:54 0,0 4,9 8,8 4,6 35,0 18:01 NW 30 25,5 33,3 16:45 18,3 05:39 0,0 7,2 0,0 5,4 27,0 15:28 W 31 27,3 32,0 17:32 20,6 07:24 0,0 9,0 0,0 6,1 27,0 15:10 SW ---------------------------------------------------------------------------------- 27,7 36,2 15 18,3 30 0,0 283,2 79,6 5,8 53,0 26 SSE Max >= 10,0: 31 Max <= 5,0: 0 Min <= 0,0: 0 Min <= -2,0: 0 Max Rain: 41,0 on day 26 Days of Rain: 6 (>= 0,2 mm) 5 (>= 2,0 mm) 1 (>= 20,0 mm) Heat Base: 18,3 Cool Base: 18,3 Method: Integration