NOAA-Style Climate Reports
Select a Year or Month report
2024: Gen Feb Mar Apr Mag Giu Lug Ago Set Ott Nov Dic
2023: Gen Feb Mar Apr Mag Giu Lug Ago Set Ott Nov Dic
2022: Gen Feb Mar Apr Mag Giu Lug Ago Set Ott Nov Dic
2021: Gen Feb Mar Apr Mag Giu Lug Ago Set Ott Nov Dic
2020: Gen Feb Mar Apr Mag Giu Lug Ago Set Ott Nov Dic
2019: Gen Feb Mar Apr Mag Giu Lug Ago Set Ott Nov Dic
2018: Gen Feb Mar Apr Mag Giu Lug Ago Set Ott Nov Dic
2017: Gen Feb Mar Apr Mag Giu Lug Ago Set Ott Nov Dic
2016: Gen Feb Mar Apr Mag Giu Lug Ago Set Ott Nov Dic
2015: Gen Feb Mar Apr Mag Giu Lug Ago Set Ott Nov Dic
2014: Gen Feb Mar Apr Mag Giu Lug Ago Set Ott Nov Dic
2013: Gen Feb Mar Apr Mag Giu Lug Ago Set Ott Nov Dic
2012: Gen Feb Mar Apr Mag Giu Lug Ago Set Ott Nov Dic
2011: Gen Feb Mar Apr Mag Giu Lug Ago Set Ott Nov Dic
2024: Gen Feb Mar Apr Mag Giu Lug Ago Set Ott Nov Dic
2023: Gen Feb Mar Apr Mag Giu Lug Ago Set Ott Nov Dic
2022: Gen Feb Mar Apr Mag Giu Lug Ago Set Ott Nov Dic
2021: Gen Feb Mar Apr Mag Giu Lug Ago Set Ott Nov Dic
2020: Gen Feb Mar Apr Mag Giu Lug Ago Set Ott Nov Dic
2019: Gen Feb Mar Apr Mag Giu Lug Ago Set Ott Nov Dic
2018: Gen Feb Mar Apr Mag Giu Lug Ago Set Ott Nov Dic
2017: Gen Feb Mar Apr Mag Giu Lug Ago Set Ott Nov Dic
2016: Gen Feb Mar Apr Mag Giu Lug Ago Set Ott Nov Dic
2015: Gen Feb Mar Apr Mag Giu Lug Ago Set Ott Nov Dic
2014: Gen Feb Mar Apr Mag Giu Lug Ago Set Ott Nov Dic
2013: Gen Feb Mar Apr Mag Giu Lug Ago Set Ott Nov Dic
2012: Gen Feb Mar Apr Mag Giu Lug Ago Set Ott Nov Dic
2011: Gen Feb Mar Apr Mag Giu Lug Ago Set Ott Nov Dic
Report for 2022 Gennaio
Monthly Climatological Summary for gen 2022 Name: Galliate Meteo City: Galliate (NO) State: Italia Elevation: 153 m Lat: N 45° 28' 31" Lon: E 008° 41' 43" Temperature (°C), Rain (mm), Wind Speed (km/h) Heat Cool Avg Mean Deg Deg Wind Dom Day Temp High Time Low Time Days Days Rain Speed High Time Dir ---------------------------------------------------------------------------------- 1 4,3 10,1 15:13 1,1 08:27 14,0 0,0 0,2 2,0 14,0 10:49 NE 2 3,8 9,3 14:02 -0,3 08:21 14,5 0,0 0,2 1,4 11,0 12:10 WNW 3 4,6 5,9 15:43 2,1 08:19 13,7 0,0 0,0 1,8 13,0 03:44 NNE 4 6,2 7,0 17:34 5,4 05:29 12,1 0,0 3,6 1,1 13,0 10:54 WNW 5 7,0 8,6 18:48 6,1 05:13 11,3 0,0 2,8 5,5 42,0 20:53 NNW 6 5,7 8,7 14:34 2,1 23:45 12,6 0,0 0,0 4,4 27,0 01:45 NNE 7 2,7 6,5 13:02 -0,1 08:12 15,6 0,0 0,0 3,5 18,0 14:12 NNE 8 -0,2 4,7 14:25 -3,1 22:57 18,5 0,0 0,0 2,7 16,0 14:37 SSE 9 2,4 7,6 15:10 -2,6 00:00 15,9 0,0 0,2 3,2 14,0 02:59 W 10 0,5 2,8 11:37 -2,2 07:09 17,8 0,0 0,0 3,3 23,0 19:14 WNW 11 3,9 10,8 13:29 0,1 05:09 14,4 0,0 0,0 3,4 14,0 05:28 NW 12 3,1 9,3 14:38 -0,7 07:27 15,2 0,0 0,0 3,4 14,0 15:05 NNW 13 2,6 9,4 14:36 -2,3 07:21 15,7 0,0 0,0 2,3 11,0 03:56 NW 14 3,4 11,1 14:59 -1,1 04:44 14,9 0,0 0,0 2,5 11,0 15:24 W 15 5,1 12,2 16:02 0,1 06:41 13,2 0,0 0,0 1,9 11,0 14:34 NNW 16 4,8 10,6 15:42 0,2 08:01 13,5 0,0 0,0 2,2 13,0 22:58 WNW 17 6,9 15,2 14:17 1,2 04:45 11,4 0,0 0,0 4,7 16,0 15:07 WNW 18 6,4 12,3 15:08 2,7 08:30 11,9 0,0 0,0 2,9 18,0 05:05 ENE 19 3,8 7,6 13:26 1,6 06:12 14,5 0,0 0,0 2,2 14,0 13:36 W 20 3,8 7,4 16:10 1,3 08:04 14,5 0,0 0,0 3,0 16,0 13:55 WSW 21 2,3 7,3 03:55 -3,0 08:11 16,0 0,0 0,0 3,6 24,0 03:49 ENE 22 2,3 9,6 15:59 -1,9 00:05 16,0 0,0 0,0 3,8 21,0 15:36 WSW 23 3,2 7,7 15:33 0,6 23:58 15,1 0,0 0,2 3,2 18,0 02:22 ENE 24 0,5 2,2 16:45 -1,8 05:41 17,6 0,0 0,0 2,4 14,0 16:19 E 25 2,7 5,3 13:33 0,3 23:55 15,6 0,0 0,0 3,3 16,0 15:46 WSW 26 1,0 2,0 15:46 -0,2 23:46 17,3 0,0 0,0 1,7 10,0 02:01 W 27 -0,8 0,8 15:59 -2,2 08:04 19,1 0,0 0,0 1,7 11,0 23:21 WNW 28 5,4 16,5 15:01 -2,3 07:53 12,9 0,0 0,2 4,2 31,0 13:04 NNW 29 5,4 11,8 15:20 0,8 05:08 12,9 0,0 0,0 2,4 14,0 12:40 N 30 6,8 15,3 15:22 0,5 07:10 11,5 0,0 0,0 3,9 19,0 16:02 WNW 31 6,5 12,2 17:17 1,7 08:10 11,8 0,0 0,0 6,7 48,0 18:11 N ---------------------------------------------------------------------------------- 3,7 16,5 28 -3,1 8 451,0 0,0 7,4 3,0 48,0 31 NW Max >= 10,0: 11 Max <= 5,0: 5 Min <= 0,0: 14 Min <= -2,0: 7 Max Rain: 3,6 on day 4 Days of Rain: 7 (>= 0,2 mm) 2 (>= 2,0 mm) 0 (>= 20,0 mm) Heat Base: 18,3 Cool Base: 18,3 Method: Integration