NOAA-Style Climate Reports
Select a Year or Month report
2024: Gen Feb Mar Apr Mag Giu Lug Ago Set Ott Nov Dic
2023: Gen Feb Mar Apr Mag Giu Lug Ago Set Ott Nov Dic
2022: Gen Feb Mar Apr Mag Giu Lug Ago Set Ott Nov Dic
2021: Gen Feb Mar Apr Mag Giu Lug Ago Set Ott Nov Dic
2020: Gen Feb Mar Apr Mag Giu Lug Ago Set Ott Nov Dic
2019: Gen Feb Mar Apr Mag Giu Lug Ago Set Ott Nov Dic
2018: Gen Feb Mar Apr Mag Giu Lug Ago Set Ott Nov Dic
2017: Gen Feb Mar Apr Mag Giu Lug Ago Set Ott Nov Dic
2016: Gen Feb Mar Apr Mag Giu Lug Ago Set Ott Nov Dic
2015: Gen Feb Mar Apr Mag Giu Lug Ago Set Ott Nov Dic
2014: Gen Feb Mar Apr Mag Giu Lug Ago Set Ott Nov Dic
2013: Gen Feb Mar Apr Mag Giu Lug Ago Set Ott Nov Dic
2012: Gen Feb Mar Apr Mag Giu Lug Ago Set Ott Nov Dic
2011: Gen Feb Mar Apr Mag Giu Lug Ago Set Ott Nov Dic
2024: Gen Feb Mar Apr Mag Giu Lug Ago Set Ott Nov Dic
2023: Gen Feb Mar Apr Mag Giu Lug Ago Set Ott Nov Dic
2022: Gen Feb Mar Apr Mag Giu Lug Ago Set Ott Nov Dic
2021: Gen Feb Mar Apr Mag Giu Lug Ago Set Ott Nov Dic
2020: Gen Feb Mar Apr Mag Giu Lug Ago Set Ott Nov Dic
2019: Gen Feb Mar Apr Mag Giu Lug Ago Set Ott Nov Dic
2018: Gen Feb Mar Apr Mag Giu Lug Ago Set Ott Nov Dic
2017: Gen Feb Mar Apr Mag Giu Lug Ago Set Ott Nov Dic
2016: Gen Feb Mar Apr Mag Giu Lug Ago Set Ott Nov Dic
2015: Gen Feb Mar Apr Mag Giu Lug Ago Set Ott Nov Dic
2014: Gen Feb Mar Apr Mag Giu Lug Ago Set Ott Nov Dic
2013: Gen Feb Mar Apr Mag Giu Lug Ago Set Ott Nov Dic
2012: Gen Feb Mar Apr Mag Giu Lug Ago Set Ott Nov Dic
2011: Gen Feb Mar Apr Mag Giu Lug Ago Set Ott Nov Dic
Report for 2021 Ottobre
Monthly Climatological Summary for ott 2021 Name: Galliate Meteo City: Galliate (NO) State: Italia Elevation: 153 m Lat: N 45° 28' 31" Lon: E 008° 41' 43" Temperature (°C), Rain (mm), Wind Speed (km/h) Heat Cool Avg Mean Deg Deg Wind Dom Day Temp High Time Low Time Days Days Rain Speed High Time Dir ---------------------------------------------------------------------------------- 1 18,1 22,8 16:00 15,2 05:39 1,2 1,0 0,0 4,3 19,0 13:46 NNE 2 18,5 22,9 14:49 16,1 07:56 0,9 1,1 0,0 3,4 16,0 15:30 NNE 3 17,3 19,0 16:26 16,2 04:23 1,1 0,1 4,0 4,6 27,0 10:19 E 4 17,5 18,4 14:45 16,4 22:41 0,8 0,0 41,6 4,7 37,0 22:45 ENE 5 16,8 18,4 01:00 15,0 22:41 1,6 0,0 9,4 4,7 29,0 02:02 ENE 6 17,0 21,8 16:37 14,2 22:50 2,0 0,6 0,0 5,7 35,0 12:10 N 7 16,6 22,6 15:30 10,0 08:03 2,7 1,0 0,0 4,1 19,0 13:15 NE 8 15,8 20,6 16:54 11,7 07:58 2,8 0,3 0,0 2,9 18,0 15:06 NE 9 15,6 18,0 14:05 14,1 07:31 2,7 0,0 0,0 2,5 18,0 12:10 NE 10 14,5 19,0 17:02 10,7 23:51 3,8 0,0 0,0 2,8 18,0 10:38 ESE 11 12,8 19,4 16:34 6,8 08:11 5,6 0,1 0,0 2,5 16,0 13:15 WNW 12 13,9 18,9 16:02 9,8 08:05 4,4 0,0 0,0 3,1 14,0 11:59 NE 13 13,7 19,6 13:40 8,6 07:32 4,7 0,2 0,0 3,6 21,0 15:04 ENE 14 12,7 18,0 16:42 8,9 07:12 5,6 0,0 0,0 3,6 16,0 11:52 NE 15 11,6 16,8 15:18 7,3 08:01 6,7 0,0 0,0 2,8 16,0 16:04 NW 16 12,3 19,1 16:13 7,0 08:19 6,0 0,0 0,0 2,0 13,0 13:49 NNE 17 13,1 19,6 16:40 7,5 07:29 5,3 0,1 0,0 2,7 14,0 15:06 N 18 13,0 19,9 16:48 7,9 06:42 5,4 0,1 0,0 2,3 13,0 13:27 N 19 13,8 19,4 16:19 9,9 08:25 4,6 0,1 0,0 1,7 13,0 02:52 NW 20 13,6 17,1 12:41 10,7 06:26 4,7 0,0 0,0 2,9 14,0 10:07 N 21 14,5 17,1 15:49 12,6 23:58 3,8 0,0 0,0 1,4 13,0 04:56 ENE 22 14,2 20,4 16:36 9,3 07:34 4,3 0,3 0,2 2,7 14,0 09:50 NW 23 13,0 18,1 15:12 9,4 04:57 5,3 0,0 0,0 3,6 18,0 09:24 NNW 24 13,1 17,4 15:06 10,1 02:32 5,2 0,0 0,2 3,0 18,0 14:01 NE 25 11,4 15,6 15:59 7,4 23:56 6,9 0,0 0,0 2,9 16,0 13:12 NNE 26 10,2 16,9 17:03 4,6 08:07 8,1 0,0 0,0 2,0 14,0 13:44 NW 27 11,9 19,6 16:09 6,8 07:20 6,6 0,1 0,2 2,3 11,0 10:32 NNW 28 11,5 18,2 16:01 6,3 07:15 6,8 0,0 0,0 2,1 13,0 15:35 N 29 11,7 18,0 15:16 6,4 08:34 6,6 0,0 0,0 2,4 13,0 03:27 NNW 30 10,7 12,3 11:36 9,6 07:42 7,6 0,0 2,8 1,4 14,0 16:14 NNW 31 10,5 11,4 11:50 9,9 05:51 8,1 0,0 0,8 2,2 14,0 08:58 WNW ---------------------------------------------------------------------------------- 13,9 22,9 2 4,6 26 141,9 5,1 59,2 3,0 37,0 4 NNE Max >= 10,0: 31 Max <= 5,0: 0 Min <= 0,0: 0 Min <= -2,0: 0 Max Rain: 41,6 on day 4 Days of Rain: 8 (>= 0,2 mm) 4 (>= 2,0 mm) 1 (>= 20,0 mm) Heat Base: 18,3 Cool Base: 18,3 Method: Integration