NOAA-Style Climate Reports
Select a Year or Month report
2024: Gen Feb Mar Apr Mag Giu Lug Ago Set Ott Nov Dic
2023: Gen Feb Mar Apr Mag Giu Lug Ago Set Ott Nov Dic
2022: Gen Feb Mar Apr Mag Giu Lug Ago Set Ott Nov Dic
2021: Gen Feb Mar Apr Mag Giu Lug Ago Set Ott Nov Dic
2020: Gen Feb Mar Apr Mag Giu Lug Ago Set Ott Nov Dic
2019: Gen Feb Mar Apr Mag Giu Lug Ago Set Ott Nov Dic
2018: Gen Feb Mar Apr Mag Giu Lug Ago Set Ott Nov Dic
2017: Gen Feb Mar Apr Mag Giu Lug Ago Set Ott Nov Dic
2016: Gen Feb Mar Apr Mag Giu Lug Ago Set Ott Nov Dic
2015: Gen Feb Mar Apr Mag Giu Lug Ago Set Ott Nov Dic
2014: Gen Feb Mar Apr Mag Giu Lug Ago Set Ott Nov Dic
2013: Gen Feb Mar Apr Mag Giu Lug Ago Set Ott Nov Dic
2012: Gen Feb Mar Apr Mag Giu Lug Ago Set Ott Nov Dic
2011: Gen Feb Mar Apr Mag Giu Lug Ago Set Ott Nov Dic
2024: Gen Feb Mar Apr Mag Giu Lug Ago Set Ott Nov Dic
2023: Gen Feb Mar Apr Mag Giu Lug Ago Set Ott Nov Dic
2022: Gen Feb Mar Apr Mag Giu Lug Ago Set Ott Nov Dic
2021: Gen Feb Mar Apr Mag Giu Lug Ago Set Ott Nov Dic
2020: Gen Feb Mar Apr Mag Giu Lug Ago Set Ott Nov Dic
2019: Gen Feb Mar Apr Mag Giu Lug Ago Set Ott Nov Dic
2018: Gen Feb Mar Apr Mag Giu Lug Ago Set Ott Nov Dic
2017: Gen Feb Mar Apr Mag Giu Lug Ago Set Ott Nov Dic
2016: Gen Feb Mar Apr Mag Giu Lug Ago Set Ott Nov Dic
2015: Gen Feb Mar Apr Mag Giu Lug Ago Set Ott Nov Dic
2014: Gen Feb Mar Apr Mag Giu Lug Ago Set Ott Nov Dic
2013: Gen Feb Mar Apr Mag Giu Lug Ago Set Ott Nov Dic
2012: Gen Feb Mar Apr Mag Giu Lug Ago Set Ott Nov Dic
2011: Gen Feb Mar Apr Mag Giu Lug Ago Set Ott Nov Dic
Report for 2021 Luglio
Monthly Climatological Summary for lug 2021 Name: Galliate Meteo City: Galliate (NO) State: Italia Elevation: 153 m Lat: N 45° 28' 31" Lon: E 008° 41' 43" Temperature (°C), Rain (mm), Wind Speed (km/h) Heat Cool Avg Mean Deg Deg Wind Dom Day Temp High Time Low Time Days Days Rain Speed High Time Dir ---------------------------------------------------------------------------------- 1 24,7 30,1 18:46 17,4 06:03 0,0 6,4 0,0 4,7 23,0 14:46 WSW 2 25,3 30,3 17:16 20,1 05:50 0,0 7,0 0,0 5,5 24,0 16:09 SSE 3 24,7 29,0 17:02 21,1 04:50 0,0 6,4 0,0 4,7 19,0 19:35 ENE 4 21,3 22,8 12:23 18,8 23:59 0,0 3,0 2,0 3,8 31,0 14:34 SE 5 23,1 29,6 17:28 16,6 04:24 0,3 5,1 0,0 3,9 19,0 14:17 SSW 6 25,4 29,8 14:38 20,0 06:13 0,0 7,1 0,0 4,6 21,0 14:14 SE 7 24,1 29,7 14:30 20,4 19:01 0,0 5,8 5,8 5,3 53,0 18:43 NNW 8 21,3 28,2 13:16 16,6 17:13 0,2 3,1 15,4 5,9 53,0 16:54 NNW 9 22,2 28,8 17:09 14,9 06:01 0,7 4,6 0,0 5,4 19,0 08:24 W 10 24,4 29,7 17:56 17,9 04:47 0,0 6,1 0,6 4,5 29,0 23:17 NW 11 24,5 30,0 18:36 18,8 06:23 0,0 6,2 0,0 5,4 21,0 00:14 WNW 12 24,8 28,7 17:26 19,6 05:28 0,0 6,5 0,0 4,8 23,0 17:53 S 13 23,4 28,3 14:42 18,1 23:45 0,0 5,1 3,4 7,7 39,0 16:14 E 14 20,4 25,4 18:12 15,6 05:00 0,7 2,8 0,0 5,8 24,0 15:02 SE 15 21,2 23,8 16:12 17,9 06:14 0,0 2,9 0,0 3,9 19,0 14:26 W 16 21,5 27,8 15:39 17,4 06:21 0,1 3,3 1,4 4,7 37,0 18:32 WNW 17 24,7 31,9 16:53 18,1 06:11 0,0 6,4 0,0 5,0 21,0 13:26 WNW 18 26,6 32,4 16:48 20,5 06:26 0,0 8,3 0,0 4,4 23,0 15:21 SSE 19 27,1 31,8 16:58 22,1 06:20 0,0 8,8 0,0 4,7 19,0 13:25 WNW 20 27,5 32,4 16:52 21,8 06:35 0,0 9,2 0,0 5,6 19,0 16:56 S 21 27,2 31,6 16:29 21,6 06:46 0,0 8,9 0,0 4,0 21,0 09:16 SSE 22 27,2 31,1 14:31 23,4 04:38 0,0 8,9 0,4 4,7 23,0 11:17 ESE 23 26,7 30,7 18:31 22,2 06:12 0,0 8,4 0,0 5,5 24,0 00:55 SE 24 26,0 29,7 14:57 23,6 07:43 0,0 7,7 3,6 4,8 23,0 19:20 E 25 24,3 29,4 16:18 20,8 23:27 0,0 6,0 1,6 5,6 29,0 17:55 ENE 26 23,3 27,7 18:26 19,8 05:28 0,0 5,0 0,0 5,8 24,0 00:28 NE 27 22,6 27,6 15:27 19,9 04:13 0,0 4,3 4,8 5,5 24,0 16:02 NNE 28 23,6 29,2 17:32 20,3 07:04 0,0 5,3 3,8 4,8 19,0 23:24 NE 29 25,0 29,8 17:28 20,3 03:19 0,0 6,7 0,0 5,0 23,0 14:54 WNW 30 25,2 29,4 18:57 21,2 06:40 0,0 6,9 0,0 4,5 21,0 15:40 W 31 24,1 29,1 14:10 19,3 23:36 0,0 5,8 16,0 4,9 29,0 22:14 NW ---------------------------------------------------------------------------------- 24,3 32,4 18 14,9 9 2,0 188,0 58,8 5,0 53,0 7 E Max >= 10,0: 31 Max <= 5,0: 0 Min <= 0,0: 0 Min <= -2,0: 0 Max Rain: 16,0 on day 31 Days of Rain: 12 (>= 0,2 mm) 8 (>= 2,0 mm) 0 (>= 20,0 mm) Heat Base: 18,3 Cool Base: 18,3 Method: Integration