NOAA-Style Climate Reports
Select a Year or Month report
2024: Gen Feb Mar Apr Mag Giu Lug Ago Set Ott Nov Dic
2023: Gen Feb Mar Apr Mag Giu Lug Ago Set Ott Nov Dic
2022: Gen Feb Mar Apr Mag Giu Lug Ago Set Ott Nov Dic
2021: Gen Feb Mar Apr Mag Giu Lug Ago Set Ott Nov Dic
2020: Gen Feb Mar Apr Mag Giu Lug Ago Set Ott Nov Dic
2019: Gen Feb Mar Apr Mag Giu Lug Ago Set Ott Nov Dic
2018: Gen Feb Mar Apr Mag Giu Lug Ago Set Ott Nov Dic
2017: Gen Feb Mar Apr Mag Giu Lug Ago Set Ott Nov Dic
2016: Gen Feb Mar Apr Mag Giu Lug Ago Set Ott Nov Dic
2015: Gen Feb Mar Apr Mag Giu Lug Ago Set Ott Nov Dic
2014: Gen Feb Mar Apr Mag Giu Lug Ago Set Ott Nov Dic
2013: Gen Feb Mar Apr Mag Giu Lug Ago Set Ott Nov Dic
2012: Gen Feb Mar Apr Mag Giu Lug Ago Set Ott Nov Dic
2011: Gen Feb Mar Apr Mag Giu Lug Ago Set Ott Nov Dic
2024: Gen Feb Mar Apr Mag Giu Lug Ago Set Ott Nov Dic
2023: Gen Feb Mar Apr Mag Giu Lug Ago Set Ott Nov Dic
2022: Gen Feb Mar Apr Mag Giu Lug Ago Set Ott Nov Dic
2021: Gen Feb Mar Apr Mag Giu Lug Ago Set Ott Nov Dic
2020: Gen Feb Mar Apr Mag Giu Lug Ago Set Ott Nov Dic
2019: Gen Feb Mar Apr Mag Giu Lug Ago Set Ott Nov Dic
2018: Gen Feb Mar Apr Mag Giu Lug Ago Set Ott Nov Dic
2017: Gen Feb Mar Apr Mag Giu Lug Ago Set Ott Nov Dic
2016: Gen Feb Mar Apr Mag Giu Lug Ago Set Ott Nov Dic
2015: Gen Feb Mar Apr Mag Giu Lug Ago Set Ott Nov Dic
2014: Gen Feb Mar Apr Mag Giu Lug Ago Set Ott Nov Dic
2013: Gen Feb Mar Apr Mag Giu Lug Ago Set Ott Nov Dic
2012: Gen Feb Mar Apr Mag Giu Lug Ago Set Ott Nov Dic
2011: Gen Feb Mar Apr Mag Giu Lug Ago Set Ott Nov Dic
Report for 2021 Giugnio
Monthly Climatological Summary for giu 2021 Name: Galliate Meteo City: Galliate (NO) State: Italia Elevation: 153 m Lat: N 45° 28' 31" Lon: E 008° 41' 43" Temperature (°C), Rain (mm), Wind Speed (km/h) Heat Cool Avg Mean Deg Deg Wind Dom Day Temp High Time Low Time Days Days Rain Speed High Time Dir ---------------------------------------------------------------------------------- 1 20,9 25,9 17:47 15,1 06:09 0,6 3,2 0,0 4,3 19,0 11:05 SE 2 20,6 24,3 16:48 17,7 07:32 0,0 2,3 0,0 4,1 18,0 11:05 NE 3 22,4 27,4 16:59 16,5 06:30 0,2 4,2 0,0 4,0 21,0 14:02 S 4 23,7 28,9 15:48 17,7 05:32 0,0 5,4 0,0 3,9 24,0 20:35 SSE 5 22,4 26,6 14:40 20,1 06:14 0,0 4,1 0,0 4,0 51,0 17:06 SSE 6 21,8 27,9 18:12 15,4 05:43 0,5 4,0 0,8 5,7 37,0 20:45 SE 7 20,5 24,8 14:26 17,6 02:16 0,1 2,3 3,8 3,8 21,0 14:54 N 8 21,7 26,5 19:18 18,8 02:57 0,0 3,4 3,2 3,1 19,0 12:23 NNW 9 23,1 29,0 17:46 16,7 06:40 0,2 5,0 2,0 4,4 21,0 16:24 WNW 10 24,0 29,0 16:49 17,7 04:38 0,0 5,7 0,2 4,8 23,0 13:50 E 11 24,2 28,5 15:30 19,3 06:37 0,0 5,9 0,0 5,3 26,0 20:11 E 12 24,7 30,4 17:50 18,2 06:20 0,0 6,4 0,0 5,0 21,0 14:03 SW 13 27,9 33,9 15:46 19,7 05:25 0,0 9,6 0,0 5,9 24,0 14:38 W 14 26,7 30,3 17:26 22,5 05:51 0,0 8,4 0,0 5,5 23,0 14:32 ESE 15 25,2 29,2 17:25 22,0 05:36 0,0 6,9 0,0 5,0 21,0 00:50 E 16 24,5 30,4 17:06 20,8 04:24 0,0 4,8 0,0 4,5 19,0 17:31 E 17 26,6 30,4 16:24 22,6 08:38 0,0 8,3 0,0 4,3 19,0 14:31 S 18 26,6 30,8 17:46 21,9 05:11 0,0 8,3 0,0 4,9 24,0 12:57 S 19 25,3 29,1 16:13 20,5 06:18 0,0 7,0 0,0 4,5 24,0 13:50 SSW 20 23,4 28,5 14:45 20,4 05:59 0,0 5,1 0,4 4,0 55,0 16:21 NNE 21 24,6 29,6 16:25 21,3 00:41 0,0 6,3 2,8 5,1 27,0 16:58 SSW 22 23,8 29,5 16:11 19,8 05:28 0,0 5,5 0,0 5,4 23,0 12:44 SE 23 23,1 27,6 14:24 18,2 06:11 0,0 4,8 0,0 5,5 26,0 14:24 NE 24 22,3 28,6 15:16 17,3 06:08 0,1 3,9 0,2 7,4 31,0 14:59 NW 25 25,0 28,6 19:16 0,0 07:55 0,0 4,5 0,0 7,4 24,0 12:55 S 26 24,2 29,3 18:11 17,4 06:02 0,0 5,9 0,0 4,3 24,0 14:24 S 27 25,7 30,5 15:39 20,1 03:54 0,0 7,4 0,0 5,3 18,0 05:00 NNW 28 27,3 32,1 15:20 21,9 05:30 0,0 9,0 0,0 5,8 26,0 22:09 E 29 24,0 29,1 14:37 19,8 23:41 0,0 5,7 5,6 7,1 34,0 13:50 NNE 30 23,3 29,7 19:33 17,7 06:42 0,0 5,1 0,0 6,3 24,0 12:22 WSW ---------------------------------------------------------------------------------- 24,0 33,9 13 0,0 25 1,7 168,4 19,0 5,0 55,0 20 SE Max >= 10,0: 30 Max <= 5,0: 0 Min <= 0,0: 1 Min <= -2,0: 0 Max Rain: 5,6 on day 29 Days of Rain: 9 (>= 0,2 mm) 5 (>= 2,0 mm) 0 (>= 20,0 mm) Heat Base: 18,3 Cool Base: 18,3 Method: Integration