NOAA-Style Climate Reports
Select a Year or Month report
2024: Gen Feb Mar Apr Mag Giu Lug Ago Set Ott Nov Dic
2023: Gen Feb Mar Apr Mag Giu Lug Ago Set Ott Nov Dic
2022: Gen Feb Mar Apr Mag Giu Lug Ago Set Ott Nov Dic
2021: Gen Feb Mar Apr Mag Giu Lug Ago Set Ott Nov Dic
2020: Gen Feb Mar Apr Mag Giu Lug Ago Set Ott Nov Dic
2019: Gen Feb Mar Apr Mag Giu Lug Ago Set Ott Nov Dic
2018: Gen Feb Mar Apr Mag Giu Lug Ago Set Ott Nov Dic
2017: Gen Feb Mar Apr Mag Giu Lug Ago Set Ott Nov Dic
2016: Gen Feb Mar Apr Mag Giu Lug Ago Set Ott Nov Dic
2015: Gen Feb Mar Apr Mag Giu Lug Ago Set Ott Nov Dic
2014: Gen Feb Mar Apr Mag Giu Lug Ago Set Ott Nov Dic
2013: Gen Feb Mar Apr Mag Giu Lug Ago Set Ott Nov Dic
2012: Gen Feb Mar Apr Mag Giu Lug Ago Set Ott Nov Dic
2011: Gen Feb Mar Apr Mag Giu Lug Ago Set Ott Nov Dic
2024: Gen Feb Mar Apr Mag Giu Lug Ago Set Ott Nov Dic
2023: Gen Feb Mar Apr Mag Giu Lug Ago Set Ott Nov Dic
2022: Gen Feb Mar Apr Mag Giu Lug Ago Set Ott Nov Dic
2021: Gen Feb Mar Apr Mag Giu Lug Ago Set Ott Nov Dic
2020: Gen Feb Mar Apr Mag Giu Lug Ago Set Ott Nov Dic
2019: Gen Feb Mar Apr Mag Giu Lug Ago Set Ott Nov Dic
2018: Gen Feb Mar Apr Mag Giu Lug Ago Set Ott Nov Dic
2017: Gen Feb Mar Apr Mag Giu Lug Ago Set Ott Nov Dic
2016: Gen Feb Mar Apr Mag Giu Lug Ago Set Ott Nov Dic
2015: Gen Feb Mar Apr Mag Giu Lug Ago Set Ott Nov Dic
2014: Gen Feb Mar Apr Mag Giu Lug Ago Set Ott Nov Dic
2013: Gen Feb Mar Apr Mag Giu Lug Ago Set Ott Nov Dic
2012: Gen Feb Mar Apr Mag Giu Lug Ago Set Ott Nov Dic
2011: Gen Feb Mar Apr Mag Giu Lug Ago Set Ott Nov Dic
Report for 2020 Maggio
Monthly Climatological Summary for mag 2020 Name: Galliate Meteo City: Galliate (NO) State: Italia Elevation: 153 m Lat: N 45° 28' 31" Lon: E 008° 41' 43" Temperature (°C), Rain (mm), Wind Speed (km/h) Heat Cool Avg Mean Deg Deg Wind Dom Day Temp High Time Low Time Days Days Rain Speed High Time Dir ---------------------------------------------------------------------------------- 1 14,5 18,1 15:29 10,0 04:50 3,8 0,0 0,0 4,0 14,0 07:05 N 2 17,6 25,1 18:23 10,8 06:09 2,4 1,8 0,0 5,7 27,0 22:13 W 3 19,4 24,6 15:35 14,3 06:21 1,0 2,1 0,0 5,7 21,0 09:50 E 4 18,5 23,6 18:19 12,7 05:34 1,5 1,7 0,0 4,5 23,0 14:48 ESE 5 18,0 23,0 15:24 12,7 07:18 1,6 1,3 0,0 4,9 27,0 16:23 S 6 18,3 23,2 16:06 13,0 06:15 1,4 1,4 0,0 5,8 23,0 14:06 E 7 19,1 23,9 18:26 13,9 06:34 1,1 2,0 0,0 3,3 18,0 13:25 SE 8 19,9 25,8 18:00 14,1 07:09 1,0 2,7 0,0 4,4 31,0 18:07 S 9 20,2 25,8 16:01 14,4 06:24 0,7 2,6 0,0 4,9 27,0 18:33 S 10 19,0 24,2 15:04 15,7 04:57 0,9 1,6 5,0 5,0 21,0 04:50 NW 11 15,0 16,5 13:39 13,4 23:51 3,3 0,0 21,6 9,0 35,0 04:47 E 12 16,7 22,0 16:00 12,2 05:15 2,3 0,8 0,2 5,1 24,0 18:09 S 13 14,3 16,7 00:00 13,2 09:52 4,0 0,0 7,4 5,9 26,0 02:18 ENE 14 18,0 23,4 18:39 14,1 00:00 1,7 1,4 5,6 3,8 27,0 23:16 N 15 17,6 21,6 16:38 14,3 07:04 1,5 0,7 22,2 6,8 34,0 03:48 S 16 18,4 22,6 15:00 16,3 03:49 0,7 0,8 0,0 5,1 23,0 13:52 ENE 17 18,8 24,0 17:00 14,8 06:29 1,3 1,9 3,8 3,4 24,0 00:31 ESE 18 21,6 26,0 16:44 16,9 06:53 0,2 3,5 4,0 4,5 19,0 21:41 ESE 19 19,9 23,8 14:05 16,6 05:02 0,4 2,0 1,4 6,4 26,0 08:49 NNE 20 21,3 27,4 17:48 14,8 06:21 0,6 3,6 0,0 4,6 23,0 14:23 SSE 21 22,2 26,1 15:14 16,2 06:30 0,2 4,0 0,0 4,7 19,0 12:52 ESE 22 22,5 26,7 15:55 18,3 07:32 0,0 4,2 0,0 4,4 18,0 09:27 SSE 23 21,5 26,2 15:44 17,3 23:43 0,0 3,2 5,2 6,2 24,0 13:47 S 24 20,8 25,8 17:01 15,0 05:53 0,7 3,3 0,2 4,4 24,0 13:22 NE 25 21,3 26,3 17:54 14,9 06:30 0,6 3,5 0,0 5,6 18,0 01:21 NW 26 21,4 25,0 14:24 17,2 06:16 0,1 3,2 0,0 5,7 19,0 01:02 ENE 27 20,5 25,2 18:31 14,2 05:20 0,6 2,8 0,0 4,9 23,0 11:29 ESE 28 20,5 25,9 17:42 14,7 06:05 0,8 3,0 0,0 5,3 23,0 21:04 S 29 18,8 22,1 18:00 14,9 05:46 0,7 1,2 0,0 7,3 31,0 05:25 ESE 30 19,5 24,2 18:09 15,4 03:02 0,7 1,9 0,6 4,3 27,0 14:10 SE 31 18,6 22,4 17:21 14,1 06:33 1,2 1,5 5,0 4,3 21,0 00:32 ESE ---------------------------------------------------------------------------------- 19,2 27,4 20 10,0 1 37,0 63,7 82,2 5,2 35,0 11 ESE Max >= 10,0: 31 Max <= 5,0: 0 Min <= 0,0: 0 Min <= -2,0: 0 Max Rain: 22,2 on day 15 Days of Rain: 13 (>= 0,2 mm) 9 (>= 2,0 mm) 2 (>= 20,0 mm) Heat Base: 18,3 Cool Base: 18,3 Method: Integration