NOAA-Style Climate Reports
Select a Year or Month report
2024: Gen Feb Mar Apr Mag Giu Lug Ago Set Ott Nov Dic
2023: Gen Feb Mar Apr Mag Giu Lug Ago Set Ott Nov Dic
2022: Gen Feb Mar Apr Mag Giu Lug Ago Set Ott Nov Dic
2021: Gen Feb Mar Apr Mag Giu Lug Ago Set Ott Nov Dic
2020: Gen Feb Mar Apr Mag Giu Lug Ago Set Ott Nov Dic
2019: Gen Feb Mar Apr Mag Giu Lug Ago Set Ott Nov Dic
2018: Gen Feb Mar Apr Mag Giu Lug Ago Set Ott Nov Dic
2017: Gen Feb Mar Apr Mag Giu Lug Ago Set Ott Nov Dic
2016: Gen Feb Mar Apr Mag Giu Lug Ago Set Ott Nov Dic
2015: Gen Feb Mar Apr Mag Giu Lug Ago Set Ott Nov Dic
2014: Gen Feb Mar Apr Mag Giu Lug Ago Set Ott Nov Dic
2013: Gen Feb Mar Apr Mag Giu Lug Ago Set Ott Nov Dic
2012: Gen Feb Mar Apr Mag Giu Lug Ago Set Ott Nov Dic
2011: Gen Feb Mar Apr Mag Giu Lug Ago Set Ott Nov Dic
2024: Gen Feb Mar Apr Mag Giu Lug Ago Set Ott Nov Dic
2023: Gen Feb Mar Apr Mag Giu Lug Ago Set Ott Nov Dic
2022: Gen Feb Mar Apr Mag Giu Lug Ago Set Ott Nov Dic
2021: Gen Feb Mar Apr Mag Giu Lug Ago Set Ott Nov Dic
2020: Gen Feb Mar Apr Mag Giu Lug Ago Set Ott Nov Dic
2019: Gen Feb Mar Apr Mag Giu Lug Ago Set Ott Nov Dic
2018: Gen Feb Mar Apr Mag Giu Lug Ago Set Ott Nov Dic
2017: Gen Feb Mar Apr Mag Giu Lug Ago Set Ott Nov Dic
2016: Gen Feb Mar Apr Mag Giu Lug Ago Set Ott Nov Dic
2015: Gen Feb Mar Apr Mag Giu Lug Ago Set Ott Nov Dic
2014: Gen Feb Mar Apr Mag Giu Lug Ago Set Ott Nov Dic
2013: Gen Feb Mar Apr Mag Giu Lug Ago Set Ott Nov Dic
2012: Gen Feb Mar Apr Mag Giu Lug Ago Set Ott Nov Dic
2011: Gen Feb Mar Apr Mag Giu Lug Ago Set Ott Nov Dic
Report for 2020 Gennaio
Monthly Climatological Summary for gen 2020 Name: Galliate Meteo City: Galliate (NO) State: Italia Elevation: 153 m Lat: N 45° 28' 31" Lon: E 008° 41' 43" Temperature (°C), Rain (mm), Wind Speed (km/h) Heat Cool Avg Mean Deg Deg Wind Dom Day Temp High Time Low Time Days Days Rain Speed High Time Dir ---------------------------------------------------------------------------------- 1 4,4 10,8 15:26 0,4 05:18 13,9 0,0 0,2 0,9 10,0 12:31 ENE 2 3,7 9,1 14:51 0,3 08:23 14,6 0,0 0,0 1,5 10,0 11:35 WSW 3 3,1 6,7 15:04 0,8 05:38 15,2 0,0 0,0 1,6 11,0 23:28 NW 4 4,6 11,7 14:28 -0,5 08:06 13,7 0,0 0,0 2,4 13,0 22:45 W 5 6,7 13,5 14:34 2,3 07:33 11,6 0,0 0,0 1,9 10,0 02:35 NNE 6 2,2 6,0 11:21 -1,2 23:49 16,1 0,0 0,0 2,4 13,0 03:20 N 7 -0,5 1,2 15:54 -2,3 05:10 18,8 0,0 0,2 1,4 10,0 02:45 SE 8 -0,1 2,4 15:00 -1,4 04:46 18,4 0,0 0,0 2,5 11,0 00:59 WSW 9 1,7 8,8 15:34 -2,8 07:04 16,6 0,0 0,2 1,4 10,0 22:23 SSW 10 6,3 9,5 14:44 2,7 23:16 12,0 0,0 0,0 2,0 14,0 08:05 S 11 4,9 12,1 14:33 0,5 07:52 13,4 0,0 0,2 2,2 10,0 11:32 NW 12 5,5 9,7 15:32 2,6 01:32 12,8 0,0 0,0 3,0 16,0 04:43 NNE 13 2,2 7,3 13:05 -1,3 23:09 16,1 0,0 0,2 1,6 18,0 22:47 SSE 14 2,0 5,2 15:16 -1,8 03:11 16,3 0,0 0,0 1,8 13,0 01:10 W 15 4,0 7,5 15:58 1,6 23:47 14,3 0,0 0,0 1,1 8,0 05:47 WNW 16 3,9 8,8 15:18 0,1 04:46 14,4 0,0 0,2 2,3 13,0 13:23 WNW 17 4,8 10,3 15:57 0,2 07:58 13,5 0,0 1,0 2,8 13,0 22:25 W 18 5,3 8,6 15:06 2,3 22:59 13,0 0,0 3,8 2,6 14,0 14:44 SSW 19 4,0 9,1 14:01 0,8 07:14 14,3 0,0 0,0 4,0 16,0 15:09 NW 20 4,7 9,2 16:42 1,8 23:42 8,9 0,0 0,0 4,8 18,0 04:59 N 21 2,8 7,1 13:20 0,1 07:51 15,4 0,0 0,0 3,5 14,0 02:07 NNW 22 2,8 9,1 15:26 -1,7 06:24 15,5 0,0 0,0 2,2 13,0 13:35 W 23 4,0 9,3 15:30 0,8 03:22 14,3 0,0 0,0 2,0 13,0 07:41 NE 24 3,9 8,3 15:01 0,3 04:30 14,4 0,0 0,0 1,5 10,0 13:20 WNW 25 5,3 9,7 15:38 2,4 08:06 13,0 0,0 0,0 1,9 13,0 16:40 W 26 5,2 9,8 13:46 1,5 07:52 13,1 0,0 0,0 2,7 14,0 13:56 WSW 27 6,0 11,6 14:21 1,1 06:48 12,3 0,0 0,0 2,2 14,0 22:07 NW 28 6,9 9,2 16:36 5,3 22:44 11,4 0,0 0,0 3,1 18,0 21:19 NW 29 7,4 14,8 15:44 2,1 08:07 10,9 0,0 0,0 3,4 16,0 04:09 NW 30 7,3 14,2 15:06 2,7 08:00 11,0 0,0 0,0 3,4 16,0 01:05 N 31 8,1 13,6 15:19 3,1 08:06 10,2 0,0 0,0 3,0 14,0 09:56 WSW ---------------------------------------------------------------------------------- 4,3 14,8 29 -2,8 9 429,4 0,0 6,0 2,3 18,0 13 WNW Max >= 10,0: 9 Max <= 5,0: 2 Min <= 0,0: 8 Min <= -2,0: 2 Max Rain: 3,8 on day 18 Days of Rain: 8 (>= 0,2 mm) 1 (>= 2,0 mm) 0 (>= 20,0 mm) Heat Base: 18,3 Cool Base: 18,3 Method: Integration