NOAA-Style Climate Reports
Select a Year or Month report
2024: Gen Feb Mar Apr Mag Giu Lug Ago Set Ott Nov Dic
2023: Gen Feb Mar Apr Mag Giu Lug Ago Set Ott Nov Dic
2022: Gen Feb Mar Apr Mag Giu Lug Ago Set Ott Nov Dic
2021: Gen Feb Mar Apr Mag Giu Lug Ago Set Ott Nov Dic
2020: Gen Feb Mar Apr Mag Giu Lug Ago Set Ott Nov Dic
2019: Gen Feb Mar Apr Mag Giu Lug Ago Set Ott Nov Dic
2018: Gen Feb Mar Apr Mag Giu Lug Ago Set Ott Nov Dic
2017: Gen Feb Mar Apr Mag Giu Lug Ago Set Ott Nov Dic
2016: Gen Feb Mar Apr Mag Giu Lug Ago Set Ott Nov Dic
2015: Gen Feb Mar Apr Mag Giu Lug Ago Set Ott Nov Dic
2014: Gen Feb Mar Apr Mag Giu Lug Ago Set Ott Nov Dic
2013: Gen Feb Mar Apr Mag Giu Lug Ago Set Ott Nov Dic
2012: Gen Feb Mar Apr Mag Giu Lug Ago Set Ott Nov Dic
2011: Gen Feb Mar Apr Mag Giu Lug Ago Set Ott Nov Dic
2024: Gen Feb Mar Apr Mag Giu Lug Ago Set Ott Nov Dic
2023: Gen Feb Mar Apr Mag Giu Lug Ago Set Ott Nov Dic
2022: Gen Feb Mar Apr Mag Giu Lug Ago Set Ott Nov Dic
2021: Gen Feb Mar Apr Mag Giu Lug Ago Set Ott Nov Dic
2020: Gen Feb Mar Apr Mag Giu Lug Ago Set Ott Nov Dic
2019: Gen Feb Mar Apr Mag Giu Lug Ago Set Ott Nov Dic
2018: Gen Feb Mar Apr Mag Giu Lug Ago Set Ott Nov Dic
2017: Gen Feb Mar Apr Mag Giu Lug Ago Set Ott Nov Dic
2016: Gen Feb Mar Apr Mag Giu Lug Ago Set Ott Nov Dic
2015: Gen Feb Mar Apr Mag Giu Lug Ago Set Ott Nov Dic
2014: Gen Feb Mar Apr Mag Giu Lug Ago Set Ott Nov Dic
2013: Gen Feb Mar Apr Mag Giu Lug Ago Set Ott Nov Dic
2012: Gen Feb Mar Apr Mag Giu Lug Ago Set Ott Nov Dic
2011: Gen Feb Mar Apr Mag Giu Lug Ago Set Ott Nov Dic
Report for 2019 Dicembre
Monthly Climatological Summary for dic 2019 Name: Galliate Meteo City: Galliate (NO) State: Italia Elevation: 153 m Lat: N 45° 28' 31" Lon: E 008° 41' 43" Temperature (°C), Rain (mm), Wind Speed (km/h) Heat Cool Avg Mean Deg Deg Wind Dom Day Temp High Time Low Time Days Days Rain Speed High Time Dir ---------------------------------------------------------------------------------- 1 7,4 8,0 01:13 6,5 21:33 10,9 0,0 16,6 3,8 16,0 17:35 N 2 6,8 10,4 15:24 4,2 08:17 11,5 0,0 0,4 2,8 14,0 12:55 W 3 8,5 9,8 12:08 7,1 22:01 9,8 0,0 0,0 2,5 19,0 12:37 ENE 4 6,1 8,7 15:19 3,0 23:58 12,2 0,0 0,0 1,5 13,0 12:08 E 5 3,8 8,9 15:38 0,5 08:32 14,5 0,0 0,0 1,6 10,0 11:09 N 6 1,9 5,9 13:12 0,3 07:54 10,5 0,0 0,2 1,5 10,0 11:13 NW 7 5,1 11,9 14:45 1,4 08:37 13,2 0,0 0,0 2,0 13,0 15:27 W 8 5,8 9,2 14:48 2,7 07:46 12,5 0,0 0,0 2,3 14,0 02:29 NW 9 6,8 10,1 14:55 4,1 22:10 11,5 0,0 0,2 1,9 14,0 12:54 SSW 10 9,1 14,1 15:13 4,4 23:42 9,2 0,0 0,0 8,7 45,0 10:06 NNW 11 4,5 6,7 13:01 1,8 08:05 13,8 0,0 0,0 2,7 14,0 02:48 N 12 3,4 5,3 15:08 2,5 04:05 14,9 0,0 0,0 2,9 13,0 20:40 SSE 13 1,9 4,7 14:44 0,7 22:23 16,4 0,0 5,0 3,8 18,0 15:09 WNW 14 4,9 10,7 15:41 -0,4 03:44 13,4 0,0 0,2 2,9 14,0 03:21 WNW 15 5,6 8,6 13:25 3,8 01:32 12,7 0,0 0,2 2,5 16,0 15:15 NNE 16 6,8 7,8 15:53 5,8 00:00 11,3 0,0 0,2 0,5 14,0 21:53 N 17 8,3 9,1 17:02 7,3 00:33 10,0 0,0 10,8 2,3 14,0 02:31 NNE 18 8,6 10,2 23:52 7,5 00:00 9,7 0,0 1,6 1,0 10,0 05:51 N 19 10,3 11,0 12:47 9,1 23:53 8,0 0,0 5,6 3,3 18,0 04:18 N 20 9,6 10,2 19:15 8,2 23:01 8,7 0,0 13,8 9,3 42,0 18:15 E 21 10,0 12,8 15:03 7,9 02:42 8,3 0,0 3,8 5,6 21,0 08:22 WNW 22 10,6 12,7 15:21 5,9 22:36 7,4 0,0 4,8 4,2 18,0 12:09 SW 23 9,2 16,1 15:46 4,3 08:05 9,1 0,0 0,0 3,3 16,0 17:55 WNW 24 7,7 13,7 16:20 3,6 06:26 10,6 0,0 0,0 3,2 16,0 03:43 NW 25 7,9 15,5 15:50 1,6 07:15 10,4 0,0 0,0 3,3 16,0 11:56 NW 26 6,4 10,8 12:24 2,8 23:59 11,9 0,0 0,0 2,6 16,0 02:13 NNW 27 4,1 9,9 14:53 0,8 08:39 14,2 0,0 0,0 1,8 13,0 09:45 NNW 28 4,5 9,6 15:09 1,8 02:08 13,8 0,0 0,2 2,2 10,0 02:38 NNW 29 3,5 6,0 15:08 1,7 01:11 14,8 0,0 0,0 1,4 18,0 03:53 SE 30 3,7 6,4 14:39 1,6 23:19 14,6 0,0 0,0 2,8 14,0 12:39 WSW 31 2,9 9,0 15:21 -0,9 07:18 15,4 0,0 0,2 1,0 8,0 11:02 W ---------------------------------------------------------------------------------- 6,3 16,1 23 -0,9 31 365,2 0,0 63,8 3,0 45,0 10 NNW Max >= 10,0: 14 Max <= 5,0: 1 Min <= 0,0: 2 Min <= -2,0: 0 Max Rain: 16,6 on day 1 Days of Rain: 16 (>= 0,2 mm) 7 (>= 2,0 mm) 0 (>= 20,0 mm) Heat Base: 18,3 Cool Base: 18,3 Method: Integration