NOAA-Style Climate Reports
Select a Year or Month report
2024: Gen Feb Mar Apr Mag Giu Lug Ago Set Ott Nov Dic
2023: Gen Feb Mar Apr Mag Giu Lug Ago Set Ott Nov Dic
2022: Gen Feb Mar Apr Mag Giu Lug Ago Set Ott Nov Dic
2021: Gen Feb Mar Apr Mag Giu Lug Ago Set Ott Nov Dic
2020: Gen Feb Mar Apr Mag Giu Lug Ago Set Ott Nov Dic
2019: Gen Feb Mar Apr Mag Giu Lug Ago Set Ott Nov Dic
2018: Gen Feb Mar Apr Mag Giu Lug Ago Set Ott Nov Dic
2017: Gen Feb Mar Apr Mag Giu Lug Ago Set Ott Nov Dic
2016: Gen Feb Mar Apr Mag Giu Lug Ago Set Ott Nov Dic
2015: Gen Feb Mar Apr Mag Giu Lug Ago Set Ott Nov Dic
2014: Gen Feb Mar Apr Mag Giu Lug Ago Set Ott Nov Dic
2013: Gen Feb Mar Apr Mag Giu Lug Ago Set Ott Nov Dic
2012: Gen Feb Mar Apr Mag Giu Lug Ago Set Ott Nov Dic
2011: Gen Feb Mar Apr Mag Giu Lug Ago Set Ott Nov Dic
2024: Gen Feb Mar Apr Mag Giu Lug Ago Set Ott Nov Dic
2023: Gen Feb Mar Apr Mag Giu Lug Ago Set Ott Nov Dic
2022: Gen Feb Mar Apr Mag Giu Lug Ago Set Ott Nov Dic
2021: Gen Feb Mar Apr Mag Giu Lug Ago Set Ott Nov Dic
2020: Gen Feb Mar Apr Mag Giu Lug Ago Set Ott Nov Dic
2019: Gen Feb Mar Apr Mag Giu Lug Ago Set Ott Nov Dic
2018: Gen Feb Mar Apr Mag Giu Lug Ago Set Ott Nov Dic
2017: Gen Feb Mar Apr Mag Giu Lug Ago Set Ott Nov Dic
2016: Gen Feb Mar Apr Mag Giu Lug Ago Set Ott Nov Dic
2015: Gen Feb Mar Apr Mag Giu Lug Ago Set Ott Nov Dic
2014: Gen Feb Mar Apr Mag Giu Lug Ago Set Ott Nov Dic
2013: Gen Feb Mar Apr Mag Giu Lug Ago Set Ott Nov Dic
2012: Gen Feb Mar Apr Mag Giu Lug Ago Set Ott Nov Dic
2011: Gen Feb Mar Apr Mag Giu Lug Ago Set Ott Nov Dic
Report for 2019 Ottobre
Monthly Climatological Summary for ott 2019 Name: Galliate Meteo City: Galliate (NO) State: Italia Elevation: 153 m Lat: N 45° 28' 31" Lon: E 008° 41' 43" Temperature (°C), Rain (mm), Wind Speed (km/h) Heat Cool Avg Mean Deg Deg Wind Dom Day Temp High Time Low Time Days Days Rain Speed High Time Dir ---------------------------------------------------------------------------------- 1 19,9 25,3 15:14 15,4 06:10 0,7 2,3 0,0 3,3 18,0 14:15 SSE 2 20,0 25,2 17:02 16,1 07:26 0,5 2,2 1,6 4,5 18,0 00:46 NW 3 18,7 23,3 14:19 13,9 23:58 0,9 1,3 0,0 7,9 40,0 03:54 NE 4 14,0 17,4 17:08 10,4 07:47 4,3 0,0 0,0 5,7 23,0 11:49 ENE 5 15,2 22,6 17:06 8,9 07:29 3,9 0,8 0,0 3,9 18,0 17:07 W 6 16,2 19,9 14:14 12,3 06:37 2,4 0,2 0,0 4,2 18,0 00:01 ENE 7 15,9 21,6 16:16 12,8 07:15 2,9 0,4 5,6 3,9 23,0 03:16 E 8 15,3 19,6 15:24 11,6 06:02 3,2 0,2 0,0 3,7 19,0 13:06 NE 9 14,3 14,8 01:36 13,6 00:00 4,0 0,0 2,6 3,0 16,0 11:17 ENE 10 14,5 19,1 17:19 10,6 08:14 3,8 0,0 0,0 3,4 19,0 15:11 WSW 11 14,5 20,1 16:41 10,4 06:35 4,0 0,2 0,2 3,4 13,0 05:06 NNE 12 14,8 20,4 16:19 9,9 07:50 3,8 0,3 0,2 2,1 13,0 13:32 W 13 15,4 19,7 15:37 11,7 04:22 3,1 0,2 0,0 4,1 18,0 13:49 NNW 14 17,1 21,2 15:43 14,6 05:50 1,7 0,4 0,0 2,6 11,0 10:13 NNW 15 16,5 17,8 16:46 12,4 23:11 1,8 0,0 29,2 8,9 40,0 10:18 E 16 14,3 20,1 16:53 9,8 05:18 4,2 0,2 0,0 4,1 18,0 00:04 WNW 17 15,1 19,7 14:20 11,9 07:31 3,4 0,2 0,0 4,3 18,0 03:57 NNW 18 16,0 18,7 16:12 13,6 00:41 1,7 0,0 0,6 3,1 14,0 12:40 ESE 19 15,3 16,3 17:15 14,7 05:59 3,0 0,0 5,6 5,5 24,0 21:47 E 20 16,3 17,2 16:03 15,4 06:35 2,0 0,0 8,8 4,6 27,0 23:49 E 21 16,8 18,3 17:49 15,5 09:32 1,5 0,0 12,2 5,9 35,0 01:03 E 22 18,2 21,8 14:38 16,4 23:55 0,8 0,7 0,0 2,3 14,0 02:16 ENE 23 15,7 16,4 00:00 15,2 02:31 0,3 0,0 0,0 2,8 8,0 02:21 NNW 24 16,4 17,6 01:53 0,0 01:53 1,8 0,0 6,4 4,8 26,0 07:54 NE 25 16,2 20,8 15:16 12,7 08:26 2,5 0,4 0,2 3,0 18,0 06:07 NNW 26 16,5 22,6 15:59 11,7 07:59 2,7 0,9 0,0 3,1 14,0 00:30 NW 27 15,9 22,8 14:22 10,6 07:06 3,3 0,9 0,0 1,9 10,0 12:26 WNW 28 15,6 19,3 15:38 12,7 07:09 2,8 0,1 0,0 1,1 10,0 10:56 E 29 15,6 17,5 14:36 14,2 23:47 2,7 0,0 1,4 1,3 13,0 14:49 ESE 30 13,8 15,1 10:14 12,4 23:53 4,5 0,0 0,0 3,7 23,0 19:50 E 31 12,2 13,1 12:34 11,7 21:02 6,1 0,0 0,0 3,1 14,0 12:43 ENE ---------------------------------------------------------------------------------- 15,9 25,3 1 0,0 24 84,3 11,9 74,6 3,9 40,0 3 NE Max >= 10,0: 31 Max <= 5,0: 0 Min <= 0,0: 1 Min <= -2,0: 0 Max Rain: 29,2 on day 15 Days of Rain: 13 (>= 0,2 mm) 7 (>= 2,0 mm) 1 (>= 20,0 mm) Heat Base: 18,3 Cool Base: 18,3 Method: Integration