Weather Camera Radar Radar Radar Radar width= Satellite previsioni

NOAA-Style Climate Reports

Select a Year or Month report
2019: Gen Feb Mar Apr Mag Giu Lug Ago Set Ott Nov Dic
2018: Gen Feb Mar Apr Mag Giu Lug Ago Set Ott Nov Dic
2017: Gen Feb Mar Apr Mag Giu Lug Ago Set Ott Nov Dic
2016: Gen Feb Mar Apr Mag Giu Lug Ago Set Ott Nov Dic
2015: Gen Feb Mar Apr Mag Giu Lug Ago Set Ott Nov Dic
2014: Gen Feb Mar Apr Mag Giu Lug Ago Set Ott Nov Dic
2013: Gen Feb Mar Apr Mag Giu Lug Ago Set Ott Nov Dic
2012: Gen Feb Mar Apr Mag Giu Lug Ago Set Ott Nov Dic
2011: Gen Feb Mar Apr Mag Giu Lug Ago Set Ott Nov Dic

Report for 2018 Dicembre
                   Monthly Climatological Summary for dic 2018

Name: Galliate Meteo   City: Galliate (NO)   State: Italia
Elevation: 153 m  Lat: N 45° 28' 31"   Lon: E 008° 41' 43"

                  Temperature (°C), Rain (mm), Wind Speed (km/h)

                                      Heat  Cool        Avg
    Mean                              Deg   Deg         Wind                 Dom
Day Temp  High   Time   Low    Time   Days  Days  Rain  Speed High   Time    Dir
----------------------------------------------------------------------------------
 2   5,6   8,8   13:22   3,4   06:56  11,0   0,0   0,0  ----  11,0   13:11   ENE
 3   5,4  11,0   15:17   0,0   01:00  12,3   0,0   0,6   2,0  18,0   22:52    NW
 4   7,9  15,7   15:06   2,8   06:30  10,4   0,0   0,2   2,4  11,0   13:12     W
 5   7,2  12,1   13:59   3,1   05:27  11,1   0,0   0,2   1,8  14,0   13:25    NE
 6   8,8  12,4   13:58   5,6   23:48   9,5   0,0   0,0   1,5  11,0   14:13   WSW
 7   5,9  10,2   14:19   2,6   09:37  12,4   0,0   0,2   1,4  13,0   15:40     S
 8   9,3  15,0   14:41   5,7   04:24   9,0   0,0   0,0   3,4  21,0   05:51   WSW
 9   7,6  13,4   14:55   3,6   07:16  10,7   0,0   0,0   3,3  19,0   16:15    NW
10   8,6  13,6   12:47   4,3   01:53   9,7   0,0   0,0   6,6  35,0   13:10   NNW
11   5,9  11,6   14:06   2,1   06:20  12,4   0,0   0,0   3,7  16,0   07:21   WNW
12   4,2   8,3   15:08   1,3   06:52  14,1   0,0   0,0   3,1  13,0   00:19     N
13   3,9   6,2   12:47   2,6   05:45  14,4   0,0   0,0   3,0  19,0   13:12    NE
14   3,1   6,4   13:45  -0,4   23:45  15,2   0,0   0,0   1,2  13,0   15:10    NE
15   0,8   4,7   14:17  -2,2   07:52  17,5   0,0   0,0   2,1  14,0   13:34     W
16   1,4   2,3   12:54  -0,1   00:30  16,9   0,0   0,0   1,9  11,0   10:44     S
17   2,4   6,7   14:38  -0,2   23:58  15,9   0,0   0,0   2,7  16,0   15:45    SW
18  -1,2   0,1   14:32  -2,2   03:48  19,5   0,0   0,2   0,6   6,0   14:44     W
19   0,4   2,3   14:45  -1,9   00:00  17,9   0,0   6,4   1,6  11,0   20:27     N
20   2,5   5,5   14:49   0,3   23:20  15,7   0,0   0,6   3,0  13,0   17:12   WSW
21   0,5   2,8   14:49  -1,6   08:38  17,8   0,0   0,0   3,4  13,0   15:06     W
22   3,3   7,6   15:24   0,1   23:56  15,0   0,0   0,0   3,2  13,0   05:08   WSW
23   1,6   3,1   15:11  -0,2   01:21  16,7   0,0   0,2   2,5  13,0   13:53    NE
24   6,4  15,8   13:11  -0,9   04:59  11,8   0,0   0,2   7,3  39,0   13:18     N
25   4,8   9,7   15:57   0,9   08:37  13,5   0,0   0,0   3,5  18,0   19:38    NW
26  -0,2   2,1   14:25  -2,3   23:52  18,5   0,0   0,0   2,4  11,0   18:40    SW
27   0,5   6,1   15:30  -3,4   02:02  17,8   0,0   0,2   2,1  10,0   15:43   SSW
28   3,0   7,4   15:32  -0,4   04:56  15,3   0,0   0,2   1,8   6,0   00:33   WNW
29   4,8  11,1   14:58   1,1   08:15  13,5   0,0   0,0   2,3  13,0   21:31    NW
30   8,2  17,9   12:59   0,2   07:47  10,1   0,0   0,0   7,0  48,0   12:33     N
31   6,3  12,2   15:10   2,7   05:55  12,0   0,0   0,0   2,6  13,0   10:21    NE
----------------------------------------------------------------------------------
     4,3  17,9    30    -3,4    27   417,6   0,0   9,2   2,9  48,0    30      NW

Max >=  10,0: 13
Max <=   5,0:  7
Min <=   0,0: 13
Min <=  -2,0:  4
Max Rain: 6,4 on day 19
Days of Rain: 11 (>= 0,2 mm)  1 (>= 2,0 mm)  0 (>= 20,0 mm)
Heat Base: 18,3  Cool Base: 18,3  Method: Integration