Weather Camera Radar Radar Radar Radar width= Satellite previsioni

NOAA-Style Climate Reports

Select a Year or Month report
2019: Gen Feb Mar Apr Mag Giu Lug Ago Set Ott Nov Dic
2018: Gen Feb Mar Apr Mag Giu Lug Ago Set Ott Nov Dic
2017: Gen Feb Mar Apr Mag Giu Lug Ago Set Ott Nov Dic
2016: Gen Feb Mar Apr Mag Giu Lug Ago Set Ott Nov Dic
2015: Gen Feb Mar Apr Mag Giu Lug Ago Set Ott Nov Dic
2014: Gen Feb Mar Apr Mag Giu Lug Ago Set Ott Nov Dic
2013: Gen Feb Mar Apr Mag Giu Lug Ago Set Ott Nov Dic
2012: Gen Feb Mar Apr Mag Giu Lug Ago Set Ott Nov Dic
2011: Gen Feb Mar Apr Mag Giu Lug Ago Set Ott Nov Dic

Report for 2018 Novembre
                   Monthly Climatological Summary for nov 2018

Name: Galliate Meteo   City: Galliate (NO)   State: Italia
Elevation: 153 m  Lat: N 45° 28' 31"   Lon: E 008° 41' 43"

                  Temperature (°C), Rain (mm), Wind Speed (km/h)

                                      Heat  Cool        Avg
    Mean                              Deg   Deg         Wind                 Dom
Day Temp  High   Time   Low    Time   Days  Days  Rain  Speed High   Time    Dir
----------------------------------------------------------------------------------
 1  10,9  11,8   14:11   9,9   11:47   4,5   0,0  23,0   6,0  23,0   01:20     N
 2  12,8  15,4   15:17  10,6   02:00   4,8   0,0   2,6   4,1  18,0   10:07   NNW
 3  13,2  15,5   15:29  11,7   03:26   5,1   0,0   6,6   5,7  21,0   13:51   NNW
 4  14,8  17,5   15:36  12,9   04:03   3,5   0,0   0,6   3,6  16,0   20:19     N
 5  14,2  15,5   16:08  13,4   05:53   4,1   0,0   7,0   4,3  16,0   18:11   NNE
 6  15,3  16,6   14:41  13,1   23:48   3,0   0,0   7,8   8,7  31,0   10:19     E
 7  14,0  17,2   13:36  12,1   07:22   4,3   0,0   0,4   2,7  11,0   06:51   NNW
 8  13,7  15,0   13:56  12,8   04:18   4,2   0,0   0,0   2,5  11,0   04:22    NW
 9  13,9  15,1   13:48  13,0   03:17   4,4   0,0   1,6   2,3  10,0   11:50     N
10  12,7  13,2   00:00  11,9   23:33   5,6   0,0   2,2   4,7  24,0   22:25     E
11  12,7  13,3   13:57  11,8   00:41   5,6   0,0   5,0   4,8  24,0   01:31     E
12  13,7  14,9   15:36  12,8   03:48   4,6   0,0   0,2   2,4  11,0   11:19     W
13  13,9  16,9   13:56  11,6   23:38   4,4   0,0   0,2   2,1  14,0   14:24   WSW
14  12,5  13,6   13:34  10,6   01:53   3,8   0,0   0,2   2,1  10,0   11:43   NNW
15  12,3  13,6   15:00  11,0   09:49   6,0   0,0   0,0   1,9  11,0   19:25   WSW
16  11,3  12,3   12:43   8,2   23:24   7,0   0,0   0,0   3,5  23,0   08:28   ENE
17   9,0  11,1   14:44   5,4   23:38   8,8   0,0   0,0   2,6  14,0   04:00   NNW
18   6,5  10,3   15:07   3,2   23:49  11,8   0,0   0,0   2,4  10,0   02:16     N
19   4,1   6,7   12:17   1,9   04:53  14,2   0,0   2,0   4,8  21,0   20:02     N
20   4,9   6,1   15:13   3,8   06:57  13,4   0,0   0,0   2,1  13,0   00:01    SW
21   4,4   6,6   15:24   1,4   05:33  13,9   0,0   1,4   2,3  14,0   14:42   WSW
22   8,1  10,5   14:45   6,1   00:31  10,2   0,0   0,0   0,7   8,0   12:42    SW
23   7,8   9,2   15:51   5,8   05:24  10,5   0,0  10,0   1,9  16,0   17:35     N
24   8,5  10,7   16:16   7,2   02:21   9,8   0,0   5,2   3,6  16,0   01:06   WNW
25   9,1  11,4   13:52   7,6   06:32   9,2   0,0   0,2   1,8  13,0   21:28   WNW
26   9,0  11,1   14:33   6,6   07:51   9,3   0,0   1,0   2,2  14,0   10:46   NNW
27   9,6  15,8   14:59   4,7   07:04   8,7   0,0   0,0   4,3  27,0   16:57   NNW
28   8,0  12,6   14:20   3,9   08:21  10,3   0,0   0,0   2,3  13,0   01:45   NNE
----------------------------------------------------------------------------------
    10,7  17,5     4     1,4    21   205,0   0,0  77,2   3,3  31,0     6       N

Max >=  10,0: 24
Max <=   5,0:  0
Min <=   0,0:  0
Min <=  -2,0:  0
Max Rain: 23,0 on day 1
Days of Rain: 19 (>= 0,2 mm)  10 (>= 2,0 mm)  1 (>= 20,0 mm)
Heat Base: 18,3  Cool Base: 18,3  Method: Integration