Weather Camera Radar Radar Radar Radar width= Satellite previsioni

NOAA-Style Climate Reports

Select a Year or Month report
2019: Gen Feb Mar Apr Mag Giu Lug Ago Set Ott Nov Dic
2018: Gen Feb Mar Apr Mag Giu Lug Ago Set Ott Nov Dic
2017: Gen Feb Mar Apr Mag Giu Lug Ago Set Ott Nov Dic
2016: Gen Feb Mar Apr Mag Giu Lug Ago Set Ott Nov Dic
2015: Gen Feb Mar Apr Mag Giu Lug Ago Set Ott Nov Dic
2014: Gen Feb Mar Apr Mag Giu Lug Ago Set Ott Nov Dic
2013: Gen Feb Mar Apr Mag Giu Lug Ago Set Ott Nov Dic
2012: Gen Feb Mar Apr Mag Giu Lug Ago Set Ott Nov Dic
2011: Gen Feb Mar Apr Mag Giu Lug Ago Set Ott Nov Dic

Report for 2018 Ottobre
                   Monthly Climatological Summary for ott 2018

Name: Galliate Meteo   City: Galliate (NO)   State: Italia
Elevation: 153 m  Lat: N 45° 28' 31"   Lon: E 008° 41' 43"

                  Temperature (°C), Rain (mm), Wind Speed (km/h)

                                      Heat  Cool        Avg
    Mean                              Deg   Deg         Wind                 Dom
Day Temp  High   Time   Low    Time   Days  Days  Rain  Speed High   Time    Dir
----------------------------------------------------------------------------------
 1  13,8  17,2   00:00  11,2   23:59   4,5   0,0  18,0   5,4  45,0   17:53   NNW
 2  13,8  20,1   16:29   7,5   05:15   4,7   0,2   0,2   3,4  18,0   16:48   SSE
 3  15,3  21,9   16:56   9,3   06:47   3,7   0,7   0,0   2,9  18,0   14:22   NNW
 4  17,1  23,7   14:37  11,7   05:08   2,7   1,5   0,0   3,7  16,0   09:17     N
 5  16,9  22,7   15:01  12,3   07:04   2,3   0,9   0,2   3,2  14,0   13:07     N
 6  16,2  18,8   14:08  14,4   23:54   2,2   0,0   0,2   3,2  19,0   01:22     W
 7  16,3  22,8   16:49  10,3   07:59   3,0   1,0   0,2   2,2  14,0   13:08    SW
 8  19,1  24,8   15:45  14,3   07:08   1,2   2,0   0,0   2,6  16,0   16:53     E
 9  18,7  24,3   16:58  13,9   04:58   1,4   1,8   0,0   3,3  14,0   14:50     N
10  18,9  22,8   14:54  15,4   05:33   0,6   1,2   0,0   5,3  29,0   12:25   NNE
11  15,8  18,2   00:00  14,6   20:11   2,5   0,0  10,8   6,1  24,0   13:47     N
12  18,0  23,3   16:53  14,9   00:00   1,5   1,2   0,0   3,8  18,0   10:40     W
13  17,7  22,9   16:48  13,5   07:45   1,8   1,2   0,2   3,3  16,0   13:49   NNE
14  17,3  22,4   15:53  13,4   07:21   2,0   1,0   0,0   3,7  14,0   10:30     N
15  16,8  21,7   15:25  13,2   07:52   2,0   0,5   0,0   4,3  21,0   15:01   NNE
16  17,8  22,3   15:58  14,7   08:05   1,4   0,9   0,6   3,2  16,0   17:45   NNE
17  16,9  20,1   16:59  13,2   07:13   1,8   0,4   0,0   3,1  14,0   07:25     N
18  17,6  24,1   15:09  12,6   07:45   2,2   1,5   0,0   2,7  11,0   10:37   NNW
19  18,3  24,1   15:19  13,9   08:17   1,6   1,6   0,0   3,6  13,0   03:42   NNW
20  18,0  23,1   15:26  14,6   04:53   1,5   1,2   0,0   3,3  14,0   02:57     N
21  15,7  19,9   15:22  12,8   07:48   2,9   0,2   0,0   5,5  50,0   20:08   ENE
22  14,2  18,6   16:29  10,3   23:52   4,1   0,0   0,0   3,4  21,0   14:31    NW
23  13,3  19,4   15:20   8,4   05:41   5,1   0,1   0,0   2,9  14,0   14:50   WNW
24  18,2  29,0   16:50   9,6   04:53   3,5   3,3   0,0   5,0  26,0   23:58   WNW
25  18,0  24,2   00:25  13,2   08:16   1,5   1,2   0,0   5,2  31,0   00:16   ENE
26  15,7  17,5   14:29  14,6   00:00   2,6   0,0   0,4   2,6  14,0   13:33   ENE
27  14,9  15,4   00:00  14,3   07:20   3,4   0,0  11,6   7,9  34,0   20:01     E
28  15,1  16,8   16:22  14,2   00:16   3,3   0,0  22,8   8,2  32,0   08:47     E
29  14,6  15,6   11:36  12,6   22:38   3,7   0,0  28,8  12,3  56,0   23:14     E
30  12,7  15,4   16:18  10,9   19:58   5,6   0,0   0,0  10,0  60,0   01:39    SE
31  11,2  12,8   12:38  10,5   03:42   7,1   0,0   9,6   5,9  21,0   10:39     N
----------------------------------------------------------------------------------
    16,3  29,0    24     7,5     2    87,4  23,6 103,6   4,6  60,0    30      NE

Max >=  10,0: 31
Max <=   5,0:  0
Min <=   0,0:  0
Min <=  -2,0:  0
Max Rain: 28,8 on day 29
Days of Rain: 13 (>= 0,2 mm)  6 (>= 2,0 mm)  2 (>= 20,0 mm)
Heat Base: 18,3  Cool Base: 18,3  Method: Integration