Weather Camera Radar Radar Radar Radar width= Satellite previsioni

NOAA-Style Climate Reports

Select a Year or Month report
2019: Gen Feb Mar Apr Mag Giu Lug Ago Set Ott Nov Dic
2018: Gen Feb Mar Apr Mag Giu Lug Ago Set Ott Nov Dic
2017: Gen Feb Mar Apr Mag Giu Lug Ago Set Ott Nov Dic
2016: Gen Feb Mar Apr Mag Giu Lug Ago Set Ott Nov Dic
2015: Gen Feb Mar Apr Mag Giu Lug Ago Set Ott Nov Dic
2014: Gen Feb Mar Apr Mag Giu Lug Ago Set Ott Nov Dic
2013: Gen Feb Mar Apr Mag Giu Lug Ago Set Ott Nov Dic
2012: Gen Feb Mar Apr Mag Giu Lug Ago Set Ott Nov Dic
2011: Gen Feb Mar Apr Mag Giu Lug Ago Set Ott Nov Dic

Report for 2018 Agosto
                   Monthly Climatological Summary for ago 2018

Name: Galliate Meteo   City: Galliate (NO)   State: Italia
Elevation: 153 m  Lat: N 45° 28' 31"   Lon: E 008° 41' 43"

                  Temperature (°C), Rain (mm), Wind Speed (km/h)

                                      Heat  Cool        Avg
    Mean                              Deg   Deg         Wind                 Dom
Day Temp  High   Time   Low    Time   Days  Days  Rain  Speed High   Time    Dir
----------------------------------------------------------------------------------
 1  29,2  34,2   15:57  24,4   06:26   0,0  10,9   0,0   5,1  31,0   21:00   WNW
 2  28,2  32,8   16:22  22,3   06:30   0,0   9,9   0,0   4,9  21,0   10:23   ESE
 3  29,0  33,2   16:43  25,0   06:57   0,0  10,7   0,0   4,8  23,0   13:58     S
 4  28,5  32,7   17:47  23,8   06:00   0,0  10,2   0,0   5,3  23,0   13:18   SSE
 5  28,7  33,1   16:41  23,3   06:11   0,0  10,4   3,2   4,9  23,0   01:30     S
 6  28,8  33,2   16:00  22,1   23:59   0,0  10,5   0,2   6,3  39,0   23:48     E
 7  26,2  32,3   16:28  21,1   05:34   0,0   7,9   0,8   7,1  34,0   00:34    NW
 8  25,6  30,3   13:51  21,3   06:36   0,0   5,5   0,0   6,3  31,0   13:30   WNW
 9  24,4  30,1   16:09  20,1   17:53   0,0   6,1   4,4   6,2  53,0   17:34    SW
10  25,2  30,4   18:03  20,9   03:07   0,0   6,9   0,0   4,8  18,0   13:22     W
11  26,5  31,8   17:48  21,5   05:39   0,0   8,2   0,0   4,7  19,0   13:44    SW
12  24,7  29,0   18:06  21,7   12:53   0,0   6,4   0,6   5,4  24,0   12:23    NE
13  22,7  25,9   12:51  18,9   14:49   0,0   4,4  24,6   4,4  42,0   14:27     N
14  23,2  27,9   17:43  18,6   06:42   0,0   4,9   0,2   3,8  19,0   15:27   SSW
15  25,8  29,1   19:01  20,8   03:41   0,0   5,7   0,0   4,5  21,0   14:33   SSE
16  25,2  30,3   14:23  20,1   06:21   0,0   6,9   0,0   4,9  23,0   16:13   ENE
17  25,7  30,5   16:32  20,8   06:39   0,0   7,4   0,0   4,7  21,0   15:15   SSE
18  26,5  31,6   16:53  21,8   06:18   0,0   8,2   0,0   4,7  19,0   17:36   NNE
19  26,4  31,6   18:02  20,8   07:12   0,0   8,1   0,0   5,0  19,0   12:51     S
20  27,3  32,5   18:07  22,5   05:00   0,0   9,0   0,0   5,1  18,0   14:35    NW
21  27,5  32,2   16:02  21,4   06:22   0,0   9,2   0,0   5,1  27,0   00:50     N
22  27,4  32,4   16:26  21,7   06:47   0,0   9,1   0,0   5,0  16,0   03:22   NNW
23  27,0  31,9   16:45  21,2   07:07   0,0   8,7   0,0   5,4  34,0   23:20     N
24  24,9  30,6   16:07  20,0   08:19   0,0   6,6   3,6   5,7  29,0   16:34   WNW
25  22,2  25,4   13:10  19,0   23:19   0,0   3,9   0,4   6,1  32,0   14:29     E
26  21,6  27,6   15:17  16,6   03:54   0,2   3,4   0,0   8,8  40,0   10:17   NNE
27  20,6  25,2   16:59  15,6   06:07   0,6   2,9   0,0   4,6  21,0   12:12   ENE
28  22,6  28,6   16:49  16,1   06:58   0,3   4,6   0,0   4,0  18,0   12:59   SSE
29  23,7  29,0   17:20  18,4   06:35   0,0   5,4   0,0   4,7  19,0   14:01   WNW
30  24,5  29,6   17:19  19,7   06:31   0,0   6,2   0,0   4,1  23,0   13:05    SE
31  19,8  23,6   00:00  17,3   07:57   0,1   1,5  30,4   6,8  39,0   06:52     N
----------------------------------------------------------------------------------
    25,5  34,2     1    15,6    27     1,2 219,7  68,4   5,3  53,0     9       N

Max >=  10,0: 31
Max <=   5,0:  0
Min <=   0,0:  0
Min <=  -2,0:  0
Max Rain: 30,4 on day 31
Days of Rain: 10 (>= 0,2 mm)  5 (>= 2,0 mm)  2 (>= 20,0 mm)
Heat Base: 18,3  Cool Base: 18,3  Method: Integration