Weather Camera Radar Radar Radar Radar width= Satellite previsioni

NOAA-Style Climate Reports

Select a Year or Month report
2019: Gen Feb Mar Apr Mag Giu Lug Ago Set Ott Nov Dic
2018: Gen Feb Mar Apr Mag Giu Lug Ago Set Ott Nov Dic
2017: Gen Feb Mar Apr Mag Giu Lug Ago Set Ott Nov Dic
2016: Gen Feb Mar Apr Mag Giu Lug Ago Set Ott Nov Dic
2015: Gen Feb Mar Apr Mag Giu Lug Ago Set Ott Nov Dic
2014: Gen Feb Mar Apr Mag Giu Lug Ago Set Ott Nov Dic
2013: Gen Feb Mar Apr Mag Giu Lug Ago Set Ott Nov Dic
2012: Gen Feb Mar Apr Mag Giu Lug Ago Set Ott Nov Dic
2011: Gen Feb Mar Apr Mag Giu Lug Ago Set Ott Nov Dic

Report for 2018 Luglio
                   Monthly Climatological Summary for lug 2018

Name: Galliate Meteo   City: Galliate (NO)   State: Italia
Elevation: 153 m  Lat: N 45° 28' 31"   Lon: E 008° 41' 43"

                  Temperature (°C), Rain (mm), Wind Speed (km/h)

                                      Heat  Cool        Avg
    Mean                              Deg   Deg         Wind                 Dom
Day Temp  High   Time   Low    Time   Days  Days  Rain  Speed High   Time    Dir
----------------------------------------------------------------------------------
 1  26,5  31,2   18:54  21,2   05:55   0,0   8,2   0,0   4,9  27,0   12:56    SE
 2  26,0  29,2   17:24  22,6   06:28   0,0   7,7   0,0   6,2  31,0   02:01   ESE
 3  26,4  31,5   17:28  21,8   06:17   0,0   8,1   0,0   6,2  35,0   23:06   SSE
 4  24,5  30,7   19:24  19,1   06:22   0,0   6,2   3,8   6,1  29,0   00:58     S
 5  23,1  27,6   18:31  19,2   02:14   0,0   4,8  14,2   5,7  32,0   19:14   NNW
 6  24,8  31,0   17:08  18,9   05:09   0,0   6,5   0,4   5,9  34,0   20:44   WNW
 7  25,8  30,9   16:21  19,5   04:53   0,0   7,5   0,0   4,6  21,0   14:56     S
 8  26,1  29,8   13:39  20,7   05:19   0,0   7,8   0,0   5,6  23,0   09:40   ENE
 9  26,0  29,8   17:12  20,9   06:27   0,0   7,7   0,0   4,8  19,0   03:46    SE
10  25,4  29,9   15:54  20,8   09:43   0,0   7,1   3,4   4,7  21,0   22:36   ESE
11  22,9  25,9   16:52  19,3   07:01   0,0   4,6  19,2   6,8  26,0   10:11     E
12  23,6  26,9   17:03  20,6   02:03   0,0   5,3   0,0   5,0  21,0   12:54   ESE
13  25,3  30,0   19:01  20,3   06:12   0,0   7,0   0,0   4,9  24,0   13:18     S
14  25,4  29,9   15:27  21,3   04:27   0,0   7,1   0,8   4,8  19,0   14:39   WNW
15  24,6  29,8   17:44  18,9   04:59   0,0   6,3   3,0   4,9  42,0   01:28     W
16  23,2  27,0   13:50  20,2   23:52   0,0   4,9   0,0   5,3  50,0   15:15     E
17  24,8  31,9   17:42  17,4   05:52   0,1   6,6   0,0   5,4  23,0   17:05     W
18  26,6  31,7   16:44  20,7   06:01   0,0   8,3   0,0   5,7  24,0   12:33     S
19  26,2  30,8   20:11  20,8   04:06   0,0   7,9   0,0   4,9  26,0   13:45     S
20  25,7  31,2   17:26  21,3   23:45   0,0   7,4   0,6   5,4  35,0   23:31   SSW
21  21,1  24,9   17:24  19,1   09:15   0,0   2,3   4,6   4,6  31,0   00:18    NE
22  24,1  30,7   17:30   0,0   00:13   0,0   5,8   0,0   5,7  23,0   13:18   SSW
23  25,2  31,6   17:22  19,3   05:36   0,0   6,9   0,0   5,6  23,0   13:30   SSW
24  26,5  30,7   15:48  21,6   04:43   0,0   8,2   0,0   5,2  19,0   13:07   SSE
25  27,1  31,4   17:16  22,1   06:38   0,0   8,8   0,0   4,7  24,0   14:44   SSE
26  27,1  31,7   16:24  21,7   23:23   0,0   8,8  16,0   6,4  48,0   22:20   ESE
27  25,6  30,3   16:57  20,8   05:56   0,0   7,3   0,4   4,7  21,0   00:29   SSE
28  25,7  29,9   14:10  22,2   23:58   0,0   7,4   0,0   5,2  27,0   17:26   WNW
29  25,7  31,3   17:05  19,6   06:17   0,0   7,4   0,0   4,8  19,0   13:46     W
30  27,7  32,6   17:16  22,1   05:43   0,0   9,4   0,0   4,8  19,0   12:41    SW
31  28,8  34,3   18:09  23,3   05:59   0,0  10,5   0,0   5,2  23,0   15:47    SW
----------------------------------------------------------------------------------
    25,4  34,3    31     0,0    22     0,1 219,8  66,4   5,3  50,0    16       S

Max >=  10,0: 31
Max <=   5,0:  0
Min <=   0,0:  1
Min <=  -2,0:  0
Max Rain: 19,2 on day 11
Days of Rain: 11 (>= 0,2 mm)  7 (>= 2,0 mm)  0 (>= 20,0 mm)
Heat Base: 18,3  Cool Base: 18,3  Method: Integration