Weather Camera Radar Radar Radar Radar width= Satellite previsioni

NOAA-Style Climate Reports

Select a Year or Month report
2019: Gen Feb Mar Apr Mag Giu Lug Ago Set Ott Nov Dic
2018: Gen Feb Mar Apr Mag Giu Lug Ago Set Ott Nov Dic
2017: Gen Feb Mar Apr Mag Giu Lug Ago Set Ott Nov Dic
2016: Gen Feb Mar Apr Mag Giu Lug Ago Set Ott Nov Dic
2015: Gen Feb Mar Apr Mag Giu Lug Ago Set Ott Nov Dic
2014: Gen Feb Mar Apr Mag Giu Lug Ago Set Ott Nov Dic
2013: Gen Feb Mar Apr Mag Giu Lug Ago Set Ott Nov Dic
2012: Gen Feb Mar Apr Mag Giu Lug Ago Set Ott Nov Dic
2011: Gen Feb Mar Apr Mag Giu Lug Ago Set Ott Nov Dic

Report for 2018 Giugnio
                   Monthly Climatological Summary for giu 2018

Name: Galliate Meteo   City: Galliate (NO)   State: Italia
Elevation: 153 m  Lat: N 45° 28' 31"   Lon: E 008° 41' 43"

                  Temperature (°C), Rain (mm), Wind Speed (km/h)

                                      Heat  Cool        Avg
    Mean                              Deg   Deg         Wind                 Dom
Day Temp  High   Time   Low    Time   Days  Days  Rain  Speed High   Time    Dir
----------------------------------------------------------------------------------
 1  21,7  27,3   17:22  17,2   06:06   0,1   3,5   0,0   6,5  29,0   19:24     S
 2  22,2  27,4   17:08  17,2   05:44   0,1   4,1   0,0   5,0  23,0   19:43     S
 3  23,5  28,1   19:30  18,7   04:21   0,0   5,2   0,0   3,7  18,0   14:47     S
 4  21,2  25,4   15:18  18,4   23:54   0,0   2,9   1,0   5,0  26,0   16:12    NW
 5  21,7  27,3   16:35  16,5   06:55   0,3   3,7   0,2   5,4  23,0   13:27     S
 6  22,2  25,4   15:31  18,9   05:49   0,0   3,9   0,0   5,7  26,0   13:47   SSW
 7  22,1  27,3   15:21  19,0   06:20   0,0   3,8   1,8   5,1  27,0   19:20   SSE
 8  20,6  24,6   18:27  17,9   06:33   0,0   2,3   0,6   3,8  21,0   16:54    NW
 9  22,2  28,1   17:53  16,7   06:20   0,2   4,2   0,0   5,8  26,0   20:34   SSW
10  23,6  28,2   16:59  19,0   06:15   0,0   5,3   0,0   5,3  23,0   15:07     S
11  23,8  27,9   17:31  20,2   05:34   0,0   5,5   0,0   3,8  18,0   00:20     S
12  22,1  26,9   15:39  18,3   19:38   0,0   3,8   3,2   6,1  31,0   16:35   WSW
13  20,0  23,1   16:51  17,4   04:42   0,1   1,9   2,6   3,8  19,0   15:38    NW
14  23,1  27,0   15:54  18,3   05:47   0,0   4,8   0,0   5,4  24,0   14:07     S
15  23,0  27,6   18:02  17,4   05:21   0,1   4,7   0,0   4,9  18,0   08:55     E
16  23,9  28,6   17:18  18,1   05:34   0,0   5,6   0,0   4,8  19,0   13:23   ENE
17  25,4  29,7   18:37  20,4   06:00   0,0   7,1   0,0   4,6  19,0   13:06     S
18  25,6  30,3   16:31  20,8   04:24   0,0   7,3   4,0   5,1  26,0   01:45   SSE
19  26,0  30,4   16:59  20,1   05:44   0,0   7,7   0,0   5,2  19,0   07:09   ESE
20  27,2  30,8   17:57  22,8   06:24   0,0   8,9   0,2   5,1  21,0   13:25    SE
21  26,3  31,3   16:54  20,7   05:11   0,0   8,0   0,2   6,2  24,0   15:41     S
22  26,2  32,7   14:36  20,7   23:50   0,0   7,9   0,0   7,8  31,0   15:14     E
23  22,2  26,7   16:58  17,1   05:59   0,1   4,0   0,0   5,8  26,0   00:01   ESE
24  21,9  26,5   17:38  17,5   07:24   0,0   3,7   0,0   4,4  18,0   14:42   SSE
25  22,4  25,9   14:22  18,6   07:02   0,0   4,1   0,0   6,6  27,0   15:21   ESE
26  22,9  26,8   17:57  17,6   06:15   0,0   4,6   0,0   5,2  23,0   16:57    SE
27  23,8  28,9   17:03  17,4   05:17   0,1   5,6   0,0   7,0  47,0   21:52   ESE
28  23,4  27,8   18:08  18,1   04:51   0,0   5,1   0,0   5,9  21,0   00:10   SSE
29  25,6  30,6   18:49  18,9   06:25   0,0   7,3   0,0   5,1  21,0   12:51   SSW
30  26,6  32,2   17:55  20,3   06:59   0,0   8,3   0,0   5,7  24,0   14:46     S
----------------------------------------------------------------------------------
    23,4  32,7    22    16,5     5     1,1 154,8  13,8   5,3  47,0    27     SSE

Max >=  10,0: 30
Max <=   5,0:  0
Min <=   0,0:  0
Min <=  -2,0:  0
Max Rain: 4,0 on day 18
Days of Rain: 9 (>= 0,2 mm)  3 (>= 2,0 mm)  0 (>= 20,0 mm)
Heat Base: 18,3  Cool Base: 18,3  Method: Integration