Weather Camera Radar Radar Radar Radar width= Satellite previsioni

NOAA-Style Climate Reports

Select a Year or Month report
2019: Gen Feb Mar Apr Mag Giu Lug Ago Set Ott Nov Dic
2018: Gen Feb Mar Apr Mag Giu Lug Ago Set Ott Nov Dic
2017: Gen Feb Mar Apr Mag Giu Lug Ago Set Ott Nov Dic
2016: Gen Feb Mar Apr Mag Giu Lug Ago Set Ott Nov Dic
2015: Gen Feb Mar Apr Mag Giu Lug Ago Set Ott Nov Dic
2014: Gen Feb Mar Apr Mag Giu Lug Ago Set Ott Nov Dic
2013: Gen Feb Mar Apr Mag Giu Lug Ago Set Ott Nov Dic
2012: Gen Feb Mar Apr Mag Giu Lug Ago Set Ott Nov Dic
2011: Gen Feb Mar Apr Mag Giu Lug Ago Set Ott Nov Dic

Report for 2018 Maggio
                   Monthly Climatological Summary for mag 2018

Name: Galliate Meteo   City: Galliate (NO)   State: Italia
Elevation: 153 m  Lat: N 45° 28' 31"   Lon: E 008° 41' 43"

                  Temperature (°C), Rain (mm), Wind Speed (km/h)

                                      Heat  Cool        Avg
    Mean                              Deg   Deg         Wind                 Dom
Day Temp  High   Time   Low    Time   Days  Days  Rain  Speed High   Time    Dir
----------------------------------------------------------------------------------
 1  15,1  18,3   15:51  11,7   23:53   3,2   0,0   2,6   6,4  32,0   17:56    SE
 2  12,4  13,6   14:40  11,1   01:56   5,9   0,0   5,4   7,7  31,0   19:00   NNW
 3  15,4  18,4   12:07  12,1   06:41   2,9   0,0   4,0   4,6  35,0   23:52    NW
 4  17,4  21,1   17:30  15,1   03:02   1,4   0,5   4,2   4,5  24,0   22:15   NNW
 5  19,2  24,5   15:37  13,8   05:49   1,3   2,3   0,6   4,9  23,0   14:03    NE
 6  21,8  27,3   17:48  15,9   06:31   0,4   3,9   0,0   5,7  23,0   17:19    SW
 7  20,3  24,1   17:00  16,8   05:53   0,3   2,3   6,8   5,7  23,0   16:07   NNW
 8  20,6  25,8   16:13  15,5   23:40   0,6   2,9   4,8   6,4  43,0   22:33   SSE
 9  17,6  22,6   15:09  12,4   19:11   1,8   1,1  36,2   5,2  35,0   18:55    NE
10  18,7  23,8   17:05  13,7   06:03   1,4   1,8   0,0   3,9  21,0   15:59   WSW
11  19,6  25,9   15:42  15,1   06:20   0,7   2,0   0,0   4,9  32,0   17:38    NE
12  19,2  24,4   16:52  14,3   05:06   1,2   2,1   0,0   4,9  21,0   16:52    SW
13  17,8  22,2   15:29  14,6   23:27   1,2   0,7   2,2   5,6  37,0   17:44     S
14  14,9  18,6   15:53  10,2   05:18   2,7   0,0  15,2   7,5  27,0   18:05    SW
15  14,3  17,7   13:55  10,4   05:45   4,0   0,0   0,2   6,4  27,0   15:10   SSE
16  16,5  21,5   18:06  12,7   03:50   2,4   0,6   4,6   5,6  35,0   18:34   SSE
17  17,4  22,2   17:45  11,9   06:35   1,9   1,0   0,2   3,9  18,0   10:59   SSW
18  19,1  24,7   19:03  13,4   05:21   1,2   2,0   0,0   4,2  26,0   19:07     E
19  19,2  24,2   14:55  15,8   06:51   0,7   1,6   1,2   5,9  29,0   15:33     N
20  17,1  20,3   15:33  14,5   06:03   1,6   0,4  19,8   9,4  34,0   14:48     N
21  18,7  23,6   16:48  14,6   05:18   1,2   1,6   0,4   8,8  26,0   04:28   NNW
22  17,1  18,4   14:48  16,1   07:01   1,2   0,0   4,4   3,7  18,0   01:34   NNW
23  19,7  25,2   17:24  15,4   05:58   0,9   2,3   9,0   3,7  19,0   22:11   WNW
24  21,3  26,1   17:41  15,8   06:03   0,5   3,5   0,2   4,4  18,0   12:24    SW
25  23,1  28,7   17:53  17,0   06:23   0,2   5,0   0,0   4,5  23,0   16:30   WSW
26  23,7  29,0   17:11  18,4   05:50   0,0   5,4   0,0   4,8  18,0   14:49   NNW
27  23,6  28,8   15:43  18,5   06:19   0,0   5,3   0,0   6,0  29,0   23:56   NNW
28  20,8  25,4   16:02  16,9   06:25   0,2   2,7   6,2   6,7  48,0   05:11   WNW
29  21,4  26,4   16:32  17,5   03:08   0,1   3,3   4,0   4,4  19,0   00:02     W
30  21,4  25,5   12:02  18,1   06:37   0,0   3,1   6,4   5,7  23,0   23:33   NNW
31  20,3  25,6   15:36  16,9   04:24   0,3   1,8   0,0   5,8  21,0   00:00    SW
----------------------------------------------------------------------------------
    18,9  29,0    26    10,2    14    41,4  59,2 138,6   5,5  48,0    28     WNW

Max >=  10,0: 31
Max <=   5,0:  0
Min <=   0,0:  0
Min <=  -2,0:  0
Max Rain: 36,2 on day 9
Days of Rain: 22 (>= 0,2 mm)  16 (>= 2,0 mm)  1 (>= 20,0 mm)
Heat Base: 18,3  Cool Base: 18,3  Method: Integration