Weather Camera Radar Radar Radar Radar width= Satellite previsioni

NOAA-Style Climate Reports

Select a Year or Month report
2019: Gen Feb Mar Apr Mag Giu Lug Ago Set Ott Nov Dic
2018: Gen Feb Mar Apr Mag Giu Lug Ago Set Ott Nov Dic
2017: Gen Feb Mar Apr Mag Giu Lug Ago Set Ott Nov Dic
2016: Gen Feb Mar Apr Mag Giu Lug Ago Set Ott Nov Dic
2015: Gen Feb Mar Apr Mag Giu Lug Ago Set Ott Nov Dic
2014: Gen Feb Mar Apr Mag Giu Lug Ago Set Ott Nov Dic
2013: Gen Feb Mar Apr Mag Giu Lug Ago Set Ott Nov Dic
2012: Gen Feb Mar Apr Mag Giu Lug Ago Set Ott Nov Dic
2011: Gen Feb Mar Apr Mag Giu Lug Ago Set Ott Nov Dic

Report for 2018 Aprile
                   Monthly Climatological Summary for apr 2018

Name: Galliate Meteo   City: Galliate (NO)   State: Italia
Elevation: 153 m  Lat: N 45° 28' 31"   Lon: E 008° 41' 43"

                  Temperature (°C), Rain (mm), Wind Speed (km/h)

                                      Heat  Cool        Avg
    Mean                              Deg   Deg         Wind                 Dom
Day Temp  High   Time   Low    Time   Days  Days  Rain  Speed High   Time    Dir
----------------------------------------------------------------------------------
 1  12,0  19,0   17:08   4,6   07:55   6,3   0,0   0,0   5,0  23,0   15:09     W
 2  11,8  16,1   15:19   5,7   07:10   6,5   0,0   0,0   6,2  37,0   18:00   SSW
 3  10,9  13,3   15:09   9,1   05:11   7,4   0,0   1,4   3,6  19,0   23:33   NNW
 4   9,0   9,7   17:02   8,5   19:12   9,3   0,0  11,0   5,0  21,0   18:53     N
 5  12,2  17,8   18:17   8,4   07:02   6,1   0,0   0,0   4,3  19,0   13:29   WSW
 6  14,0  19,6   17:47   8,6   06:13   4,4   0,1   0,0   4,7  23,0   11:48   ENE
 7  15,1  19,8   15:10   9,6   07:26   3,4   0,2   0,0   4,0  21,0   13:36    NE
 8  15,5  19,8   16:22  11,6   04:24   2,9   0,2   0,0   4,1  21,0   15:16   ENE
 9  12,4  15,4   00:00  10,8   05:23   5,9   0,0   7,8   5,2  23,0   14:21    NW
10  11,6  13,2   10:40   9,8   23:46   6,7   0,0   4,2   5,6  27,0   13:53   ESE
11  10,3  13,1   11:36   8,7   06:50   8,0   0,0  21,4   6,6  27,0   19:06     N
12  11,3  16,4   15:44   8,0   04:36   7,0   0,0  16,0   5,8  32,0   21:10    NE
13  11,4  16,1   18:11   8,1   07:01   6,9   0,0   2,8   4,8  21,0   14:20     N
14  14,3  18,9   15:28   9,2   06:14   4,1   0,1   0,0   4,8  18,0   09:13   NNW
15  14,3  18,6   14:05  11,3   02:10   4,0   0,0   0,0   6,0  24,0   08:16   NNW
16  17,2  22,9   17:33  11,1   05:56   2,4   1,3   0,0   3,6  19,0   14:34   SSW
17  18,8  24,5   17:33  13,0   06:20   1,6   2,1   0,0   4,4  19,0   13:31    SE
18  20,1  25,4   16:18  14,7   06:46   0,9   2,7   0,0   5,2  21,0   08:50   ENE
19  19,7  24,9   17:21  13,9   07:04   1,1   2,4   0,0   5,1  23,0   13:20   ESE
20  21,1  27,3   16:49  14,3   06:48   0,9   3,7   0,0   4,7  18,0   13:30    SE
21  22,0  27,8   17:15  15,8   06:45   0,5   4,2   0,0   4,8  18,0   06:30   SSE
22  21,6  27,1   18:14  15,8   06:56   0,3   3,6   0,0   4,7  19,0   14:36   ESE
23  21,0  26,7   17:16  15,9   07:03   0,4   3,1   0,0   4,2  26,0   19:40    SE
24  20,1  25,9   17:29  14,7   07:37   0,7   2,6   0,0   5,6  26,0   13:37   SSE
25  20,2  26,4   17:52  14,4   06:52   0,8   2,6   0,0   4,6  23,0   19:11     S
26  20,0  25,6   17:29  14,3   06:14   0,9   2,6   0,0   5,2  23,0   14:52     S
27  18,1  21,6   17:09  15,8   23:02   0,8   0,6   0,0   7,0  32,0   05:57   ENE
28  19,5  23,6   13:18  15,4   06:23   0,8   2,0   0,0   5,7  21,0   23:59   NNE
29  19,9  25,2   15:52  16,1   05:47   0,6   2,2   0,0   9,2  45,0   19:02     E
30  17,1  21,2   14:44  12,3   06:42   1,8   0,6   0,0  10,7  47,0   01:58    SE
----------------------------------------------------------------------------------
    16,1  27,8    21     4,6     1   103,4  36,9  64,6   5,3  47,0    30       E

Max >=  10,0: 29
Max <=   5,0:  0
Min <=   0,0:  0
Min <=  -2,0:  0
Max Rain: 21,4 on day 11
Days of Rain: 7 (>= 0,2 mm)  6 (>= 2,0 mm)  1 (>= 20,0 mm)
Heat Base: 18,3  Cool Base: 18,3  Method: Integration