Weather Camera Radar Radar Radar Radar width= Satellite previsioni

NOAA-Style Climate Reports

Select a Year or Month report
2019: Gen Feb Mar Apr Mag Giu Lug Ago Set Ott Nov Dic
2018: Gen Feb Mar Apr Mag Giu Lug Ago Set Ott Nov Dic
2017: Gen Feb Mar Apr Mag Giu Lug Ago Set Ott Nov Dic
2016: Gen Feb Mar Apr Mag Giu Lug Ago Set Ott Nov Dic
2015: Gen Feb Mar Apr Mag Giu Lug Ago Set Ott Nov Dic
2014: Gen Feb Mar Apr Mag Giu Lug Ago Set Ott Nov Dic
2013: Gen Feb Mar Apr Mag Giu Lug Ago Set Ott Nov Dic
2012: Gen Feb Mar Apr Mag Giu Lug Ago Set Ott Nov Dic
2011: Gen Feb Mar Apr Mag Giu Lug Ago Set Ott Nov Dic

Report for 2018 Marzo
                   Monthly Climatological Summary for mar 2018

Name: Galliate Meteo   City: Galliate (NO)   State: Italia
Elevation: 153 m  Lat: N 45° 28' 31"   Lon: E 008° 41' 43"

                  Temperature (°C), Rain (mm), Wind Speed (km/h)

                                      Heat  Cool        Avg
    Mean                              Deg   Deg         Wind                 Dom
Day Temp  High   Time   Low    Time   Days  Days  Rain  Speed High   Time    Dir
----------------------------------------------------------------------------------
 1  -1,5  -0,1   13:36  -2,8   06:12  19,8   0,0   1,8   2,7  10,0   13:36    NW
 2   0,0   2,2   17:05  -1,4   03:55  18,3   0,0   1,6   3,2  16,0   18:42   WSW
 3   1,2   3,5   15:35  -2,3   01:47  17,1   0,0   3,2   2,7  14,0   13:25     N
 4   1,9   4,9   15:17   0,2   03:48  16,4   0,0   0,2   3,1  14,0   03:26   WSW
 5   5,5  10,2   14:15   2,1   02:20  12,8   0,0   0,8   2,9  14,0   15:34   SSW
 6   6,4   8,7   15:11   4,1   06:55  11,9   0,0   0,6   2,7  14,0   12:56   SSE
 7   6,9   9,4   16:19   4,4   23:58  11,4   0,0   0,0   2,6  16,0   10:32   ESE
 8   8,1  14,6   16:22   1,6   07:01  10,2   0,0   0,2   4,1  23,0   14:25   SSW
 9  10,4  15,1   15:18   5,7   06:41   7,9   0,0   0,0   3,9  16,0   12:49    SE
10   9,3  10,6   00:00   8,8   05:33   9,0   0,0   4,0   2,7  11,0   01:03    NE
11   8,3   8,9   00:00   7,3   17:45   9,9   0,0  19,2   3,8  31,0   18:01   NNW
12   8,9  12,2   16:32   6,9   04:00   9,4   0,0   0,4   2,2  14,0   17:07     W
13  11,4  16,7   17:07   5,6   04:35   6,1   0,0   0,0   2,9  16,0   15:54   SSW
14  10,7  17,1   15:26   4,6   06:45   7,6   0,0   0,0   4,3  26,0   18:08   SSW
15   7,9   9,1   13:13   6,1   20:35  10,4   0,0  17,6   4,9  24,0   20:46     N
16  10,1  14,7   15:57   6,2   00:00   8,2   0,0   0,2   4,1  19,0   10:46   WSW
17   7,8   9,8   00:23   6,6   19:42  10,5   0,0  10,2   6,7  24,0   13:31     N
18   6,9   8,2   15:53   6,3   23:49  11,4   0,0   7,4   5,1  27,0   16:56   NNE
19   5,1   6,4   00:43   3,8   10:57  13,2   0,0   0,4   5,5  19,0   07:56   ESE
20   6,4   9,7   14:17   3,9   23:23  11,9   0,0   0,0   4,5  31,0   22:34   ESE
21   5,6   8,4   16:32   3,2   06:31  12,7   0,0   0,0   4,7  23,0   00:08    SE
22   6,2   9,6   15:08   3,2   06:50  12,1   0,0   0,0   3,4  19,0   13:05   SSW
23   7,5  13,8   17:01   1,6   05:33  10,8   0,0   0,0   4,4  19,0   15:47   ESE
24   7,7  10,5   14:31   5,3   02:36  10,6   0,0   0,0   5,0  24,0   13:11     E
25   9,0  13,3   15:59   4,3   07:33   8,9   0,0   0,0   3,3  18,0   13:39    SE
26   9,6  15,9   18:00   3,1   06:41   8,7   0,0   0,0   3,2  18,0   13:25    SW
27  11,9  17,2   17:08   5,7   04:57   6,4   0,0   0,0   4,1  19,0   14:41   SSE
28  11,3  14,8   14:19   7,2   04:59   7,0   0,0   0,0   4,1  23,0   15:49   SSE
29  11,8  13,3   17:06  10,8   13:05   6,5   0,0   0,2   4,0  21,0   15:20   ENE
30  12,5  16,7   17:41   9,6   08:58   5,8   0,0   0,4   8,4  51,0   17:20    SE
31  10,6  13,8   12:39   7,4   23:51   7,7   0,0   0,2   6,5  27,0   01:54   ESE
----------------------------------------------------------------------------------
     7,6  17,2    27    -2,8     1   330,6   0,0  68,6   4,1  51,0    30      SE

Max >=  10,0: 17
Max <=   5,0:  4
Min <=   0,0:  3
Min <=  -2,0:  2
Max Rain: 19,2 on day 11
Days of Rain: 18 (>= 0,2 mm)  6 (>= 2,0 mm)  0 (>= 20,0 mm)
Heat Base: 18,3  Cool Base: 18,3  Method: Integration