Weather Camera Radar Radar Radar Radar width= Satellite previsioni

NOAA-Style Climate Reports

Select a Year or Month report
2018: Gen Feb Mar Apr Mag Giu Lug Ago Set Ott Nov Dic
2017: Gen Feb Mar Apr Mag Giu Lug Ago Set Ott Nov Dic
2016: Gen Feb Mar Apr Mag Giu Lug Ago Set Ott Nov Dic
2015: Gen Feb Mar Apr Mag Giu Lug Ago Set Ott Nov Dic
2014: Gen Feb Mar Apr Mag Giu Lug Ago Set Ott Nov Dic
2013: Gen Feb Mar Apr Mag Giu Lug Ago Set Ott Nov Dic
2012: Gen Feb Mar Apr Mag Giu Lug Ago Set Ott Nov Dic
2011: Gen Feb Mar Apr Mag Giu Lug Ago Set Ott Nov Dic

Report for 2018 Gennaio
                   Monthly Climatological Summary for gen 2018

Name: Galliate Meteo   City: Galliate (NO)   State: Italia
Elevation: 153 m  Lat: N 45░ 28' 31"   Lon: E 008░ 41' 43"

                  Temperature (░C), Rain (mm), Wind Speed (km/h)

                                      Heat  Cool        Avg
    Mean                              Deg   Deg         Wind                 Dom
Day Temp  High   Time   Low    Time   Days  Days  Rain  Speed High   Time    Dir
----------------------------------------------------------------------------------
 1   3,8   4,8   15:42   3,0   08:53  14,5   0,0   3,0   0,0   0,0   00:00     E
 2   5,5  13,4   15:34   0,3   08:38  12,8   0,0   0,2   0,0   0,0   00:00     E
 3   4,9   6,9   16:39   1,9   07:48  13,4   0,0   0,2   0,0   0,0   00:00     E
 4   7,6  13,7   14:40   4,3   05:57  10,7   0,0   0,0   0,0   0,0   00:00     E
 5   4,6   6,2   22:47   2,1   06:34  13,7   0,0   1,4   0,0   0,0   00:00     E
 6   6,8   7,8   14:00   6,0   01:17  11,5   0,0   5,4   0,0   0,0   00:00     E
 7   8,5   9,8   18:11   6,9   00:05   9,8   0,0   1,0   0,0   0,0   00:00     E
 8  10,7  12,6   23:06   8,6   00:00   7,6   0,0   3,8   0,0   0,0   00:00     E
 9  10,1  11,6   01:38   8,3   22:41   8,2   0,0   3,6   0,0   0,0   00:00     E
10   7,7  10,4   12:26   6,6   07:48  10,6   0,0   0,0   0,0   0,0   00:00     E
11   7,0  10,6   13:42   4,8   23:41  11,3   0,0   0,0   0,0   0,0   00:00     E
12   6,6  10,6   13:34   4,2   01:11  11,7   0,0   0,0   0,0   0,0   00:00     E
13   5,6  10,8   14:23   1,9   08:18  12,7   0,0   0,2   0,0   0,0   00:00     E
14   2,8   7,3   13:04  -0,1   23:59  15,5   0,0   0,0   0,0   0,0   00:00     E
15   2,6   5,0   15:20  -0,1   00:00  15,7   0,0   0,2   0,6  11,0   11:37   SSE
16   4,6   8,2   15:41   2,1   23:49  13,8   0,0   0,0   2,0  13,0   14:20   WSW
17   4,1  10,8   14:36   0,8   01:17  14,2   0,0   0,0   3,7  27,0   15:34   NNW
18   4,7  11,4   16:13  -0,7   04:40  13,6   0,0   0,0   3,6  19,0   09:42   NNW
19   5,8  13,3   15:15   1,8   03:32  11,3   0,0   0,0   2,8  16,0   19:29   WNW
20   4,9   8,5   11:47   1,4   06:32  13,3   0,0   0,0   2,5  18,0   23:35   NNW
21   6,8  14,4   15:29   1,6   07:18  11,5   0,0   0,0   5,3  27,0   15:25   NNW
22   6,2   9,4   12:15   2,8   23:37  12,1   0,0   0,0   2,9  19,0   13:13   NNE
23   4,7   9,4   14:32   0,3   05:36  13,6   0,0   0,0   3,0  14,0   15:19    NE
24   6,1  10,1   14:30   2,8   08:47  12,2   0,0   0,0   2,6  13,0   14:34   WNW
25   5,6   6,8   13:41   4,8   02:01  12,7   0,0   6,8   1,9  10,0   14:44    NW
26   6,0   6,9   19:45   5,4   03:04  12,3   0,0   4,6   2,2  16,0   22:39   NNE
27   7,4  11,0   16:44   4,3   23:26  10,9   0,0   3,2   3,8  18,0   15:51   WNW
28   5,2   7,1   15:16   3,1   23:59  13,1   0,0   0,4   1,9   8,0   03:09     N
29   3,5   8,7   15:56   0,0   08:17  14,8   0,0   0,0   2,6  11,0   00:23    SW
30   3,8   8,5   11:34   0,8   06:04  14,5   0,0   0,2   3,7  16,0   18:32     E
31   5,7   7,1   16:20   4,8   00:00  12,6   0,0   0,2   1,8   8,0   08:22   SSE
----------------------------------------------------------------------------------
     5,8  14,4    21    -0,7    18   386,2   0,0  34,4   1,5  27,0    17     NNW

Max >=  10,0: 14
Max <=   5,0:  2
Min <=   0,0:  4
Min <=  -2,0:  0
Max Rain: 6,8 on day 25
Days of Rain: 16 (>= 0,2 mm)  7 (>= 2,0 mm)  0 (>= 20,0 mm)
Heat Base: 18,3  Cool Base: 18,3  Method: Integration