Weather Camera Radar Radar Radar Radar width= Satellite previsioni

NOAA-Style Climate Reports

Select a Year or Month report
2018: Gen Feb Mar Apr Mag Giu Lug Ago Set Ott Nov Dic
2017: Gen Feb Mar Apr Mag Giu Lug Ago Set Ott Nov Dic
2016: Gen Feb Mar Apr Mag Giu Lug Ago Set Ott Nov Dic
2015: Gen Feb Mar Apr Mag Giu Lug Ago Set Ott Nov Dic
2014: Gen Feb Mar Apr Mag Giu Lug Ago Set Ott Nov Dic
2013: Gen Feb Mar Apr Mag Giu Lug Ago Set Ott Nov Dic
2012: Gen Feb Mar Apr Mag Giu Lug Ago Set Ott Nov Dic
2011: Gen Feb Mar Apr Mag Giu Lug Ago Set Ott Nov Dic

Report for 2017 Dicembre
                   Monthly Climatological Summary for dic 2017

Name: Galliate Meteo   City: Galliate (NO)   State: Italia
Elevation: 153 m  Lat: N 45° 28' 31"   Lon: E 008° 41' 43"

                  Temperature (°C), Rain (mm), Wind Speed (km/h)

                                      Heat  Cool        Avg
    Mean                              Deg   Deg         Wind                 Dom
Day Temp  High   Time   Low    Time   Days  Days  Rain  Speed High   Time    Dir
----------------------------------------------------------------------------------
 1   3,9   6,6   14:35   1,6   04:09  14,4   0,0   0,0   0,0   0,0   00:00     E
 2   4,1   6,1   13:35   0,8   23:05  13,8   0,0   0,8   0,0   0,0   00:00     E
 3   2,5   7,8   14:43  -1,4   05:43  15,8   0,0   0,0   0,0   0,0   00:00     E
 4   2,1   6,6   15:31  -1,5   07:06  16,2   0,0   0,0   0,0   0,0   00:00     E
 5   3,7  10,1   14:53  -0,3   04:46  14,6   0,0   0,0   0,0   0,0   00:00     E
 6   4,5  12,0   14:22  -0,9   05:05  13,8   0,0   0,0   0,0   0,0   00:00     E
 7   4,7   8,9   16:02   2,3   02:06  13,6   0,0   0,0   0,0   0,0   00:00     E
 8   5,4   9,5   14:06   3,3   20:57  11,8   0,0   0,0   0,0   0,0   00:00     E
 9   5,3   8,8   13:35  -0,3   23:57  13,0   0,0   0,0   0,0   0,0   00:00     E
10   0,5   3,8   14:08  -1,6   03:42  17,8   0,0   0,0   0,0   0,0   00:00     E
11   0,4   1,6   15:00  -0,6   02:37  17,9   0,0   6,0   0,0   0,0   00:00     E
12   2,0   4,1   15:29   0,3   22:59  15,6   0,0   0,6   0,0   0,0   00:00     E
13   4,2   7,8   15:49  -1,5   08:13   9,2   0,0   0,2   0,0   0,0   08:13     E
14   4,3   8,4   14:10   1,2   09:04  14,0   0,0   0,0   0,0   0,0   00:00     E
15   2,7   6,2   15:38   0,1   09:03  15,6   0,0   0,0   0,0   0,0   00:00     E
16   2,8   8,2   14:18  -0,3   22:36  15,5   0,0   0,0   0,0   0,0   00:00     E
17   4,0  10,2   13:45  -3,6   03:28  14,3   0,0   0,0   0,0   0,0   00:00     E
18   2,1   7,3   13:22  -1,2   23:36  16,2   0,0   0,0   0,0   0,0   00:00     E
19   1,3   6,1   14:02  -1,8   01:28  17,0   0,0   0,0   0,0   0,0   00:00     E
20   1,1   4,9   13:53  -2,0   06:29  17,2   0,0   0,0   0,0   0,0   00:00     E
21   1,0   6,2   15:08  -2,9   06:24  17,3   0,0   0,0   0,0   0,0   00:00     E
22   1,5   5,4   15:02  -0,9   05:23  16,8   0,0   0,0   0,0   0,0   00:00     E
23   3,2  11,1   15:49  -1,4   06:58  15,1   0,0   0,0   0,0   0,0   00:00     E
24   4,5  11,9   14:47  -0,4   05:15  13,8   0,0   0,0   0,0   0,0   00:00     E
25   5,5  11,3   14:19   1,1   08:01  12,8   0,0   0,0   0,0   0,0   00:00     E
26   5,3   6,4   00:37   4,7   10:47  13,0   0,0   4,8   0,0   0,0   00:00     E
27   3,9   4,9   09:25   2,9   14:13  14,4   0,0  20,8   0,0   0,0   00:00     E
28   5,4  10,7   13:44   2,6   03:13  12,9   0,0   0,0   0,0   0,0   00:00     E
29   4,5   7,8   13:19   2,0   21:15  13,8   0,0   0,0   0,0   0,0   00:00     E
30   3,8   7,5   14:31   1,5   08:18  14,5   0,0   0,0   0,0   0,0   00:00     E
31   2,9   4,8   12:56  -0,1   04:16  15,4   0,0   0,8   0,0   0,0   00:00     E
----------------------------------------------------------------------------------
     3,3  12,0     6    -3,6    17   457,1   0,0  34,0   0,0   0,0     0     ---

Max >=  10,0:  7
Max <=   5,0:  6
Min <=   0,0: 18
Min <=  -2,0:  3
Max Rain: 20,8 on day 27
Days of Rain: 7 (>= 0,2 mm)  3 (>= 2,0 mm)  1 (>= 20,0 mm)
Heat Base: 18,3  Cool Base: 18,3  Method: Integration