Weather Camera Radar Radar Radar Radar width= Satellite previsioni

NOAA-Style Climate Reports

Select a Year or Month report
2018: Gen Feb Mar Apr Mag Giu Lug Ago Set Ott Nov Dic
2017: Gen Feb Mar Apr Mag Giu Lug Ago Set Ott Nov Dic
2016: Gen Feb Mar Apr Mag Giu Lug Ago Set Ott Nov Dic
2015: Gen Feb Mar Apr Mag Giu Lug Ago Set Ott Nov Dic
2014: Gen Feb Mar Apr Mag Giu Lug Ago Set Ott Nov Dic
2013: Gen Feb Mar Apr Mag Giu Lug Ago Set Ott Nov Dic
2012: Gen Feb Mar Apr Mag Giu Lug Ago Set Ott Nov Dic
2011: Gen Feb Mar Apr Mag Giu Lug Ago Set Ott Nov Dic

Report for 2017 Agosto
                   Monthly Climatological Summary for ago 2017

Name: Galliate Meteo   City: Galliate (NO)   State: Italia
Elevation: 153 m  Lat: N 45° 28' 31"   Lon: E 008° 41' 43"

                  Temperature (°C), Rain (mm), Wind Speed (km/h)

                                      Heat  Cool        Avg
    Mean                              Deg   Deg         Wind                 Dom
Day Temp  High   Time   Low    Time   Days  Days  Rain  Speed High   Time    Dir
----------------------------------------------------------------------------------
 1  27,9  32,6   16.38  22,7   05.09   0,0   9,6   0,0   4,9  23,0   13.49   SSW
 2  29,2  34,7   18.11  23,7   06.34   0,0  10,9   0,0   5,0  19,0   13.57   WNW
 3  30,4  35,0   15.01  24,8   05.41   0,0  12,1   0,0   4,2  21,0   14.48    SE
 4  30,5  36,6   17.13  24,9   06.27   0,0  12,1   0,0   3,5  23,0   12.40     S
 5  30,3  35,1   17.04  25,1   06.15   0,0  12,0   0,0   3,3  21,0   14.25     S
 6  26,7  29,8   00.00  25,3   06.58   0,0   8,4   1,8   3,8  21,0   23.55     N
 7  25,9  30,2   16.05  20,9   06.37   0,0   7,6   0,0   5,6  27,0   00.08    NE
 8  23,7  28,2   15.34  18,7   22.27   0,0   5,4   5,8   6,2  39,0   20.16     N
 9  24,2  30,3   16.45  19,5   00.00   0,0   5,9   0,0   6,3  29,0   00.41     N
10  23,8  28,7   16.57  19,7   07.34   0,0   5,5   0,0   4,3  24,0   15.59     N
11  18,4  22,6   00.00  15,6   11.33   0,5   0,6   2,6   8,9  39,0   09.43   NNW
12  21,8  28,8   17.25  13,7   06.31   1,1   4,5   0,0   4,7  34,0   13.12    NW
13  23,3  28,9   18.00  16,9   06.38   0,1   5,1   0,0   3,3  19,0   14.53   NNE
14  23,5  30,2   16.09  18,4   05.58   0,0   4,6   0,0   4,1  18,0   06.59     N
15  25,5  31,6   16.48  19,5   06.45   0,0   7,2   0,0   4,1  18,0   02.07   NNW
16  26,5  30,9   15.38  21,9   05.15   0,0   8,2   0,0   4,2  23,0   14.23    NW
17  27,0  31,9   17.28  21,8   05.42   0,0   8,7   0,0   5,0  21,0   13.52     N
18  27,0  33,4   16.28  21,8   22.40   0,0   8,7   2,4   5,9  37,0   21.27     N
19  25,2  30,5   18.00  20,8   07.46   0,0   6,9   0,0   5,5  26,0   01.23     N
20  24,0  28,6   17.19  19,4   06.42   0,0   5,7   0,0   3,9  21,0   12.40    SE
21  23,0  27,3   17.23  17,6   06.07   0,1   4,7   0,0   5,1  26,0   16.05   ENE
22  23,2  27,5   16.32  18,6   05.27   0,0   4,9   0,0   4,0  21,0   13.25    SE
23  23,8  29,9   16.23  18,5   06.54   0,0   5,5   0,0   3,5  19,0   14.11     E
24  24,8  30,3   17.21  19,7   06.26   0,0   6,5   0,0   3,8  18,0   13.22   ESE
25  25,9  30,4   15.38  20,9   06.19   0,0   7,6   0,0   2,7  18,0   12.37     S
26  26,9  32,6   16.39  21,7   07.03   0,0   8,6   0,0   3,0  23,0   14.34    NW
27  27,7  33,5   16.39  22,2   05.36   0,0   9,4   0,0   4,8  21,0   07.21   NNW
28  27,0  31,9   17.22  22,5   06.52   0,0   8,7   0,0   2,9  16,0   14.44   NNE
29  26,0  30,8   16.10  22,3   07.06   0,0   7,7   0,0   3,5  21,0   02.54     E
30  26,3  31,9   16.12  21,4   06.59   0,0   8,0   0,0   2,9  19,0   13.29     N
31  24,8  28,4   13.46  20,8   23.57   0,0   6,5   0,0   4,6  24,0   16.42     E
----------------------------------------------------------------------------------
    25,6  36,6     4    13,7    12     1,8 227,8  12,6   4,4  39,0     8     NNE

Max >=  10,0: 31
Max <=   5,0:  0
Min <=   0,0:  0
Min <=  -2,0:  0
Max Rain: 5,8 on day 8
Days of Rain: 4 (>= 0,2 mm)  3 (>= 2,0 mm)  0 (>= 20,0 mm)
Heat Base: 18,3  Cool Base: 18,3  Method: Integration