Weather Camera Radar Radar Radar Radar width= Satellite previsioni

NOAA-Style Climate Reports


Report for 2017 Giugnio
                   Monthly Climatological Summary for giu 2017

Name: Galliate Meteo   City: Galliate (NO)   State: Italia
Elevation: 153 m  Lat: N 45░ 28' 31"   Lon: E 008░ 41' 43"

                  Temperature (░C), Rain (mm), Wind Speed (km/h)

                                      Heat  Cool        Avg
    Mean                              Deg   Deg         Wind                 Dom
Day Temp  High   Time   Low    Time   Days  Days  Rain  Speed High   Time    Dir
----------------------------------------------------------------------------------
 1  23,3  28,7   17.48  17,8   05.58   0,0   5,0   0,0   4,8  23,0   09.24     S
 2  23,6  29,1   17.25  18,1   06.23   0,0   5,3   0,0   3,4  24,0   16.06     S
 3  23,7  30,1   16.35  18,6   06.38   0,0   5,4   0,0   4,7  27,0   18.10     S
 4  23,7  28,4   17.27  19,7   06.32   0,0   5,4   0,0   5,3  31,0   21.26     S
 5  19,8  22,6   16.49  17,5   19.41   0,1   1,7   1,0   9,1  60,0   13.45     N
 6  20,2  24,9   16.50  17,0   03.52   0,3   2,2   0,6   6,5  31,0   00.42    SE
 7  21,0  26,2   17.12  14,0   05.49   0,9   3,6   0,2   4,8  24,0   15.22    NW
 8  20,7  24,6   17.28  15,8   06.21   0,4   2,8   0,0   5,4  26,0   02.39     E
 9  21,4  26,2   18.06  15,9   05.36   0,4   3,5   0,0   3,2  18,0   15.31    NW
10  24,4  29,9   17.19  17,6   06.05   0,1   6,2   0,0   3,3  21,0   16.07   WSW
11  25,7  30,3   15.39  20,0   05.55   0,0   7,4   0,0   3,9  19,0   10.36     E
12  26,4  31,5   17.31  20,3   06.11   0,0   8,1   0,0   3,9  23,0   13.35   SSW
13  26,9  32,2   18.22  21,6   06.13   0,0   8,6   0,0   3,5  21,0   12.32     S
14  26,1  30,6   16.32  22,8   23.56   0,0   7,8   0,2   4,7  26,0   17.57    SE
15  25,4  29,6   16.11  21,4   07.33   0,0   7,1   0,2   2,7  19,0   14.42     S
16  27,5  33,0   17.38  21,8   05.47   0,0   9,2   0,0   4,1  19,0   13.23    NW
17  28,9  34,0   19.01  23,8   05.18   0,0  10,6   0,0   6,8  26,0   23.25   NNW
18  25,9  29,9   16.02  21,7   05.38   0,0   7,6   0,0   6,2  26,0   12.50   ESE
19  25,8  29,8   17.27  19,4   05.38   0,0   7,5   0,0   4,5  27,0   14.32    SE
20  26,3  32,1   17.29  21,2   06.21   0,0   8,0   0,0   5,6  29,0   15.26     S
21  26,5  32,2   18.08  21,4   05.40   0,0   8,2   0,0   3,7  21,0   10.17     S
22  27,4  33,1   16.57  21,9   06.27   0,0   9,1   0,0   4,3  27,0   19.55   SSW
23  27,3  33,0   15.20  22,1   06.06   0,0   9,0   0,0   5,6  27,0   12.19   SSW
24  27,3  32,6   16.21  22,8   05.43   0,0   9,0   0,0   4,9  29,0   21.53     S
25  25,9  31,2   19.00  20,4   07.08   0,0   7,6   0,8   5,0  50,0   06.18     S
26  24,2  29,9   16.18  19,8   23.26   0,0   5,9   0,2   5,4  31,0   19.37     E
27  23,6  28,6   16.34  19,4   05.34   0,0   5,3   7,0   4,6  24,0   23.46    NE
28  20,5  25,4   12.53  17,9   16.21   0,0   2,2   8,6   6,7  39,0   15.50   NNE
29  19,8  24,7   14.34  16,6   05.35   0,4   1,8   9,4   3,9  27,0   15.30    NE
30  19,5  25,1   15.50  14,7   06.07   0,9   2,1   0,0   6,8  31,0   16.12    NE
----------------------------------------------------------------------------------
    24,3  34,0    17    14,0     7     3,5 183,2  28,2   4,9  60,0     5      SE

Max >=  10,0: 30
Max <=   5,0:  0
Min <=   0,0:  0
Min <=  -2,0:  0
Max Rain: 9,4 on day 29
Days of Rain: 10 (>= 0,2 mm)  3 (>= 2,0 mm)  0 (>= 20,0 mm)
Heat Base: 18,3  Cool Base: 18,3  Method: Integration