Weather Camera Radar Radar Radar Radar width= Satellite previsioni

NOAA-Style Climate Reports

Select a Year or Month report
2018: Gen Feb Mar Apr Mag Giu Lug Ago Set Ott Nov Dic
2017: Gen Feb Mar Apr Mag Giu Lug Ago Set Ott Nov Dic
2016: Gen Feb Mar Apr Mag Giu Lug Ago Set Ott Nov Dic
2015: Gen Feb Mar Apr Mag Giu Lug Ago Set Ott Nov Dic
2014: Gen Feb Mar Apr Mag Giu Lug Ago Set Ott Nov Dic
2013: Gen Feb Mar Apr Mag Giu Lug Ago Set Ott Nov Dic
2012: Gen Feb Mar Apr Mag Giu Lug Ago Set Ott Nov Dic
2011: Gen Feb Mar Apr Mag Giu Lug Ago Set Ott Nov Dic

Report for 2017 Maggio
                   Monthly Climatological Summary for mag 2017

Name: Galliate Meteo   City: Galliate (NO)   State: Italia
Elevation: 153 m  Lat: N 45° 28' 31"   Lon: E 008° 41' 43"

                  Temperature (°C), Rain (mm), Wind Speed (km/h)

                                      Heat  Cool        Avg
    Mean                              Deg   Deg         Wind                 Dom
Day Temp  High   Time   Low    Time   Days  Days  Rain  Speed High   Time    Dir
----------------------------------------------------------------------------------
 1  10,4  13,6   00.00   7,4   15.19   7,9   0,0  19,6   5,4  37,0   14.57     N
 2  10,4  17,0   15.18   5,3   05.45   7,9   0,0   9,4   3,7  27,0   17.28     N
 3  11,7  15,8   15.56   9,1   06.14   6,6   0,0   9,2   4,2  26,0   20.18    NE
 4  12,8  17,6   16.49   9,9   06.23   5,5   0,0   1,2   2,8  23,0   15.46     S
 5  14,6  21,3   18.28   7,8   06.33   4,2   0,6   0,2   3,4  23,0   13.10   SSW
 6  13,1  15,4   12.13  11,4   23.48   5,2   0,0   4,4   4,9  19,0   11.27     N
 7  13,4  18,3   18.53  10,3   06.23   4,9   0,0   0,0   1,6  18,0   16.17     S
 8  17,1  22,1   18.01  11,7   03.23   2,2   1,0   0,0   3,7  21,0   16.34     W
 9  17,8  22,6   16.25  11,9   06.58   1,8   1,3   0,0   5,5  23,0   14.52   ESE
10  15,7  18,4   14.50  13,3   09.07   2,6   0,0   0,0   4,7  29,0   15.34   ESE
11  14,4  16,5   15.22  12,3   21.43   3,9   0,0   5,8   6,1  32,0   21.05    NE
12  15,6  20,2   15.27  12,2   00.21   2,9   0,2   5,2   4,9  24,0   17.50     W
13  17,6  24,2   16.52  13,1   04.36   2,1   1,4   1,6   5,5  26,0   19.40     S
14  19,4  24,2   16.42  14,3   06.23   0,8   1,9   0,0   3,1  21,0   12.37     S
15  21,0  26,8   17.05  14,1   06.01   0,8   3,5   0,0   3,8  19,0   12.20     E
16  16,8  20,4   00.00  16,4   05.14   1,6   0,1   0,0   4,1  16,0   00.30   NNE
17  22,6  27,8   17.29  16,4   00.00   0,3   4,6   0,0   4,4  21,0   15.04     E
18  22,4  26,4   16.53  17,5   06.18   0,0   4,2   0,0   5,1  23,0   12.11   ENE
19  17,6  22,0   15.37  14,1   22.11   1,3   0,5   2,0   8,9  37,0   14.59   NNE
20  18,0  26,2   17.43  11,8   05.33   2,3   2,0   0,4   6,0  31,0   20.35   NNW
21  20,1  25,7   16.52  11,8   06.10   1,4   3,1   0,2   3,9  21,0   10.30   WNW
22  21,4  26,9   18.13  14,8   05.03   0,8   3,9   0,0   4,7  21,0   14.10     N
23  23,1  29,7   17.17  15,9   04.28   0,4   5,2   0,0   3,6  23,0   14.37    SW
24  25,2  31,4   17.24  18,4   06.35   0,0   6,9   0,0   4,3  21,0   16.28   WNW
25  23,7  26,8   15.34  20,1   06.11   0,0   5,4   0,0   5,8  24,0   08.31     E
26  23,1  26,9   18.25  19,2   06.27   0,0   4,8   0,0   4,3  19,0   09.51   ESE
27  23,6  28,8   17.29  18,1   05.20   0,0   5,3   0,0   3,6  27,0   11.28    SE
28  25,1  29,8   17.37  19,4   04.56   0,0   6,8   0,0   3,4  26,0   14.38   SSE
29  25,3  30,3   16.03  19,3   06.00   0,0   7,0   0,0   4,2  21,0   01.21   SSE
30  25,2  30,7   16.39  19,7   05.56   0,0   5,8   0,0   3,4  23,0   20.00     S
31  24,0  29,2   15.34   0,0   00.49   0,0   5,5   0,0   5,8  27,0   18.18     S
----------------------------------------------------------------------------------
    18,8  31,4    24     0,0    31    67,4  81,0  59,2   4,5  37,0     1     ENE

Max >=  10,0: 31
Max <=   5,0:  0
Min <=   0,0:  1
Min <=  -2,0:  0
Max Rain: 19,6 on day 1
Days of Rain: 12 (>= 0,2 mm)  7 (>= 2,0 mm)  0 (>= 20,0 mm)
Heat Base: 18,3  Cool Base: 18,3  Method: Integration