Weather Camera Radar Radar Radar Radar width= Satellite previsioni

NOAA-Style Climate Reports

Select a Year or Month report
2018: Gen Feb Mar Apr Mag Giu Lug Ago Set Ott Nov Dic
2017: Gen Feb Mar Apr Mag Giu Lug Ago Set Ott Nov Dic
2016: Gen Feb Mar Apr Mag Giu Lug Ago Set Ott Nov Dic
2015: Gen Feb Mar Apr Mag Giu Lug Ago Set Ott Nov Dic
2014: Gen Feb Mar Apr Mag Giu Lug Ago Set Ott Nov Dic
2013: Gen Feb Mar Apr Mag Giu Lug Ago Set Ott Nov Dic
2012: Gen Feb Mar Apr Mag Giu Lug Ago Set Ott Nov Dic
2011: Gen Feb Mar Apr Mag Giu Lug Ago Set Ott Nov Dic

Report for 2017 Aprile
                   Monthly Climatological Summary for apr 2017

Name: Galliate Meteo   City: Galliate (NO)   State: Italia
Elevation: 153 m  Lat: N 45° 28' 31"   Lon: E 008° 41' 43"

                  Temperature (°C), Rain (mm), Wind Speed (km/h)

                                      Heat  Cool        Avg
    Mean                              Deg   Deg         Wind                 Dom
Day Temp  High   Time   Low    Time   Days  Days  Rain  Speed High   Time    Dir
----------------------------------------------------------------------------------
 1  15,7  21,1   15:10  10,4   06:54   3,0   0,4   0,0   4,7  29,0   20:41     W
 2  14,1  18,7   17:17  10,6   08:36   4,2   0,0   1,4   5,5  26,0   03:04     N
 3  16,8  24,1   16:11   9,6   06:20   3,0   1,4   0,0   2,9  19,0   00:18   WSW
 4  16,9  23,2   17:02  10,7   06:05   2,6   1,2   0,0   3,3  35,0   23:20   ENE
 5  13,9  16,7   00:00  10,7   23:47   4,4   0,0   3,2   4,8  50,0   02:22    SE
 6  15,3  22,7   17:48   7,9   05:52   4,0   1,0   0,0   3,1  23,0   08:06   SSW
 7  15,4  20,7   18:00  11,3   07:25   3,2   0,3   0,0   3,4  21,0   09:31     E
 8  16,2  22,4   17:04   9,7   07:01   3,1   0,9   0,0   2,9  18,0   13:38   ESE
 9  17,6  23,7   18:19  11,6   06:42   2,2   1,5   0,0   2,3  19,0   15:58    SE
10  18,7  24,5   16:53  12,7   06:59   1,6   1,9   0,0   2,8  21,0   13:57   SSE
11  18,5  25,0   17:06  12,1   07:08   1,7   1,8   0,0   2,5  21,0   10:54   SSE
12  18,0  22,3   17:30  14,5   07:00   1,2   0,9   0,0   3,8  21,0   09:02   ESE
13  17,5  24,2   16:02  11,7   06:26   2,2   1,4   0,0   5,2  29,0   15:53   SSW
14  16,6  22,6   17:56  11,0   06:02   2,6   1,0   0,0   3,9  27,0   20:43     S
15  16,7  22,2   14:28  12,3   07:01   2,2   0,6   0,0   2,0  37,0   15:19   SSW
16  17,8  24,3   17:27  10,6   06:24   2,3   1,7   0,0   4,9  35,0   21:34    NW
17  15,2  19,1   17:38  11,4   07:28   3,2   0,1   0,0   4,3  34,0   00:08     E
18  12,1  16,2   14:13   8,4   23:55   6,2   0,0   0,0  12,6  71,0   17:14     N
19  10,9  15,4   15:18   5,8   06:08   7,4   0,0   0,0  11,4  53,0   17:16     N
20  11,7  18,1   16:44   5,2   06:36   6,6   0,0   0,0   6,0  27,0   22:57   NNW
21  12,2  16,9   17:01   5,6   06:48   6,1   0,0   0,0   3,9  27,0   17:24   ESE
22  13,5  21,8   17:54   5,9   05:00   5,3   0,5   0,0   4,6  32,0   19:37     S
23  15,3  22,0   16:54   8,4   07:22   3,7   0,6   0,0   5,5  34,0   17:59     S
24  14,0  16,3   15:34  12,9   06:46   4,3   0,0   0,0   4,0  18,0   16:30   NNE
25  14,9  18,0   17:13  12,3   06:40   3,4   0,0   0,0   4,8  37,0   17:49   SSE
26  12,8  15,3   01:57  11,2   20:21   5,5   0,0  16,2   4,5  26,0   17:58     E
27  12,4  14,4   14:12  11,1   03:16   5,9   0,0   3,6   3,7  21,0   17:49   ESE
28  11,7  17,4   16:07   6,6   07:07   6,6   0,0   0,6  13,3  43,0   16:38     N
29  12,7  18,0   17:27   6,5   05:46   5,6   0,0   0,0   4,0  21,0   15:37    NE
30  13,5  19,2   16:01   7,5   06:08   4,9   0,0   0,0   4,1  26,0   14:04    NE
----------------------------------------------------------------------------------
    15,0  25,0    11     5,2    20   118,2  17,2  25,0   4,8  71,0    18     ENE

Max >=  10,0: 30
Max <=   5,0:  0
Min <=   0,0:  0
Min <=  -2,0:  0
Max Rain: 16,2 on day 26
Days of Rain: 5 (>= 0,2 mm)  3 (>= 2,0 mm)  0 (>= 20,0 mm)
Heat Base: 18,3  Cool Base: 18,3  Method: Integration