Weather Camera Radar Radar Radar Radar width= Satellite previsioni

NOAA-Style Climate Reports


Report for 2017 Marzo
                   Monthly Climatological Summary for mar 2017

Name: Galliate Meteo   City: Galliate (NO)   State: Italia
Elevation: 153 m  Lat: N 45░ 28' 31"   Lon: E 008░ 41' 43"

                  Temperature (░C), Rain (mm), Wind Speed (km/h)

                                      Heat  Cool        Avg
    Mean                              Deg   Deg         Wind                 Dom
Day Temp  High   Time   Low    Time   Days  Days  Rain  Speed High   Time    Dir
----------------------------------------------------------------------------------
 1   9,6  16,3   16:05   2,7   07:56   8,7   0,0   0,2   3,3  19,0   07:44   SSE
 2  10,5  16,1   15:54   5,8   06:18   7,8   0,0   0,0   2,4  19,0   14:34   ESE
 3   7,9   9,0   12:33   6,5   02:45  10,4   0,0   3,6   3,6  16,0   17:23   NNE
 4   9,6  12,9   16:38   7,6   00:00   8,7   0,0   8,6  11,7  48,0   12:23   ESE
 5   9,6  13,9   17:11   5,5   07:35   8,6   0,0   0,0   3,1  24,0   14:11   SSE
 6   8,6  13,9   15:03   5,4   07:25   9,7   0,0   0,8   3,3  24,0   18:12     N
 7   9,8  16,3   13:54   4,1   04:48   8,5   0,0   0,0   9,2  53,0   14:17   NNW
 8  10,9  15,8   15:25   4,8   05:58   7,4   0,0   0,0   3,4  24,0   01:23   NNW
 9  12,1  20,3   16:33   4,7   06:58   6,4   0,2   0,0   2,6  16,0   13:41   WNW
10  15,2  23,1   15:06   6,7   06:49   4,3   1,2   0,0   7,0  42,0   14:36   NNE
11  12,6  16,4   15:14   7,9   06:57   5,7   0,0   0,0   4,0  27,0   00:12   ENE
12  11,2  15,4   15:19   7,1   06:09   7,1   0,0   0,0   1,9  21,0   11:33   ESE
13  10,4  15,2   15:29   5,0   06:53   7,9   0,0   0,0   2,1  19,0   13:34   ENE
14  12,2  19,9   16:19   4,3   06:11   6,2   0,1   0,0   1,4  18,0   12:29   SSW
15  13,7  18,8   16:31   9,2   06:45   4,6   0,0   0,0   1,5  16,0   12:27   ESE
16  13,1  19,1   16:46   7,4   04:41   5,3   0,0   0,0   1,5  16,0   12:29   SSE
17  13,6  20,8   17:08   8,3   05:46   5,0   0,4   0,0   3,0  23,0   16:13     S
18  13,2  19,7   14:35   7,9   05:36   5,1   0,1   0,0   4,1  29,0   17:28   SSW
19  14,9  23,4   16:22   9,6   04:59   4,2   0,8   0,0   2,5  21,0   18:03   SSE
20  14,5  19,2   17:02   9,9   05:55   3,8   0,1   0,0   1,1  21,0   20:30   SSE
21  15,1  17,7   13:16  13,4   05:26   3,2   0,0   0,0   2,6  18,0   20:16   ESE
22  13,4  16,2   15:57  11,7   07:25   4,9   0,0   1,4   7,1  29,0   18:56   ESE
23  12,1  13,9   14:25  10,4   23:22   6,2   0,0  13,0   7,0  27,0   02:15     E
24  11,7  13,9   16:30   9,9   05:16   6,5   0,0   2,4   6,3  24,0   02:06     N
25  13,7  20,2   15:48   7,2   05:36   4,8   0,2   8,8   3,1  27,0   21:48   SSE
26  11,6  15,3   18:16   9,5   05:28   6,4   0,0   5,2   3,4  26,0   23:24    NE
27  12,3  16,1   17:47   9,8   06:54   6,0   0,0   0,0   3,8  23,0   00:24     E
28  12,7  19,4   17:17   6,2   07:00   5,7   0,1   0,0   1,4  19,0   16:10     S
29  15,0  21,9   18:52   8,0   07:36   3,8   0,6   0,0   1,1  11,0   12:13    SW
30  17,3  23,8   18:37  10,6   07:31   2,7   1,6   0,0   2,3  18,0   14:08   NNW
31  17,5  23,5   16:01  12,2   06:20   2,2   1,4   0,0   3,3  18,0   13:05   ENE
----------------------------------------------------------------------------------
    12,4  23,8    30     2,7     1   187,8   6,8  44,0   3,7  53,0     7       E

Max >=  10,0: 30
Max <=   5,0:  0
Min <=   0,0:  0
Min <=  -2,0:  0
Max Rain: 13,0 on day 23
Days of Rain: 9 (>= 0,2 mm)  6 (>= 2,0 mm)  0 (>= 20,0 mm)
Heat Base: 18,3  Cool Base: 18,3  Method: Integration