Weather Camera Radar Radar Radar Radar width= Satellite previsioni

NOAA-Style Climate Reports

Select a Year or Month report
2018: Gen Feb Mar Apr Mag Giu Lug Ago Set Ott Nov Dic
2017: Gen Feb Mar Apr Mag Giu Lug Ago Set Ott Nov Dic
2016: Gen Feb Mar Apr Mag Giu Lug Ago Set Ott Nov Dic
2015: Gen Feb Mar Apr Mag Giu Lug Ago Set Ott Nov Dic
2014: Gen Feb Mar Apr Mag Giu Lug Ago Set Ott Nov Dic
2013: Gen Feb Mar Apr Mag Giu Lug Ago Set Ott Nov Dic
2012: Gen Feb Mar Apr Mag Giu Lug Ago Set Ott Nov Dic
2011: Gen Feb Mar Apr Mag Giu Lug Ago Set Ott Nov Dic

Report for 2017 Gennaio
                   Monthly Climatological Summary for gen 2017

Name: Galliate Meteo   City: Galliate (NO)   State: Italia
Elevation: 153 m  Lat: N 45° 28' 31"   Lon: E 008° 41' 43"

                  Temperature (°C), Rain (mm), Wind Speed (km/h)

                                      Heat  Cool        Avg
    Mean                              Deg   Deg         Wind                 Dom
Day Temp  High   Time   Low    Time   Days  Days  Rain  Speed High   Time    Dir
----------------------------------------------------------------------------------
 1   2,3   8,3   14:24  -2,1   08:28  16,0   0,0   0,2   0,1   8,0   23:23    NW
 2   3,2   7,4   14:58   0,3   05:40  15,1   0,0   0,0   0,7  16,0   00:33   NNW
 3   3,2   8,6   13:15  -0,9   07:11  15,1   0,0   0,0   0,7  16,0   08:22   NNE
 4   3,3   9,2   15:11  -1,3   08:35  15,0   0,0   0,0   0,2  13,0   21:58    NW
 5   6,2   8,7   14:07   2,3   23:12  12,1   0,0   0,0   0,2  19,0   23:29   SSE
 6   1,8   5,6   12:09  -2,1   08:46  16,5   0,0   0,0   4,2  34,0   01:07   NNE
 7  -0,8   2,9   13:50  -4,4   07:19  19,1   0,0   0,0   0,9  13,0   11:36    NE
 8  -1,2   2,4   15:10  -3,5   08:49  19,5   0,0   0,0   1,8  16,0   15:36    NE
 9  -0,9   5,5   15:37  -5,5   08:07  19,2   0,0   0,0   1,6  10,0   01:53     W
10   0,3   1,1   19:29  -0,4   00:31  18,0   0,0   0,0   2,0  14,0   06:22     N
11  -0,1   0,8   00:00  -0,8   20:49  18,4   0,0   0,0   1,1  14,0   22:14   NNE
12   0,7   2,5   14:45  -0,5   21:22  17,6   0,0   1,2   1,6  14,0   14:31    NE
13   1,3   5,6   16:38  -0,3   10:47  17,0   0,0   0,2   3,3  35,0   17:42   NNW
14   2,7   8,3   12:50  -2,6   05:21  15,6   0,0   0,2   3,7  27,0   20:37   NNW
15   4,6   8,4   14:23   1,9   23:35  13,7   0,0   0,0   7,1  24,0   02:50     N
16   2,2   6,5   14:16  -1,8   05:25  16,1   0,0   0,0   6,7  32,0   12:31   NNE
17   3,2   7,1   14:39   1,3   00:00  15,1   0,0   0,0   7,2  26,0   09:12     N
18   1,9   6,2   14:03  -2,7   08:51  16,4   0,0   0,0   2,2  13,0   01:15   NNW
19   2,4   7,3   13:48  -1,8   07:24  15,9   0,0   0,0   1,7  13,0   01:38     N
20   1,9   8,3   15:50  -2,2   06:33  16,4   0,0   0,0   1,4  13,0   04:12     N
21   1,9   7,7   15:15  -1,9   06:57  16,4   0,0   0,0   1,1  13,0   09:36    NW
22   3,1   9,3   13:48  -1,5   02:11  15,2   0,0   0,0   2,3  18,0   08:16     N
23   3,7   9,8   15:07   0,2   04:14  14,6   0,0   0,0   2,2  16,0   04:28     N
24   4,8  11,2   14:18  -0,3   03:11  13,5   0,0   0,0   1,1  14,0   06:07   NNW
25   4,4   8,8   14:23   0,7   23:54  13,9   0,0   0,0   3,0  18,0   09:03   NNE
26   2,4   6,5   14:43  -0,8   04:30  15,9   0,0   0,0   0,9  16,0   13:10     E
27   2,6   5,5   14:37   0,6   05:41  15,7   0,0   0,0   0,4  14,0   14:50     W
28   2,8   4,7   12:47   1,1   07:03  15,5   0,0   0,0   0,7  14,0   16:30     S
29   3,2   6,8   14:26   0,5   07:23  15,1   0,0   0,0   0,4  14,0   12:15     S
30   4,0   5,7   14:20   1,8   07:05  14,3   0,0   0,0   0,3  13,0   13:41   SSW
31   3,7   6,3   14:38  -0,1   23:58  14,6   0,0   0,0   0,1  11,0   16:43     S
----------------------------------------------------------------------------------
     2,4  11,2    24    -5,5     9   492,5   0,0   1,8   2,0  35,0    13       N

Max >=  10,0:  1
Max <=   5,0:  6
Min <=   0,0: 21
Min <=  -2,0:  8
Max Rain: 1,2 on day 12
Days of Rain: 4 (>= 0,2 mm)  0 (>= 2,0 mm)  0 (>= 20,0 mm)
Heat Base: 18,3  Cool Base: 18,3  Method: Integration