Weather Camera Radar Radar Radar Radar width= Satellite previsioni

NOAA-Style Climate Reports

Select a Year or Month report
2018: Gen Feb Mar Apr Mag Giu Lug Ago Set Ott Nov Dic
2017: Gen Feb Mar Apr Mag Giu Lug Ago Set Ott Nov Dic
2016: Gen Feb Mar Apr Mag Giu Lug Ago Set Ott Nov Dic
2015: Gen Feb Mar Apr Mag Giu Lug Ago Set Ott Nov Dic
2014: Gen Feb Mar Apr Mag Giu Lug Ago Set Ott Nov Dic
2013: Gen Feb Mar Apr Mag Giu Lug Ago Set Ott Nov Dic
2012: Gen Feb Mar Apr Mag Giu Lug Ago Set Ott Nov Dic
2011: Gen Feb Mar Apr Mag Giu Lug Ago Set Ott Nov Dic

Report for 2016 Dicembre
                   Monthly Climatological Summary for dic 2016

Name: Galliate Meteo   City: Galliate (NO)   State: Italia
Elevation: 153 m  Lat: N 45° 28' 31"   Lon: E 008° 41' 43"

                  Temperature (°C), Rain (mm), Wind Speed (km/h)

                                      Heat  Cool        Avg
    Mean                              Deg   Deg         Wind                 Dom
Day Temp  High   Time   Low    Time   Days  Days  Rain  Speed High   Time    Dir
----------------------------------------------------------------------------------
 1   5,0  13,1   14:57   0,1   05:54  13,3   0,0   0,0   1,3  13,0   02:16     W
 2   7,4  14,8   15:29   2,4   05:07  10,8   0,0   0,0   0,4  18,0   21:15   ENE
 3   7,5   8,5   11:09   5,1   00:00  10,8   0,0   0,0   0,2  13,0   04:22     N
 4   7,5   9,0   13:48   6,5   05:03  10,8   0,0   0,0   0,0   0,0   00:00     E
 5   7,4  11,1   12:42   2,3   23:36  10,9   0,0   0,2   0,1  11,0   17:20   NNW
 6   4,9  11,2   14:40   0,9   02:50  13,4   0,0   0,0   0,1   8,0   02:44     N
 7   4,3  10,1   14:52   0,8   06:21  14,0   0,0   0,2   0,2   8,0   03:23     N
 8   3,3   8,6   13:49  -1,1   07:56  15,0   0,0   0,2   0,0   3,0   09:12     E
 9   3,4   8,8   14:31  -0,6   07:45  14,9   0,0   0,2   0,0   6,0   00:38   WSW
10   2,0   7,2   13:32  -1,8   03:01  16,3   0,0   0,2   0,0   6,0   23:24     W
11   5,1   9,7   12:41   1,7   05:04  13,2   0,0   0,0   0,5  13,0   22:56     E
12   2,6   3,5   00:00   1,6   23:51  15,7   0,0   0,2   0,5  14,0   00:49   ENE
13   1,7   2,8   16:36   0,1   05:37  16,6   0,0   0,0   0,2   8,0   00:28    NW
14   1,1   2,2   00:00  -0,7   23:21  17,2   0,0   0,2   0,5  11,0   20:37    NW
15   0,7   1,8   14:39  -0,7   00:00  16,0   0,0   0,0   0,2  10,0   02:29   NNE
16   2,6   4,4   16:14   0,8   01:47  15,7   0,0   0,0   1,0  10,0   06:47   NNW
17   0,4   3,2   00:00  -2,3   23:36  17,9   0,0   0,2   0,2   8,0   04:15    SW
18  -2,1  -0,2   14:24  -3,9   06:50  20,4   0,0   0,2   0,0   6,0   20:52   NNE
19   0,9   4,6   22:50  -1,6   01:44  17,4   0,0   3,2   3,4  21,0   19:31     N
20   6,2   7,6   23:37   4,1   00:32  12,1   0,0   6,4   2,4  24,0   02:08     N
21   7,9  11,3   15:06   4,3   23:55  10,4   0,0   0,2   0,1  13,0   01:04   NNW
22   5,7  11,1   12:56   1,9   02:36  12,6   0,0   0,2   0,0   6,0   02:52    NW
23   5,4  11,8   14:19   1,6   06:05  12,9   0,0   0,4   0,1  10,0   06:47   NNW
24   4,9  11,3   15:10   1,7   08:01  13,4   0,0   0,0   0,1  10,0   00:27   WNW
25   4,8   9,5   12:57   1,5   07:59  13,5   0,0   0,0   0,2  11,0   22:22   WNW
26   6,0  12,1   14:35   2,0   04:49  12,3   0,0   0,0   0,3  13,0   03:54   NNW
27   9,8  17,7   14:42   3,5   03:57   8,5   0,0   0,0   1,5  16,0   00:38   WNW
28   6,7  13,1   15:31   1,7   08:14  11,6   0,0   0,0   0,4  16,0   01:53    NW
29   5,5   8,5   14:35   1,9   01:51  12,8   0,0   0,0   1,0  23,0   03:11    NE
30   3,4   8,3   14:23  -0,3   08:18  14,9   0,0   0,0   0,1  10,0   23:31   NNE
31   2,4   7,4   14:19  -1,2   08:00  15,9   0,0   0,2   0,0  10,0   08:57     W
----------------------------------------------------------------------------------
     4,3  17,7    27    -3,9    18   431,2   0,0  12,4   0,5  24,0    20     NNW

Max >=  10,0: 12
Max <=   5,0:  8
Min <=   0,0: 10
Min <=  -2,0:  2
Max Rain: 6,4 on day 20
Days of Rain: 15 (>= 0,2 mm)  2 (>= 2,0 mm)  0 (>= 20,0 mm)
Heat Base: 18,3  Cool Base: 18,3  Method: Integration