Weather Camera Radar Radar Radar Radar width= Satellite previsioni

NOAA-Style Climate Reports

Select a Year or Month report
2018: Gen Feb Mar Apr Mag Giu Lug Ago Set Ott Nov Dic
2017: Gen Feb Mar Apr Mag Giu Lug Ago Set Ott Nov Dic
2016: Gen Feb Mar Apr Mag Giu Lug Ago Set Ott Nov Dic
2015: Gen Feb Mar Apr Mag Giu Lug Ago Set Ott Nov Dic
2014: Gen Feb Mar Apr Mag Giu Lug Ago Set Ott Nov Dic
2013: Gen Feb Mar Apr Mag Giu Lug Ago Set Ott Nov Dic
2012: Gen Feb Mar Apr Mag Giu Lug Ago Set Ott Nov Dic
2011: Gen Feb Mar Apr Mag Giu Lug Ago Set Ott Nov Dic

Report for 2016 Novembre
                   Monthly Climatological Summary for nov 2016

Name: Galliate Meteo   City: Galliate (NO)   State: Italia
Elevation: 153 m  Lat: N 45░ 28' 31"   Lon: E 008░ 41' 43"

                  Temperature (░C), Rain (mm), Wind Speed (km/h)

                                      Heat  Cool        Avg
    Mean                              Deg   Deg         Wind                 Dom
Day Temp  High   Time   Low    Time   Days  Days  Rain  Speed High   Time    Dir
----------------------------------------------------------------------------------
 1  10,1  13,3   15:11   7,3   07:21   8,2   0,0   0,2   1,2  16,0   00:46     W
 2  12,2  15,6   13:47   8,9   23:54   6,1   0,0   0,0   0,1  10,0   06:33    NW
 3  10,8  14,3   16:21   7,6   05:37   7,5   0,0   0,2   0,8  14,0   13:58    NE
 4  11,5  14,3   15:22   8,7   07:45   6,8   0,0   0,0   0,0   8,0   03:45     E
 5  10,1  11,1   00:00   9,4   23:53   8,2   0,0  17,2   1,0  13,0   06:35     N
 6   9,9  11,6   16:39   7,9   23:56   8,4   0,0   0,6   0,1  10,0   12:55    NW
 7   8,4  14,4   14:56   3,9   07:21   9,9   0,0   0,0   1,2  16,0   22:35   NNW
 8   7,1  12,8   14:39   3,2   23:54  11,2   0,0   0,0   1,2  13,0   03:23     N
 9   4,5   8,4   13:17   1,1   07:04  13,7   0,0   0,0   1,7  14,0   09:36    NW
10   5,3  11,1   14:46   0,3   07:46  13,0   0,0   0,0   0,6  13,0   02:16     N
11   6,9  10,6   15:52   4,3   00:58  11,4   0,0   0,6   1,1  13,0   00:02   NNE
12   9,4  16,0   14:33   3,8   04:15   8,9   0,0   0,0   0,9  24,0   07:27   NNW
13   8,1  12,2   14:20   4,9   00:00  10,2   0,0   0,0   1,0  13,0   22:29   NNE
14   8,0   9,5   14:42   4,9   23:58  10,3   0,0   0,0   0,2  11,0   00:01   NNE
15   5,9   7,7   15:17   3,6   23:30  12,4   0,0   0,0   0,5  10,0   01:30    NE
16   5,4   9,7   15:06   1,4   06:26  12,9   0,0   0,0   0,0   5,0   01:32     E
17   6,3   7,8   15:12   4,2   00:15  12,0   0,0   0,0   0,1  10,0   07:59   WSW
18   7,6   8,5   13:20   6,7   01:02  10,7   0,0   2,4   0,0   8,0   09:56   NNW
19   8,2   9,1   15:35   7,6   03:43  10,1   0,0   1,4   0,0   8,0   18:25   NNW
20   8,8   9,8   15:19   8,3   04:49   9,5   0,0   1,6   0,2  11,0   21:38   NNW
21   9,5  10,1   16:32   8,8   03:51   8,8   0,0  10,0   0,2  11,0   15:09   NNE
22  10,8  11,7   15:55   9,9   00:42   7,5   0,0  20,4   0,9  18,0   19:01     N
23  12,6  13,7   12:25  10,7   02:37   5,7   0,0   4,6   2,3  18,0   16:27   NNE
24  13,4  14,1   09:52  12,3   23:48   4,9   0,0  20,0   3,5  24,0   05:01   NNE
25  12,4  13,8   13:31  10,8   23:53   5,9   0,0  14,4   1,8  21,0   02:29   NNE
26  11,9  14,8   12:22   8,6   23:36   6,4   0,0   6,2   0,2   8,0   03:15   NNW
27   9,0  14,0   15:30   5,9   06:59   9,3   0,0   0,4   0,1  10,0   07:01   WNW
28   8,7  12,2   13:51   6,1   01:22   9,6   0,0   0,0   0,1  11,0   01:14     E
29   5,4   7,9   15:29   1,6   23:32  12,9   0,0   0,0   0,0   6,0   20:05   NNW
30   3,2   8,4   15:05  -0,8   06:58  15,1   0,0   0,0   0,4  10,0   23:08     W
----------------------------------------------------------------------------------
     8,7  16,0    12    -0,8    30   287,5   0,0 100,2   0,7  24,0    12       N

Max >=  10,0: 20
Max <=   5,0:  0
Min <=   0,0:  1
Min <=  -2,0:  0
Max Rain: 20,4 on day 22
Days of Rain: 15 (>= 0,2 mm)  8 (>= 2,0 mm)  2 (>= 20,0 mm)
Heat Base: 18,3  Cool Base: 18,3  Method: Integration