Weather Camera Radar Radar Radar Radar width= Satellite previsioni

NOAA-Style Climate Reports

Select a Year or Month report
2018: Gen Feb Mar Apr Mag Giu Lug Ago Set Ott Nov Dic
2017: Gen Feb Mar Apr Mag Giu Lug Ago Set Ott Nov Dic
2016: Gen Feb Mar Apr Mag Giu Lug Ago Set Ott Nov Dic
2015: Gen Feb Mar Apr Mag Giu Lug Ago Set Ott Nov Dic
2014: Gen Feb Mar Apr Mag Giu Lug Ago Set Ott Nov Dic
2013: Gen Feb Mar Apr Mag Giu Lug Ago Set Ott Nov Dic
2012: Gen Feb Mar Apr Mag Giu Lug Ago Set Ott Nov Dic
2011: Gen Feb Mar Apr Mag Giu Lug Ago Set Ott Nov Dic

Report for 2016 Ottobre
                   Monthly Climatological Summary for ott 2016

Name: Galliate Meteo   City: Galliate (NO)   State: Italia
Elevation: 153 m  Lat: N 45° 28' 31"   Lon: E 008° 41' 43"

                  Temperature (°C), Rain (mm), Wind Speed (km/h)

                                      Heat  Cool        Avg
    Mean                              Deg   Deg         Wind                 Dom
Day Temp  High   Time   Low    Time   Days  Days  Rain  Speed High   Time    Dir
----------------------------------------------------------------------------------
 1  17,9  22,2   13:54  15,6   03:01   1,0   0,6   0,4   1,7  16,0   22:27   NNE
 2  19,1  23,8   16:22  16,3   08:01   0,7   1,5   0,2   1,8  14,0   02:27     N
 3  19,0  25,1   16:32  13,6   07:21   1,3   2,0   0,0   5,4  32,0   11:53     N
 4  17,2  23,5   16:46  12,2   07:46   2,4   1,3   0,0   3,4  18,0   09:06     N
 5  15,8  22,1   15:38  11,2   06:50   3,1   0,6   0,0   5,5  35,0   20:10     E
 6  13,8  16,8   16:12  11,6   23:57   4,5   0,0   0,0   2,1  35,0   00:32     E
 7  13,6  19,4   16:13   8,8   07:16   4,8   0,1   0,0   1,7  18,0   16:14     N
 8  13,8  18,8   16:18  10,5   03:11   4,5   0,0   0,0   0,8  16,0   15:51    NE
 9  11,8  12,9   16:25   9,6   23:15   6,5   0,0   7,8   5,1  32,0   14:51     N
10  11,7  16,5   15:49   8,4   08:59   6,6   0,0   0,4   1,8  23,0   15:58     N
11  10,1  13,7   16:17   6,4   23:59   8,2   0,0   1,2   2,7  26,0   14:10     N
12   9,9  16,3   15:43   4,2   06:29   8,4   0,0   0,2   0,4  13,0   08:17     W
13   9,6  10,3   12:50   8,7   00:00   8,7   0,0   3,6   3,3  23,0   22:22     N
14  10,1  11,7   20:22   8,9   00:00   8,2   0,0  22,2   3,0  35,0   14:35     N
15  12,6  15,3   16:00  10,8   01:33   5,7   0,0   2,6   0,0  11,0   01:01    SW
16  13,8  18,0   16:27   9,2   08:34   4,5   0,0   0,0   0,4  14,0   13:49     S
17  14,5  17,2   12:34  11,9   08:03   3,8   0,0   0,2   0,3  11,0   13:48   NNE
18  15,1  19,7   16:18  11,2   07:58   3,1   0,1   0,0   0,8  19,0   12:30   SSW
19  14,0  16,7   15:04  11,8   03:35   4,3   0,0   0,0   0,1  13,0   15:36    SE
20  13,4  18,9   13:43   9,8   08:18   4,9   0,0   0,2   1,5  21,0   19:35    NE
21  12,2  17,3   16:14   8,3   08:40   6,1   0,0   0,0   0,9  13,0   01:40     N
22  11,4  15,3   16:09   8,5   08:00   6,9   0,0   0,0   0,2  11,0   13:04    NE
23  10,7  11,1   17:06  10,1   01:35   7,6   0,0   4,4   2,1  14,0   13:50   NNE
24  11,7  12,8   14:43  10,7   05:03   6,6   0,0   1,8   0,0   0,0   00:00     E
25  12,6  13,7   16:59  11,6   08:21   5,3   0,0   1,0   0,1  13,0   17:04     S
26  13,9  15,8   17:51  12,8   01:37   4,4   0,0   0,2   0,8  19,0   17:52     N
27  15,3  19,5   14:52  11,9   08:28   3,1   0,1   0,2   2,2  18,0   01:29     N
28  14,0  17,7   14:05  10,7   23:32   4,3   0,0   0,0   0,0   0,0   00:00     E
29  12,5  18,5   16:17   7,5   08:21   5,8   0,0   0,2   0,2  14,0   01:53     N
30  11,1  16,7   14:33   7,3   23:54   7,5   0,0   0,2   0,1  10,0   00:28   NNW
31   8,7  11,9   15:30   5,9   06:18   8,7   0,0   0,2   0,5  14,0   23:41   WNW
----------------------------------------------------------------------------------
    13,3  25,1     3     4,2    12   161,5   6,3  47,2   1,6  35,0     5     NNE

Max >=  10,0: 31
Max <=   5,0:  0
Min <=   0,0:  0
Min <=  -2,0:  0
Max Rain: 22,2 on day 14
Days of Rain: 19 (>= 0,2 mm)  5 (>= 2,0 mm)  1 (>= 20,0 mm)
Heat Base: 18,3  Cool Base: 18,3  Method: Integration