Weather Camera Radar Radar Radar Radar width= Satellite previsioni

NOAA-Style Climate Reports

Select a Year or Month report
2018: Gen Feb Mar Apr Mag Giu Lug Ago Set Ott Nov Dic
2017: Gen Feb Mar Apr Mag Giu Lug Ago Set Ott Nov Dic
2016: Gen Feb Mar Apr Mag Giu Lug Ago Set Ott Nov Dic
2015: Gen Feb Mar Apr Mag Giu Lug Ago Set Ott Nov Dic
2014: Gen Feb Mar Apr Mag Giu Lug Ago Set Ott Nov Dic
2013: Gen Feb Mar Apr Mag Giu Lug Ago Set Ott Nov Dic
2012: Gen Feb Mar Apr Mag Giu Lug Ago Set Ott Nov Dic
2011: Gen Feb Mar Apr Mag Giu Lug Ago Set Ott Nov Dic

Report for 2016 Settembre
                   Monthly Climatological Summary for set 2016

Name: Galliate Meteo   City: Galliate (NO)   State: Italia
Elevation: 153 m  Lat: N 45° 28' 31"   Lon: E 008° 41' 43"

                  Temperature (°C), Rain (mm), Wind Speed (km/h)

                                      Heat  Cool        Avg
    Mean                              Deg   Deg         Wind                 Dom
Day Temp  High   Time   Low    Time   Days  Days  Rain  Speed High   Time    Dir
----------------------------------------------------------------------------------
 1  25,8  29,7   17:08  20,5   08:05   0,0   5,5   0,0   2,8  21,0   13:32     S
 2  25,5  29,7   14:32  21,4   05:22   0,0   4,9   0,0   2,1  16,0   13:07   NNE
 3  25,8  30,6   16:20  21,2   07:18   0,0   7,5   0,0   2,9  18,0   14:46   NNE
 4  25,1  29,4   13:20  21,6   06:22   0,0   6,8   0,0   2,6  16,0   13:42   NNE
 5  25,5  31,9   15:35  18,8   07:05   0,0   7,2   0,0   2,8  21,0   16:21     N
 6  23,8  29,6   17:05  17,8   06:12   0,0   5,5   0,0   4,5  53,0   20:46   NNW
 7  22,7  28,9   16:45  16,7   07:06   0,2   4,6   0,0   4,4  23,0   12:37    NW
 8  23,8  28,7   16:26  19,1   07:08   0,0   5,5   0,0   2,3  19,0   13:18    NE
 9  24,5  30,5   15:44  18,8   07:16   0,0   6,2   0,0   2,7  19,0   13:27     N
10  25,0  29,9   17:07  20,4   06:40   0,0   6,7   0,0   2,8  21,0   13:57   NNE
11  25,2  30,4   16:55  20,1   06:38   0,0   6,9   0,0   3,6  23,0   00:28     N
12  24,7  29,9   14:41  19,8   07:17   0,0   6,4   0,0   4,4  23,0   09:57   NNW
13  24,7  30,7   15:56  19,6   07:22   0,0   6,4   0,0   3,4  19,0   02:31     N
14  24,4  29,9   16:42  19,3   07:26   0,0   6,1   0,0   2,6  18,0   14:47    NE
15  21,0  23,9   16:49  18,7   07:53   0,0   2,7   8,8   3,8  23,0   13:15   ENE
16  18,9  22,3   11:21  17,4   22:13   0,2   0,8   1,2   4,5  26,0   15:17     N
17  18,7  23,9   14:37  13,5   07:27   1,3   1,8   0,2   2,6  24,0   21:05   WSW
18  18,2  22,6   16:25  15,3   07:25   1,2   1,1   0,8   1,7  21,0   00:41   NNW
19  21,0  27,9   16:13  15,0   06:28   1,0   3,7   0,0   4,3  34,0   13:31     N
20  20,6  26,7   17:09  15,1   06:48   0,6   2,8   1,8   1,6  18,0   13:53   ENE
21  16,6  20,3   17:46  14,3   09:08   1,8   0,2  59,0   2,4  21,0   19:27   NNE
22  18,2  22,2   15:20  15,1   02:44   1,1   1,0   0,0   0,8  16,0   13:09    SE
23  18,5  23,6   16:35  13,9   06:29   1,4   1,6   0,0   0,7  14,0   12:35     S
24  19,5  25,0   16:04  15,6   06:56   0,8   2,1   0,0   0,9  18,0   15:05     E
25  18,8  24,8   17:33  13,8   05:54   1,5   2,0   0,0   1,9  19,0   15:07     N
26  19,1  25,2   15:38  14,1   07:17   1,4   2,2   0,0   1,8  16,0   14:58    NE
27  19,6  25,2   17:21  15,4   03:51   0,9   2,2   0,0   1,6  16,0   13:01   NNE
28  19,5  25,2   16:48  14,6   08:00   1,1   2,2   0,0   1,6  16,0   14:10   NNE
29  19,6  25,2   15:14  15,4   06:59   0,9   2,2   0,0   1,4  18,0   13:31   ENE
30  18,9  24,6   16:02  14,7   06:27   1,0   1,7   0,0   1,9  24,0   17:10     S
----------------------------------------------------------------------------------
    21,8  31,9     5    13,5    17    16,4 116,5  71,8   2,6  53,0     6     NNE

Max >=  10,0: 30
Max <=   5,0:  0
Min <=   0,0:  0
Min <=  -2,0:  0
Max Rain: 59,0 on day 21
Days of Rain: 6 (>= 0,2 mm)  2 (>= 2,0 mm)  1 (>= 20,0 mm)
Heat Base: 18,3  Cool Base: 18,3  Method: Integration