Weather Camera Radar Radar Radar Radar width= Satellite previsioni

NOAA-Style Climate Reports

Select a Year or Month report
2018: Gen Feb Mar Apr Mag Giu Lug Ago Set Ott Nov Dic
2017: Gen Feb Mar Apr Mag Giu Lug Ago Set Ott Nov Dic
2016: Gen Feb Mar Apr Mag Giu Lug Ago Set Ott Nov Dic
2015: Gen Feb Mar Apr Mag Giu Lug Ago Set Ott Nov Dic
2014: Gen Feb Mar Apr Mag Giu Lug Ago Set Ott Nov Dic
2013: Gen Feb Mar Apr Mag Giu Lug Ago Set Ott Nov Dic
2012: Gen Feb Mar Apr Mag Giu Lug Ago Set Ott Nov Dic
2011: Gen Feb Mar Apr Mag Giu Lug Ago Set Ott Nov Dic

Report for 2016 Agosto
                   Monthly Climatological Summary for ago 2016

Name: Galliate Meteo   City: Galliate (NO)   State: Italia
Elevation: 153 m  Lat: N 45░ 28' 31"   Lon: E 008░ 41' 43"

                  Temperature (░C), Rain (mm), Wind Speed (km/h)

                                      Heat  Cool        Avg
    Mean                              Deg   Deg         Wind                 Dom
Day Temp  High   Time   Low    Time   Days  Days  Rain  Speed High   Time    Dir
----------------------------------------------------------------------------------
 1  23,3  29,3   17:00  17,8   06:40   0,0   5,0   0,2   2,5  26,0   18:45   ESE
 2  26,0  28,3   16:58  22,5   08:22   0,0   5,3   0,0   2,1  19,0   14:09   SSW
 3  25,6  30,7   15:25  20,2   05:40   0,0   7,3   0,0   1,6  16,0   12:15   ESE
 4  26,1  30,9   14:11  21,7   23:50   0,0   7,8   0,8   2,7  24,0   23:16    NE
 5  22,4  26,9   15:58  18,8   09:58   0,0   4,1   6,6   6,3  43,0   12:09     N
 6  23,8  28,1   15:46  18,2   06:32   0,0   5,5   0,0   4,4  27,0   12:28     S
 7  24,0  28,6   15:55  18,2   07:16   0,0   5,7   0,0   2,5  19,0   12:35   ESE
 8  23,9  28,7   18:36  18,3   06:12   0,0   5,6   0,0   3,0  19,0   13:21   NNE
 9  23,7  28,7   16:25  19,7   06:08   0,0   5,4   0,0   4,2  26,0   17:43     N
10  23,4  28,8   17:19  18,6   06:24   0,0   5,1   1,2   5,0  29,0   01:08   NNE
11  21,0  24,8   16:49  15,2   07:04   0,4   3,1   0,0   3,9  26,0   00:26    SE
12  21,0  26,3   16:55  15,6   06:37   0,5   3,2   0,0   3,1  21,0   12:28    NE
13  22,4  26,8   17:27  16,9   06:23   0,2   4,4   0,0   2,2  18,0   13:12    SE
14  24,5  30,2   17:09  19,0   06:50   0,0   6,2   0,0   2,0  19,0   12:29    SW
15  25,7  30,7   18:19  21,4   06:19   0,0   7,4   0,0   1,9  19,0   13:57     S
16  25,3  30,4   17:45  20,7   05:51   0,0   7,0   0,0   3,3  27,0   21:47     S
17  23,7  30,8   18:04  17,7   06:45   0,0   5,4   0,2   2,9  21,0   12:13   SSW
18  23,8  28,3   18:19  19,3   07:01   0,0   5,5   0,2   2,3  24,0   22:42   SSW
19  24,3  28,9   16:42  20,6   06:09   0,0   6,0   0,0   1,3  18,0   15:10   ESE
20  22,9  25,0   11:02  20,9   22:59   0,0   4,6   1,8   1,7  18,0   14:27   NNE
21  24,1  29,1   16:28  20,3   06:40   0,0   5,8   0,0   2,4  29,0   23:31   NNW
22  23,5  27,3   17:50  18,1   07:17   0,0   5,2   0,0   4,1  35,0   02:08    NE
23  23,3  29,3   16:46  17,6   06:42   0,0   5,1   0,0   3,0  21,0   07:58    NE
24  24,3  29,4   15:39  18,9   06:55   0,0   6,0   0,0   3,4  21,0   13:48    NE
25  24,9  29,6   15:59  19,4   06:44   0,0   6,6   0,0   2,6  21,0   16:37   ESE
26  25,1  29,4   18:10  20,6   03:53   0,0   6,8   0,0   2,0  23,0   17:23    SE
27  25,2  30,2   16:48  19,9   06:44   0,0   6,9   0,0   2,9  19,0   12:28   WSW
28  23,6  30,9   19:13  20,8   05:34   0,0   2,8   0,0   2,3  18,0   20:40   NNE
30  22,1  23,8   00:00  20,9   22:59   0,0   0,9   3,4   3,6  16,0   19:47     N
31  24,1  28,8   15:09  19,8   05:16   0,0   4,8   0,0   2,5  18,0   10:34   SSE
----------------------------------------------------------------------------------
    23,9  30,9     4    15,2    11     1,1 160,5  14,4   2,9  43,0     5     ENE

Max >=  10,0: 30
Max <=   5,0:  0
Min <=   0,0:  0
Min <=  -2,0:  0
Max Rain: 6,6 on day 5
Days of Rain: 8 (>= 0,2 mm)  2 (>= 2,0 mm)  0 (>= 20,0 mm)
Heat Base: 18,3  Cool Base: 18,3  Method: Integration