Weather Camera Radar Radar Radar Radar width= Satellite previsioni

NOAA-Style Climate Reports

Select a Year or Month report
2018: Gen Feb Mar Apr Mag Giu Lug Ago Set Ott Nov Dic
2017: Gen Feb Mar Apr Mag Giu Lug Ago Set Ott Nov Dic
2016: Gen Feb Mar Apr Mag Giu Lug Ago Set Ott Nov Dic
2015: Gen Feb Mar Apr Mag Giu Lug Ago Set Ott Nov Dic
2014: Gen Feb Mar Apr Mag Giu Lug Ago Set Ott Nov Dic
2013: Gen Feb Mar Apr Mag Giu Lug Ago Set Ott Nov Dic
2012: Gen Feb Mar Apr Mag Giu Lug Ago Set Ott Nov Dic
2011: Gen Feb Mar Apr Mag Giu Lug Ago Set Ott Nov Dic

Report for 2016 Luglio
                   Monthly Climatological Summary for lug 2016

Name: Galliate Meteo   City: Galliate (NO)   State: Italia
Elevation: 153 m  Lat: N 45° 28' 31"   Lon: E 008° 41' 43"

                  Temperature (°C), Rain (mm), Wind Speed (km/h)

                                      Heat  Cool        Avg
    Mean                              Deg   Deg         Wind                 Dom
Day Temp  High   Time   Low    Time   Days  Days  Rain  Speed High   Time    Dir
----------------------------------------------------------------------------------
 1  25,2  30,8   19:32  19,4   05:58   0,0   6,9   0,0   2,1  21,0   13:45     S
 2  24,4  29,2   15:23  21,1   23:49   0,0   6,0   1,6   2,5  27,0   18:16     E
 3  25,1  30,3   17:19  18,9   06:32   0,0   6,8   0,0   2,0  21,0   16:12     W
 4  24,2  27,8   17:38  21,9   05:29   0,0   5,9   0,0   3,3  23,0   03:39   ESE
 5  25,1  29,4   18:42  20,7   03:33   0,0   6,8   0,0   2,4  24,0   15:15   WSW
 6  26,1  31,7   16:29  19,8   06:17   0,0   7,6   0,0   3,2  19,0   14:25    NW
 7  26,6  31,8   17:03  20,3   04:29   0,0   8,2   0,0   3,3  23,0   10:03   ESE
 8  26,5  29,7   18:25  23,4   05:35   0,0   8,0   0,0   3,0  23,0   14:39   SSE
 9  27,6  33,5   18:35  21,2   06:07   0,0   9,1   0,0   1,8  23,0   14:26   WSW
10  28,5  32,8   17:42  23,3   05:13   0,0  10,2   0,0   2,0  19,0   14:04    SE
11  27,0  33,0   17:35  21,4   19:40   0,0   8,7   0,6   5,2  64,0   19:26     N
12  23,5  26,8   12:09  20,4   07:27   0,0   5,2   7,6   3,0  26,0   18:07    NW
13  22,1  28,8   14:42  16,9   20:29   0,2   3,9   1,6   6,4  48,0   19:36   NNE
14  20,8  27,3   16:14  14,2   06:55   1,0   3,5   0,0   8,1  42,0   23:01   NNW
15  22,3  27,2   15:56  15,5   06:04   0,2   4,2   0,0  10,8  43,0   10:51     N
16  22,7  28,5   18:34  14,5   06:55   0,4   4,7   0,0   5,3  29,0   12:16   WNW
17  23,7  29,6   19:02  16,6   06:07   0,1   5,4   0,0   2,3  26,0   14:49    SW
18  27,1  32,0   17:58  21,9   01:47   0,0   6,3   0,0   3,1  19,0   14:43     S
19  26,6  31,9   17:30  20,2   06:34   0,0   8,3   0,0   1,4  18,0   12:13     S
20  27,4  32,8   18:35  22,2   06:11   0,0   9,1   0,0   3,2  19,0   03:47   SSE
21  27,1  30,8   18:32  23,1   07:37   0,0   8,8   0,0   2,1  21,0   12:35   WSW
22  23,7  26,0   00:23  19,9   09:47   0,0   4,2   3,0   5,2  34,0   09:25     N
23  22,9  25,7   15:14   0,0   08:11   0,0   3,0   0,0   5,9  27,0   15:45     N
24  23,9  29,5   15:28  19,0   04:10   0,0   5,6   0,0   2,6  19,0   16:13     W
25  26,3  32,4   19:02  20,1   06:21   0,0   8,0   0,0   1,6  21,0   13:56     W
26  26,3  32,2   18:19  20,8   04:53   0,0   8,0   1,0   4,5  32,0   02:35     N
27  25,2  31,0   17:47  19,7   23:56   0,0   6,9   4,0   4,4  39,0   21:03     N
28  23,8  29,5   18:55  18,6   05:36   0,0   5,5   0,2   2,1  19,0   13:10    SW
29  25,5  30,2   18:45  21,8   02:21   0,0   7,2   0,0   3,1  26,0   14:05   ENE
30  26,5  30,8   16:51  22,4   06:15   0,0   6,7   0,0   1,3  18,0   13:35   SSW
31  23,4  27,5   18:34  18,9   21:17   0,0   5,1  38,0   2,4  51,0   20:27   ENE
----------------------------------------------------------------------------------
    25,1  33,5     9     0,0    23     1,9 203,8  57,6   3,5  64,0    11     NNW

Max >=  10,0: 31
Max <=   5,0:  0
Min <=   0,0:  1
Min <=  -2,0:  0
Max Rain: 38,0 on day 31
Days of Rain: 9 (>= 0,2 mm)  4 (>= 2,0 mm)  1 (>= 20,0 mm)
Heat Base: 18,3  Cool Base: 18,3  Method: Integration