Weather Camera Radar Radar Radar Radar width= Satellite previsioni

NOAA-Style Climate Reports

Select a Year or Month report
2018: Gen Feb Mar Apr Mag Giu Lug Ago Set Ott Nov Dic
2017: Gen Feb Mar Apr Mag Giu Lug Ago Set Ott Nov Dic
2016: Gen Feb Mar Apr Mag Giu Lug Ago Set Ott Nov Dic
2015: Gen Feb Mar Apr Mag Giu Lug Ago Set Ott Nov Dic
2014: Gen Feb Mar Apr Mag Giu Lug Ago Set Ott Nov Dic
2013: Gen Feb Mar Apr Mag Giu Lug Ago Set Ott Nov Dic
2012: Gen Feb Mar Apr Mag Giu Lug Ago Set Ott Nov Dic
2011: Gen Feb Mar Apr Mag Giu Lug Ago Set Ott Nov Dic

Report for 2016 Giugnio
                   Monthly Climatological Summary for giu 2016

Name: Galliate Meteo   City: Galliate (NO)   State: Italia
Elevation: 153 m  Lat: N 45° 28' 31"   Lon: E 008° 41' 43"

                  Temperature (°C), Rain (mm), Wind Speed (km/h)

                                      Heat  Cool        Avg
    Mean                              Deg   Deg         Wind                 Dom
Day Temp  High   Time   Low    Time   Days  Days  Rain  Speed High   Time    Dir
----------------------------------------------------------------------------------
 1  18,1  22,4   15:56  14,2   06:20   1,2   1,1   0,0   3,3  23,0   14:02     S
 2  18,1  21,8   15:57  15,9   04:55   0,9   0,7   0,0   2,4  34,0   18:58   SSW
 3  19,4  23,9   17:39  15,3   06:44   0,8   1,9   0,2   2,2  21,0   21:22     S
 4  18,7  22,3   15:42  16,3   07:45   0,6   1,1  12,8   1,2  16,0   17:28   SSE
 5  19,6  25,4   18:23  15,1   05:19   0,8   2,0   0,0   1,8  21,0   13:48    SW
 6  21,4  26,3   19:28  15,9   05:44   0,4   3,6   0,4   1,3  18,0   14:41   SSE
 7  23,1  28,4   18:59  17,9   05:27   0,0   4,8   0,0   2,6  23,0   21:09     E
 8  21,9  27,1   15:29  18,1   06:06   0,0   3,6   2,0   3,5  24,0   20:29   NNW
 9  19,9  25,3   16:28  16,7   05:25   0,3   1,9   9,4   1,8  42,0   18:57   ESE
10  20,6  25,4   17:22  15,2   05:29   0,7   3,0   0,0   1,6  23,0   15:08     S
11  20,6  24,2   18:02  16,9   06:10   0,1   2,4   2,4   1,7  23,0   20:13    SE
12  20,6  24,8   17:06  16,9   06:40   0,3   2,5   0,0   1,1  21,0   13:52   SSE
13  21,6  25,7   15:55  16,9   05:50   0,1   3,4   0,0   2,0  23,0   14:18    SE
14  19,9  24,7   17:11  16,1   23:56   0,4   2,0  44,8   3,0  23,0   20:09     E
15  19,4  24,6   15:54  15,6   04:10   0,8   1,9   0,4   4,5  37,0   16:49   SSE
16  18,7  21,9   14:18  16,9   00:48   0,3   0,7  13,8   5,8  35,0   00:21   ESE
17  19,3  23,9   15:18  14,2   05:58   0,7   1,7   0,0   5,0  34,0   15:19   SSE
18  18,4  23,4   14:58  15,2   05:31   0,8   0,9   1,4   2,4  31,0   16:54   SSW
19  18,9  24,1   15:14  14,8   06:17   0,8   1,4   0,4   2,0  27,0   17:13   SSE
20  21,7  27,3   18:53  13,7   06:10   0,9   4,3   0,0   3,2  21,0   12:27   SSW
21  23,7  27,7   19:35  19,2   06:50   0,0   5,4   0,0   1,6  18,0   11:57     S
22  25,0  30,1   15:50  18,8   05:03   0,0   6,7   0,0   2,5  16,0   05:24   SSW
23  26,9  32,1   18:52  20,7   06:00   0,0   8,6   0,0   2,3  19,0   14:41     S
24  27,9  32,4   17:27  22,0   06:12   0,0   9,6   0,0   3,2  19,0   13:07   NNW
25  24,8  27,8   00:00  21,3   11:19   0,0   6,5   0,0   8,6  37,0   09:21     N
26  24,3  30,4   17:50  19,3   22:00   0,0   6,0   0,2   3,7  34,0   20:56   NNE
27  24,4  30,2   15:42  17,3   06:16   0,0   6,1   1,8   6,7  29,0   10:19   NNW
28  24,2  28,8   17:01  18,7   05:54   0,0   5,5   0,0   3,4  21,0   11:11    NE
29  25,7  29,7   17:01  20,6   02:59   0,0   7,3   0,0   2,4  21,0   09:14    SE
30  23,9  28,9   13:01  20,6   04:55   0,0   4,1   0,0   2,6  24,0   21:53   NNW
----------------------------------------------------------------------------------
    21,7  32,4    24    13,7    20    10,9 110,7  90,0   3,0  42,0     9      SE

Max >=  10,0: 30
Max <=   5,0:  0
Min <=   0,0:  0
Min <=  -2,0:  0
Max Rain: 44,8 on day 14
Days of Rain: 13 (>= 0,2 mm)  6 (>= 2,0 mm)  1 (>= 20,0 mm)
Heat Base: 18,3  Cool Base: 18,3  Method: Integration