Weather Camera Radar Radar Radar Radar width= Satellite previsioni

NOAA-Style Climate Reports


Report for 2016 Maggio
                   Monthly Climatological Summary for mag 2016

Name: Galliate Meteo   City: Galliate (NO)   State: Italia
Elevation: 153 m  Lat: N 45░ 28' 31"   Lon: E 008░ 41' 43"

                  Temperature (░C), Rain (mm), Wind Speed (km/h)

                                      Heat  Cool        Avg
    Mean                              Deg   Deg         Wind                 Dom
Day Temp  High   Time   Low    Time   Days  Days  Rain  Speed High   Time    Dir
----------------------------------------------------------------------------------
 1  10,1  12,6   19:18   7,8   05:38   8,2   0,0  12,8   5,4  29,0   04:53     N
 2  13,8  18,7   16:32   8,9   07:06   4,5   0,0   0,0   2,7  24,0   13:57     S
 3  17,6  24,5   14:37   9,7   06:34   2,6   1,9   0,0   5,2  48,0   22:56   NNW
 4  18,5  23,3   17:30  13,8   06:14   1,2   1,4   0,0   8,2  45,0   00:02   NNW
 5  16,6  20,7   19:28  12,3   06:16   2,2   0,5   0,0   2,0  24,0   00:47   ENE
 6  17,5  23,1   19:02  10,4   06:14   2,3   1,5   0,0   2,8  24,0   14:11   ESE
 7  18,5  23,7   17:23  12,9   05:36   1,5   1,7   0,0   3,1  27,0   18:54     E
 8  18,6  23,3   14:37  14,4   06:10   0,9   1,2   0,0   2,5  26,0   17:05   ESE
 9  14,9  17,2   00:00  13,3   05:36   3,4   0,0   3,6   2,6  19,0   17:15   NNW
10  14,5  16,3   19:00  13,1   04:08   3,7   0,0   2,4   1,9  14,0   03:24     N
11  14,3  15,1   00:00  13,4   17:35   3,9   0,0  36,6   7,7  29,0   10:34     E
12  14,4  17,7   15:40  11,9   06:35   3,8   0,0   2,2   3,7  24,0   12:44    NE
13  15,5  19,3   19:11  12,3   04:26   2,8   0,1   0,2   0,9  13,0   13:27   SSW
14  18,7  21,9   18:18  14,1   07:24   0,6   0,9   0,0   0,0  29,0   18:58    SW
15  17,9  23,4   18:28  12,4   05:56   1,8   1,4   0,0  ----  29,0   16:31    NE
16  16,4  19,6   16:37  14,4   23:40   2,0   0,2   0,0  ----  23,0   13:38   ESE
17  16,7  21,2   16:41  11,0   06:26   2,3   0,8   0,0  ----  21,0   13:41   SSE
18  16,6  21,4   17:59  12,3   05:22   2,3   0,7   1,4  ----  32,0   19:14   SSE
19  14,4  17,9   15:44  11,7   07:14   3,9   0,0  27,0  ----  21,0   05:31    NE
20  17,8  24,3   18:36   9,7   06:00   2,5   2,0   0,0  ----  19,0   12:36     S
21  20,2  25,8   16:59  13,8   04:41   1,1   3,1   0,0  ----  19,0   13:11   SSE
22  20,6  26,0   18:16  13,8   06:09   0,7   3,1   0,0  ----  32,0   19:18     S
23  16,4  21,4   00:18  12,6   12:07   2,3   0,4   6,8  ----  55,0   13:29     N
24  18,0  24,7   16:20  10,6   06:05   2,3   2,0   0,0  ----  34,0   19:04   SSW
25  18,1  23,6   18:27  12,9   05:58   1,7   1,4   0,0  ----  23,0   11:50   SSW
26  20,3  26,5   17:36  13,1   06:45   1,2   3,2   0,0  ----  18,0   11:28   SSE
27  22,5  27,8   17:08  15,9   05:02   0,4   4,6   0,0  ----  19,0   14:45    SE
28  23,3  28,2   16:54  17,7   05:59   0,0   5,0   0,0  ----  23,0   17:11    SE
29  17,7  21,3   00:00  14,7   22:37   1,0   0,4  17,6  ----  29,0   13:49     E
30  16,3  22,0   15:24  14,5   05:29   2,2   0,3  26,8  ----  24,0   16:06   NNE
31  16,4  18,7   11:43  14,8   04:39   1,9   0,0   2,2  ----  29,0   13:04   NNE
----------------------------------------------------------------------------------
    17,2  28,2    28     7,8     1    71,2  37,8 139,6   3,7  55,0    23      NE

Max >=  10,0: 31
Max <=   5,0:  0
Min <=   0,0:  0
Min <=  -2,0:  0
Max Rain: 36,6 on day 11
Days of Rain: 12 (>= 0,2 mm)  10 (>= 2,0 mm)  3 (>= 20,0 mm)
Heat Base: 18,3  Cool Base: 18,3  Method: Integration