Weather Camera Radar Radar Radar Radar width= Satellite previsioni

NOAA-Style Climate Reports

Select a Year or Month report
2018: Gen Feb Mar Apr Mag Giu Lug Ago Set Ott Nov Dic
2017: Gen Feb Mar Apr Mag Giu Lug Ago Set Ott Nov Dic
2016: Gen Feb Mar Apr Mag Giu Lug Ago Set Ott Nov Dic
2015: Gen Feb Mar Apr Mag Giu Lug Ago Set Ott Nov Dic
2014: Gen Feb Mar Apr Mag Giu Lug Ago Set Ott Nov Dic
2013: Gen Feb Mar Apr Mag Giu Lug Ago Set Ott Nov Dic
2012: Gen Feb Mar Apr Mag Giu Lug Ago Set Ott Nov Dic
2011: Gen Feb Mar Apr Mag Giu Lug Ago Set Ott Nov Dic

Report for 2016 Aprile
                   Monthly Climatological Summary for apr 2016

Name: Galliate Meteo   City: Galliate (NO)   State: Italia
Elevation: 153 m  Lat: N 45░ 28' 31"   Lon: E 008░ 41' 43"

                  Temperature (░C), Rain (mm), Wind Speed (km/h)

                                      Heat  Cool        Avg
    Mean                              Deg   Deg         Wind                 Dom
Day Temp  High   Time   Low    Time   Days  Days  Rain  Speed High   Time    Dir
----------------------------------------------------------------------------------
 1  14,3  16,9   15:54  12,8   04:53   4,0   0,0   0,4   3,0  21,0   02:36     E
 2  15,5  17,8   12:30  12,5   05:39   2,8   0,0   0,0   4,2  16,0   11:07    NE
 3  16,0  19,7   15:00  12,9   07:41   2,4   0,1   0,0   1,4  19,0   23:46    NW
 4  14,0  17,2   17:09  12,4   01:54   4,3   0,0   2,8   3,9  21,0   00:02    NE
 5  14,2  17,4   15:23  12,3   05:11   4,1   0,0   0,2   4,0  19,0   01:56   ESE
 6  16,3  22,2   16:53   9,9   06:18   3,0   1,0   0,0   1,5  16,0   16:55     S
 7  16,9  21,6   15:49  12,9   05:26   2,1   0,7   0,0   4,8  23,0   14:33     E
 8  15,7  19,3   14:30  12,1   23:53   2,7   0,1   0,0   5,3  26,0   22:05   ENE
 9  14,2  18,9   18:05  10,8   07:22   4,2   0,1   0,0   5,2  27,0   01:31   NNE
10  14,7  21,2   17:30   9,2   05:03   4,1   0,5   0,0   3,4  24,0   16:01     S
11  15,0  20,4   16:25   9,7   05:41   3,6   0,3   0,0   4,0  31,0   16:26     S
12  15,7  20,9   17:04   9,5   06:16   3,0   0,4   0,0   3,8  24,0   19:26     S
13  15,0  20,0   15:24  11,9   06:45   3,5   0,2   7,8   3,4  26,0   20:49     N
14  15,9  23,1   17:13   8,9   07:04   3,6   1,1   0,2   3,2  26,0   19:49   SSW
15  15,1  18,9   14:35  10,1   05:28   3,2   0,0   0,0   3,4  31,0   17:08   SSE
16  15,0  18,3   13:34  12,6   23:12   3,3   0,0   0,0   4,0  24,0   14:57     N
17  15,9  20,2   17:21  13,1   02:34   2,6   0,2   0,0   4,8  47,0   17:32   SSE
18  15,1  22,2   15:14  11,3   21:28   3,6   0,4   0,8   8,2  56,0   19:38     N
19  15,9  22,4   17:59   9,4   06:34   3,3   0,9   0,4   5,7  43,0   00:02    NW
20  16,6  21,9   15:38  10,7   06:26   2,7   0,9   0,0   3,8  23,0   12:45     E
21  17,1  20,8   16:00  13,6   02:53   1,8   0,6   0,0   2,1  19,0   13:59     E
22  17,1  21,9   16:13  12,5   07:39   2,0   0,8   0,0   4,9  31,0   17:58     S
23  15,1  18,4   17:16  12,5   06:55   2,8   0,0   2,4   1,0  26,0   12:37   SSE
24  15,7  19,5   14:11  12,1   05:24   2,7   0,1   0,0  12,8  53,0   21:51   NNE
25  12,2  17,3   15:03   5,4   06:27   6,1   0,0   0,0   3,8  37,0   10:56    NW
26  12,1  17,9   17:26   7,6   04:46   6,2   0,0   2,0   2,8  23,0   12:50     E
27  13,4  18,2   16:04   9,1   04:51   4,8   0,0   0,0   5,5  35,0   16:35   NNE
28  12,0  15,8   17:31   8,8   02:27   6,2   0,0   0,0   5,4  31,0   10:57   ESE
29  13,2  18,3   17:19   9,9   08:18   5,1   0,0   5,6   2,4  19,0   03:37   NNE
30  14,6  20,9   15:23  10,2   23:31   3,9   0,3   7,4   5,5  56,0   19:32     E
----------------------------------------------------------------------------------
    15,0  23,1    14     5,4    25   107,7   8,7  30,0   4,1  56,0    18     ENE

Max >=  10,0: 30
Max <=   5,0:  0
Min <=   0,0:  0
Min <=  -2,0:  0
Max Rain: 7,8 on day 13
Days of Rain: 11 (>= 0,2 mm)  6 (>= 2,0 mm)  0 (>= 20,0 mm)
Heat Base: 18,3  Cool Base: 18,3  Method: Integration