Weather Camera Radar Radar Radar Radar width= Satellite previsioni

NOAA-Style Climate Reports

Select a Year or Month report
2018: Gen Feb Mar Apr Mag Giu Lug Ago Set Ott Nov Dic
2017: Gen Feb Mar Apr Mag Giu Lug Ago Set Ott Nov Dic
2016: Gen Feb Mar Apr Mag Giu Lug Ago Set Ott Nov Dic
2015: Gen Feb Mar Apr Mag Giu Lug Ago Set Ott Nov Dic
2014: Gen Feb Mar Apr Mag Giu Lug Ago Set Ott Nov Dic
2013: Gen Feb Mar Apr Mag Giu Lug Ago Set Ott Nov Dic
2012: Gen Feb Mar Apr Mag Giu Lug Ago Set Ott Nov Dic
2011: Gen Feb Mar Apr Mag Giu Lug Ago Set Ott Nov Dic

Report for 2016 Marzo
                   Monthly Climatological Summary for mar 2016

Name: Galliate Meteo   City: Galliate (NO)   State: Italia
Elevation: 153 m  Lat: N 45° 28' 31"   Lon: E 008° 41' 43"

                  Temperature (°C), Rain (mm), Wind Speed (km/h)

                                      Heat  Cool        Avg
    Mean                              Deg   Deg         Wind                 Dom
Day Temp  High   Time   Low    Time   Days  Days  Rain  Speed High   Time    Dir
----------------------------------------------------------------------------------
 1  11,7  18,3   16:16   5,2   06:13   6,3   0,0   0,0   3,9  27,0   11:23   NNW
 2   9,5  13,8   14:26   5,5   07:08   8,6   0,0  10,4   4,2  50,0   20:06     E
 3   9,1  14,8   14:55   3,8   08:22   9,2   0,0   0,0   4,3  34,0   21:39    NW
 4   7,9  12,4   15:22   2,9   07:27  10,3   0,0   0,0   2,2  24,0   01:14   NNE
 5   3,5   8,1   00:00   1,2   06:52  14,4   0,0  31,6   6,2  29,0   07:04     N
 6   3,3   6,1   15:04   1,8   04:21  15,0   0,0   0,0   1,3  16,0   15:33     S
 7   4,5   9,1   17:08   0,9   08:30  13,7   0,0   0,0   2,2  19,0   14:32   SSW
 8   5,3  10,3   14:11   1,3   07:45  13,0   0,0   0,0   2,9  27,0   16:47    SE
 9   6,1  11,2   15:28   1,6   06:44  11,9   0,0   0,2   1,7  19,0   12:36     W
10   9,1  14,2   16:21   4,4   03:26   9,2   0,0   0,0   2,1  21,0   15:46   SSW
11   9,2  13,7   15:45   4,3   07:20   9,1   0,0   0,0   3,5  26,0   11:08    NE
12  11,6  15,8   16:09   7,5   06:50   6,6   0,0   0,0   3,3  19,0   14:05   NNE
13  10,9  14,6   16:22   8,2   07:16   7,4   0,0   0,0   3,2  21,0   00:50   NNW
14  10,2  13,2   15:23   8,0   07:00   8,1   0,0   0,0   2,7  21,0   10:22   NNW
15  10,2  14,5   14:51   3,9   06:47   8,1   0,0   0,0   2,7  26,0   13:40    SW
16   9,2  14,2   00:00   3,9   11:47   8,9   0,0   7,0   6,9  39,0   13:04     N
17   8,8  13,9   16:27   4,9   06:26   9,5   0,0   0,0   3,1  21,0   00:41    NW
18   9,8  16,6   15:27   2,9   06:02   8,5   0,0   0,0   1,9  23,0   13:14   SSW
19  11,4  18,5   15:33   4,3   05:47   6,9   0,0   0,0   2,7  19,0   11:43     S
20  11,3  17,3   15:50   5,5   05:12   7,0   0,0   0,0   3,4  24,0   16:50     S
21  12,2  17,7   15:58   6,5   06:52   6,1   0,0   0,0   1,2  18,0   14:26   SSE
22  12,2  16,9   14:50   8,7   06:32   6,1   0,0   0,0   2,3  21,0   14:50   ESE
23  11,8  15,0   16:09   8,3   23:57   6,5   0,0   0,0   4,2  24,0   12:31   ESE
24  11,1  17,2   16:18   4,2   06:39   7,2   0,0   0,0   2,3  18,0   12:26    SE
25  11,2  14,7   16:34   7,6   05:59   7,1   0,0   0,0   2,2  19,0   14:19   SSE
26  12,1  19,1   16:26   5,1   05:58   6,2   0,1   0,0   2,0  18,0   11:01   SSE
27  12,1  16,7   15:51   8,1   07:05   5,9   0,0   1,2   4,6  40,0   16:10     S
28  11,6  14,2   17:34  10,2   04:15   6,7   0,0   0,0   1,6  14,0   11:28     E
29  13,5  19,5   17:13   9,0   07:53   4,8   0,1   0,2   3,5  27,0   18:33     S
30  13,7  16,2   13:52  11,9   02:22   4,6   0,0   0,0   2,0  21,0   13:37    SE
31  14,7  17,3   16:30  12,4   07:20   3,6   0,0   0,0   1,9  19,0   22:29     N
----------------------------------------------------------------------------------
    10,0  19,5    29     0,9     7   256,5   0,2  50,6   2,8  50,0     2       E

Max >=  10,0: 28
Max <=   5,0:  0
Min <=   0,0:  0
Min <=  -2,0:  0
Max Rain: 31,6 on day 5
Days of Rain: 6 (>= 0,2 mm)  3 (>= 2,0 mm)  1 (>= 20,0 mm)
Heat Base: 18,3  Cool Base: 18,3  Method: Integration