Weather Camera Radar Radar Radar Radar width= Satellite previsioni

NOAA-Style Climate Reports


Report for 2016 Febbraio
                   Monthly Climatological Summary for feb 2016

Name: Galliate Meteo   City: Galliate (NO)   State: Italia
Elevation: 153 m  Lat: N 45░ 28' 31"   Lon: E 008░ 41' 43"

                  Temperature (░C), Rain (mm), Wind Speed (km/h)

                                      Heat  Cool        Avg
    Mean                              Deg   Deg         Wind                 Dom
Day Temp  High   Time   Low    Time   Days  Days  Rain  Speed High   Time    Dir
----------------------------------------------------------------------------------
 1   7,2  12,2   12:06   4,1   02:56  11,1   0,0   0,2   2,3  18,0   19:00   ESE
 2   7,7   8,6   17:49   6,8   07:02  10,6   0,0   1,0   0,2  10,0   16:45   SSW
 3   8,7  11,3   19:23   7,8   03:54   9,5   0,0   1,8   4,1  56,0   20:03     N
 4   7,6  13,4   15:46   1,9   07:29  10,6   0,0   0,0   3,0  27,0   01:17     W
 5   6,3  12,1   15:09   1,1   06:49  11,9   0,0   0,0   2,2  16,0   13:47     E
 6   5,2   6,6   11:49   3,4   04:39  13,0   0,0   0,8   1,1  14,0   09:50   NNE
 7   5,0   5,4   09:17   4,7   10:29  13,3   0,0  21,0   3,6  21,0   17:34     N
 8   7,4  10,5   13:50   4,3   08:53  10,9   0,0   0,0   0,9  14,0   14:26     W
 9   7,4   8,3   15:17   6,8   07:48  10,9   0,0   7,6   3,7  16,0   10:47   NNE
10   8,4  13,5   15:16   3,3   23:30   9,8   0,0   0,2   3,2  27,0   06:50   WNW
11   5,8  10,9   15:58   0,2   07:55  12,4   0,0   0,0   1,8  18,0   12:51   SSW
12   4,8   7,8   11:27   3,1   23:57  13,5   0,0   0,8   2,5  16,0   16:35   NNE
13   3,6   8,6   15:16  -0,8   08:51  14,6   0,0   0,2   1,5  16,0   18:20   WNW
14   5,5   6,1   16:15   4,8   09:05  12,8   0,0   1,8   0,6  13,0   01:44   NNE
15   6,8  10,2   14:59   3,3   02:21  11,3   0,0   0,0   1,3  13,0   12:34   WNW
16   7,9   8,4   19:01   6,7   23:31  10,4   0,0   1,8   1,5  13,0   01:54   SSE
17   5,8   7,0   16:12   4,3   07:53  12,3   0,0   6,4   2,1  19,0   05:50   ENE
18   7,3  10,8   14:15   4,9   02:42  11,0   0,0   0,0   3,3  19,0   13:43     W
19   7,8  14,1   15:34   2,1   06:59  10,4   0,0   0,2   3,9  27,0   15:51   NNW
20   7,8  12,4   15:17   3,4   08:07  10,3   0,0   0,0   2,5  29,0   00:49     N
21   9,0  15,9   15:25   2,3   05:12   9,3   0,0   0,0   2,6  18,0   09:12     W
22   9,0  12,2   15:05   6,2   02:37   9,2   0,0   2,0   1,0  11,0   06:49   ENE
23   9,5  11,3   15:34   5,6   23:47   8,8   0,0   0,4   1,1  13,0   01:55     E
24   8,6  13,2   13:22   4,1   06:56   9,5   0,0   0,2   4,1  31,0   12:55     E
25   7,3   9,8   16:26   4,1   23:53  10,9   0,0   0,4   1,1  14,0   04:21     E
26   5,3   9,6   13:45   1,2   06:34  13,0   0,0   0,2   2,7  23,0   14:28     E
27   5,3   6,3   15:50   4,3   06:58  12,8   0,0  17,4   5,5  29,0   23:13   NNE
28   6,8   8,6   22:24   5,9   00:00   8,4   0,0  28,2  10,5  35,0   20:45     N
29   8,7  11,2   14:03   6,7   02:11   9,6   0,0  15,2   3,9  21,0   02:10     N
----------------------------------------------------------------------------------
     7,0  15,9    21    -0,8    13   322,1   0,0 107,8   2,6  56,0     3       N

Max >=  10,0: 16
Max <=   5,0:  0
Min <=   0,0:  1
Min <=  -2,0:  0
Max Rain: 28,2 on day 28
Days of Rain: 21 (>= 0,2 mm)  7 (>= 2,0 mm)  2 (>= 20,0 mm)
Heat Base: 18,3  Cool Base: 18,3  Method: Integration