Weather Camera Radar Radar Radar Radar width= Satellite previsioni

NOAA-Style Climate Reports

Select a Year or Month report
2018: Gen Feb Mar Apr Mag Giu Lug Ago Set Ott Nov Dic
2017: Gen Feb Mar Apr Mag Giu Lug Ago Set Ott Nov Dic
2016: Gen Feb Mar Apr Mag Giu Lug Ago Set Ott Nov Dic
2015: Gen Feb Mar Apr Mag Giu Lug Ago Set Ott Nov Dic
2014: Gen Feb Mar Apr Mag Giu Lug Ago Set Ott Nov Dic
2013: Gen Feb Mar Apr Mag Giu Lug Ago Set Ott Nov Dic
2012: Gen Feb Mar Apr Mag Giu Lug Ago Set Ott Nov Dic
2011: Gen Feb Mar Apr Mag Giu Lug Ago Set Ott Nov Dic

Report for 2016 Gennaio
                   Monthly Climatological Summary for gen 2016

Name: Galliate Meteo   City: Galliate (NO)   State: Italia
Elevation: 153 m  Lat: N 45° 28' 31"   Lon: E 008° 41' 43"

                  Temperature (°C), Rain (mm), Wind Speed (km/h)

                                      Heat  Cool        Avg
    Mean                              Deg   Deg         Wind                 Dom
Day Temp  High   Time   Low    Time   Days  Days  Rain  Speed High   Time    Dir
----------------------------------------------------------------------------------
 1   2,4   4,6   15:34   0,9   09:24  15,8   0,0   0,2   0,3   6,0   09:03     S
 2   1,7   2,4   16:30   0,7   01:43  16,5   0,0   4,0   0,3   8,0   15:28     E
 3   1,7   2,7   20:27   0,6   04:51  16,5   0,0   2,4   0,7  11,0   11:24    SE
 4   1,6   2,7   23:07   0,7   03:48  16,6   0,0   3,2   0,6  10,0   14:12   SSW
 5   3,2   4,3   15:33   2,3   07:50  15,1   0,0   0,2   0,7  13,0   21:17     W
 6   4,5   8,1   14:58   1,2   23:53  13,8   0,0   0,0   1,4  14,0   13:35   WNW
 7   2,5   5,6   15:39  -0,2   03:07  15,8   0,0   0,0   0,5  10,0   21:13    NW
 8   3,2   5,9   16:26   0,3   06:19  15,1   0,0   0,2   1,1  14,0   11:36   NNE
 9   4,3   5,1   14:28   3,4   02:51  14,0   0,0   3,6   0,4  11,0   20:10    SW
10   3,9   6,2   20:28   1,1   08:46  14,0   0,0   0,2   0,6  11,0   02:08     W
11   6,0   7,4   15:46   2,4   23:59  12,3   0,0   0,4   1,1  16,0   16:05   WSW
12   5,4  14,4   15:49  -0,2   07:32  12,8   0,0   0,4   1,3  18,0   17:20   WNW
13   6,7  13,3   15:33   1,5   05:21  11,5   0,0   0,0   1,9  19,0   06:03    SW
14   3,3   6,0   13:39   0,7   03:35  14,9   0,0   0,0   1,7  16,0   03:43   NNE
15   4,2  10,4   13:45  -0,3   07:29  14,0   0,0   0,0   3,8  35,0   16:30   NNW
16   5,9  10,4   14:19   1,2   07:50  12,4   0,0   0,0   6,8  34,0   13:30   NNW
17   4,9   9,0   14:28   0,3   08:24  13,3   0,0   0,0   4,7  37,0   21:15     N
18   1,7   5,3   14:09  -1,4   06:36  16,6   0,0   0,0   0,8  14,0   00:01   NNE
19   0,8   4,8   15:10  -1,9   04:01  17,5   0,0   0,0   0,6  13,0   15:02   SSE
20   0,4   5,7   15:49  -3,6   07:11  17,9   0,0   0,0   0,5  13,0   16:16     S
21   0,6   5,6   15:40  -3,8   06:16  17,7   0,0   0,0   0,8  16,0   13:19   ESE
22   1,4   6,4   14:37  -2,7   06:08  16,8   0,0   0,0   0,4  10,0   14:12     S
23   2,6   7,7   15:10  -1,4   08:40  15,6   0,0   0,0   0,9  14,0   13:31   WSW
24   2,9   9,0   15:41  -2,3   08:17  15,3   0,0   0,0   0,8  14,0   12:56     S
25   5,2  13,2   15:34  -0,9   07:23  13,0   0,0   0,0   0,6  14,0   14:10     W
26   6,9  14,2   14:47   1,3   06:36  11,4   0,0   0,0   0,8  13,0   10:06    NW
27   7,4  12,8   16:09   2,6   06:51  10,9   0,0   0,0   1,3  14,0   04:12     N
28   9,6  12,3   14:15   7,7   06:25   8,7   0,0   0,0   0,7  11,0   16:02   SSW
29   9,5  14,0   16:17   5,2   08:20   8,7   0,0   0,0   1,2  14,0   14:19   SSW
30   8,3   9,1   11:58   7,0   23:55  10,0   0,0   0,0   1,0  13,0   02:12    NE
31   7,8  12,8   15:47   5,1   08:17  10,5   0,0   0,0   1,8  14,0   12:33   WSW
----------------------------------------------------------------------------------
     4,2  14,4    12    -3,8    21   435,0   0,0  14,8   1,3  37,0    17      NW

Max >=  10,0: 10
Max <=   5,0:  6
Min <=   0,0: 11
Min <=  -2,0:  4
Max Rain: 4,0 on day 2
Days of Rain: 10 (>= 0,2 mm)  4 (>= 2,0 mm)  0 (>= 20,0 mm)
Heat Base: 18,3  Cool Base: 18,3  Method: Integration