Weather Camera Radar Radar Radar Radar width= Satellite previsioni

NOAA-Style Climate Reports

Select a Year or Month report
2018: Gen Feb Mar Apr Mag Giu Lug Ago Set Ott Nov Dic
2017: Gen Feb Mar Apr Mag Giu Lug Ago Set Ott Nov Dic
2016: Gen Feb Mar Apr Mag Giu Lug Ago Set Ott Nov Dic
2015: Gen Feb Mar Apr Mag Giu Lug Ago Set Ott Nov Dic
2014: Gen Feb Mar Apr Mag Giu Lug Ago Set Ott Nov Dic
2013: Gen Feb Mar Apr Mag Giu Lug Ago Set Ott Nov Dic
2012: Gen Feb Mar Apr Mag Giu Lug Ago Set Ott Nov Dic
2011: Gen Feb Mar Apr Mag Giu Lug Ago Set Ott Nov Dic

Report for 2015 Novembre
                   Monthly Climatological Summary for nov 2015

Name: Galliate Meteo   City: Galliate (NO)   State: Italia
Elevation: 153 m  Lat: N 45° 28' 31"   Lon: E 008° 41' 43"

                  Temperature (°C), Rain (mm), Wind Speed (km/h)

                                      Heat  Cool        Avg
    Mean                              Deg   Deg         Wind                 Dom
Day Temp  High   Time   Low    Time   Days  Days  Rain  Speed High   Time    Dir
----------------------------------------------------------------------------------
 1  12,2  18,1   14:47   8,3   05:23   6,1   0,0   0,0   0,0   0,0   00:00     E
 2  11,2  17,0   15:59   7,1   06:29   7,1   0,0   0,2   0,0   0,0   00:00     E
 3   9,8  13,5   12:19   6,6   05:56   8,5   0,0   0,2   0,4  13,0   15:09   SSW
 4  12,5  18,3   15:54   8,6   06:37   5,8   0,0   0,0   0,7  16,0   13:26   SSW
 5  12,4  19,3   15:24   7,9   04:25   6,0   0,1   0,0   0,2   8,0   10:53    SW
 6  13,0  20,0   15:40   8,2   06:45   5,4   0,1   0,0   0,4  13,0   11:31   WSW
 7  13,4  20,5   14:25   8,3   07:16   5,2   0,2   0,0   0,4  10,0   15:36     W
 8  13,6  20,8   15:11   8,1   06:43   5,0   0,3   0,0   0,1   8,0   01:50   NNW
 9  13,5  20,4   16:19   8,0   05:23   5,0   0,2   0,0   0,8  18,0   12:28    SW
10  13,5  21,6   14:39   8,3   07:05   5,2   0,4   0,2   0,0   5,0   01:26     S
11  12,9  19,2   14:48   7,9   07:45   5,5   0,1   0,0   0,4  11,0   12:33   SSW
12  12,5  18,7   14:42   7,6   06:13   5,8   0,0   0,0   0,1  10,0   11:37   SSW
13  11,7  17,2   14:33   7,6   06:10   6,6   0,0   0,2   0,5  11,0   13:54   SSW
14   8,7  10,3   00:00   7,4   07:36   9,6   0,0   0,2   0,0   6,0   11:33   SSW
15   9,1  10,7   15:35   7,4   23:44   9,2   0,0   0,0   1,1  18,0   12:04     W
16   8,1   9,6   15:14   5,9   04:35  10,2   0,0   0,2   0,2  10,0   08:53     E
17   7,7   8,4   00:00   6,9   23:04  10,6   0,0   0,2   0,2  11,0   08:54     N
18   7,6  10,5   14:34   5,9   08:58  10,7   0,0   0,0   0,6  14,0   19:56     E
19  10,1  11,6   15:04   8,8   00:00   8,2   0,0   0,4   0,3  10,0   19:34    NW
20  10,5  12,1   15:57   9,8   01:50   7,8   0,0   0,2   1,2  10,0   00:57   NNW
21  10,2  14,1   15:41   5,2   23:55   8,1   0,0   0,2   3,6  47,0   15:52   NNE
22   7,5  13,4   14:10   2,4   07:39  10,8   0,0   0,0   2,0  24,0   13:38   NNW
23   5,6   7,1   05:09   3,2   23:21  12,7   0,0   0,0   1,1  21,0   11:35   ENE
24   4,4   9,7   14:47   0,6   06:14  13,8   0,0   0,0   0,3  11,0   13:22   SSE
25   3,9   6,8   14:00   1,7   09:05  14,3   0,0   0,0   0,4  14,0   14:54   SSE
26   5,8  12,2   16:11  -0,4   07:27  12,5   0,0   0,0   4,2  32,0   19:44   NNE
27   6,1  11,2   13:38   1,6   06:54  12,2   0,0   0,0   0,5  14,0   00:02     S
28   3,6   8,9   15:43   0,1   07:54  14,7   0,0   0,0   0,2  10,0   01:22   NNW
29   3,6   8,6   15:44   0,1   06:19  14,7   0,0   0,0   0,2  10,0   06:37   NNW
30   6,4  14,5   15:04   0,6   05:00  11,9   0,0   0,0   0,5  14,0   13:51   WNW
----------------------------------------------------------------------------------
     9,4  21,6    10    -0,4    26   269,2   1,4   2,2   0,7  47,0    21       N

Max >=  10,0: 23
Max <=   5,0:  0
Min <=   0,0:  1
Min <=  -2,0:  0
Max Rain: 0,4 on day 19
Days of Rain: 10 (>= 0,2 mm)  0 (>= 2,0 mm)  0 (>= 20,0 mm)
Heat Base: 18,3  Cool Base: 18,3  Method: Integration