Weather Camera Radar Radar Radar Radar width= Satellite previsioni

NOAA-Style Climate Reports

Select a Year or Month report
2018: Gen Feb Mar Apr Mag Giu Lug Ago Set Ott Nov Dic
2017: Gen Feb Mar Apr Mag Giu Lug Ago Set Ott Nov Dic
2016: Gen Feb Mar Apr Mag Giu Lug Ago Set Ott Nov Dic
2015: Gen Feb Mar Apr Mag Giu Lug Ago Set Ott Nov Dic
2014: Gen Feb Mar Apr Mag Giu Lug Ago Set Ott Nov Dic
2013: Gen Feb Mar Apr Mag Giu Lug Ago Set Ott Nov Dic
2012: Gen Feb Mar Apr Mag Giu Lug Ago Set Ott Nov Dic
2011: Gen Feb Mar Apr Mag Giu Lug Ago Set Ott Nov Dic

Report for 2015 Ottobre
                   Monthly Climatological Summary for ott 2015

Name: Galliate Meteo   City: Galliate (NO)   State: Italia
Elevation: 153 m  Lat: N 45░ 28' 31"   Lon: E 008░ 41' 43"

                  Temperature (░C), Rain (mm), Wind Speed (km/h)

                                      Heat  Cool        Avg
    Mean                              Deg   Deg         Wind                 Dom
Day Temp  High   Time   Low    Time   Days  Days  Rain  Speed High   Time    Dir
----------------------------------------------------------------------------------
 1  14,4  16,6   16:49  11,9   08:24   3,8   0,0   0,0   2,3  21,0   03:09   NNW
 2  13,1  14,0   11:43  12,3   03:25   5,2   0,0   9,8   3,6  26,0   15:32     N
 3  14,6  17,6   15:00  12,6   09:00   3,7   0,0  14,0   1,6  16,0   06:50    NE
 4  15,7  20,1   15:49  13,0   08:07   2,7   0,2   5,0   1,7  19,0   00:49    NE
 5  16,6  21,4   14:36  11,8   08:04   2,3   0,6   0,2   0,6  14,0   14:38    SE
 6  16,3  18,2   17:29  15,3   03:33   2,0   0,0   2,0   0,3  11,0   02:07   SSE
 7  16,4  21,1   15:35  11,8   07:14   2,4   0,5   0,2   0,9  18,0   15:00   SSE
 8  18,1  23,2   16:09  14,3   06:58   1,5   1,2   0,0   1,6  23,0   01:37   NNE
 9  16,6  19,8   12:23  14,2   07:14   1,9   0,3   0,0   3,6  23,0   13:06     N
10  16,5  20,9   16:08  13,5   07:53   2,3   0,5   9,0   3,5  19,0   06:03     N
11  15,9  21,3   15:13  10,8   07:50   3,0   0,5   0,0   0,6  16,0   14:33   SSW
12  16,3  20,3   14:36  13,2   01:24   2,3   0,4   1,2   0,8  13,0   01:44   NNE
13  14,3  15,8   00:00  13,7   07:41   4,0   0,0  12,6   0,9  19,0   20:58   ESE
14  14,7  18,4   13:45  10,9   08:45   3,6   0,0   0,6   1,8  21,0   23:42   ENE
15  11,7  14,0   00:00  10,1   23:56   6,6   0,0  30,8   6,2  27,0   19:41     N
16  11,4  15,7   16:42   8,3   02:57   6,9   0,0   8,8   2,3  24,0   06:02     N
17  10,6  14,3   12:53   6,9   06:42   7,6   0,0   0,0   0,7  21,0   14:49   SSE
18  11,9  14,3   16:03   9,3   23:54   6,4   0,0   0,0   0,1  10,0   17:16   SSE
19  11,3  17,6   17:00   6,2   08:00   7,0   0,0   0,2   1,1  23,0   15:24    SW
20  12,1  16,3   14:07   9,3   04:29   6,2   0,0   0,0   1,1  14,0   02:05     N
21  11,2  15,8   14:06   8,0   06:46   7,1   0,0   0,2   0,3  13,0   12:10   ENE
22  11,0  16,3   16:46   6,3   05:51   7,3   0,0   0,0   1,2  23,0   14:58     E
23  11,9  17,7   15:15   7,6   08:19   6,4   0,0   0,0   0,3  13,0   13:23    SE
24  12,4  18,2   14:42   7,6   05:37   5,8   0,0   0,2   0,3  11,0   14:27    NW
25  12,4  17,1   14:35   8,8   04:35   6,1   0,0   0,0   0,0   8,0   15:19   WNW
26  11,1  17,8   14:54   6,8   23:10   7,1   0,0   0,2   0,3  10,0   10:26     S
27  10,1  14,1   13:53   5,2   06:54   8,2   0,0   0,2   0,2  10,0   13:57     S
28  11,7  13,2   13:24  10,7   04:55   6,6   0,0  14,4   1,6  16,0   09:57     N
29  11,7  13,8   18:45  11,3   00:00   6,5   0,0   1,6   3,9   3,0   00:00     N
30  14,6  19,8   15:52  11,8   01:30   3,8   0,2   0,0   0,3  13,0   13:34     S
31  13,5  18,7   16:14   9,6   06:42   4,8   0,0   0,2   0,0   0,0   00:00     E
----------------------------------------------------------------------------------
    13,6  23,2     8     5,2    27   151,1   4,4 111,4   1,4  27,0    15     NNE

Max >=  10,0: 31
Max <=   5,0:  0
Min <=   0,0:  0
Min <=  -2,0:  0
Max Rain: 30,8 on day 15
Days of Rain: 20 (>= 0,2 mm)  9 (>= 2,0 mm)  1 (>= 20,0 mm)
Heat Base: 18,3  Cool Base: 18,3  Method: Integration