Weather Camera Radar Radar Radar Radar width= Satellite previsioni

NOAA-Style Climate Reports

Select a Year or Month report
2018: Gen Feb Mar Apr Mag Giu Lug Ago Set Ott Nov Dic
2017: Gen Feb Mar Apr Mag Giu Lug Ago Set Ott Nov Dic
2016: Gen Feb Mar Apr Mag Giu Lug Ago Set Ott Nov Dic
2015: Gen Feb Mar Apr Mag Giu Lug Ago Set Ott Nov Dic
2014: Gen Feb Mar Apr Mag Giu Lug Ago Set Ott Nov Dic
2013: Gen Feb Mar Apr Mag Giu Lug Ago Set Ott Nov Dic
2012: Gen Feb Mar Apr Mag Giu Lug Ago Set Ott Nov Dic
2011: Gen Feb Mar Apr Mag Giu Lug Ago Set Ott Nov Dic

Report for 2015 Settembre
                   Monthly Climatological Summary for set 2015

Name: Galliate Meteo   City: Galliate (NO)   State: Italia
Elevation: 153 m  Lat: N 45° 28' 31"   Lon: E 008° 41' 43"

                  Temperature (°C), Rain (mm), Wind Speed (km/h)

                                      Heat  Cool        Avg
    Mean                              Deg   Deg         Wind                 Dom
Day Temp  High   Time   Low    Time   Days  Days  Rain  Speed High   Time    Dir
----------------------------------------------------------------------------------
 1  24,0  28,4   17:37  20,7   23:04   0,0   5,7   6,0   2,3  23,0   18:24   NNE
 2  23,4  29,4   16:41  18,9   06:34   0,0   5,1   0,0   1,7  23,0   21:00   SSW
 3  21,4  25,9   16:15  19,1   05:25   0,0   3,1   0,4   2,8  26,0   17:11     N
 4  21,0  25,5   16:26  16,1   07:12   0,4   3,1   0,0   2,5  18,0   01:05     N
 5  19,8  24,8   15:41  15,9   07:56   0,6   2,1   1,6   3,0  53,0   01:50     N
 6  19,2  25,6   16:43  13,5   06:57   1,3   2,2   0,0   1,2  18,0   15:18    NW
 7  19,5  24,8   16:35  14,2   06:49   1,1   2,3   0,0   1,9  21,0   10:54   ENE
 8  19,9  24,3   16:34  15,7   07:40   0,4   2,0   0,0   1,7  21,0   12:54    NE
 9  19,4  24,3   17:12  14,2   06:45   1,0   2,1   0,0   2,2  23,0   14:43     E
10  19,6  23,5   17:15  16,3   06:17   0,4   1,7   0,0   2,5  21,0   15:01   ENE
11  18,6  22,3   16:14  16,1   07:23   0,6   0,9   0,0   2,6  16,0   00:22   NNE
12  19,7  23,8   14:58  16,8   07:28   0,3   1,7   0,0   2,3  19,0   12:56     N
13  17,4  19,9   15:58  16,3   11:42   1,0   0,1  33,2   3,7  27,0   13:44     N
14  18,8  22,3   17:42  16,6   00:54   0,6   1,1   9,2   3,3  39,0   05:23    SE
15  20,5  23,6   13:03  18,2   06:04   0,0   2,2   0,0   3,1  34,0   13:42   SSE
16  17,8  19,5   00:00  16,8   10:37   0,5   0,0   2,6   2,3  18,0   09:41     N
17  20,9  25,7   17:56  18,1   00:48   0,0   2,7   0,0   1,3  26,0   14:38    SE
18  21,1  26,2   15:30  16,8   23:59   0,1   2,9   0,4   3,7  29,0   10:11    SE
19  19,3  25,8   16:56  13,9   07:18   1,2   2,2   0,0   3,4  37,0   19:00   NNW
20  20,5  26,7   15:07  13,5   05:35   1,0   3,1   0,0   2,1  27,0   11:03   NNW
21  19,2  25,3   16:50  13,8   06:34   1,3   2,2   0,0   3,4  21,0   10:55   NNE
22  17,6  21,0   16:45  14,6   07:03   1,1   0,4   0,0   1,1  16,0   16:17     E
23  14,9  17,6   17:41  12,2   10:03   3,3   0,0  18,4   4,2  50,0   10:21   NNE
24  16,2  22,9   16:52   8,5   07:28   3,4   1,3   0,2   1,0  18,0   14:07   ESE
25  18,2  25,2   16:29  10,8   07:23   2,1   2,0   0,0   1,1  16,0   17:25   ESE
26  18,8  24,7   16:46  13,9   07:03   1,3   1,8   0,0   2,6  18,0   14:15   NNE
27  18,2  21,4   14:51  15,8   07:13   0,8   0,7   0,0   1,1  18,0   11:20     E
28  17,5  20,2   17:01  15,9   23:57   1,1   0,3   0,0   2,2  26,0   12:24   ESE
29  15,7  19,1   16:11  13,2   04:20   2,6   0,1   0,0   2,3  23,0   15:57   NNW
30  13,4  16,7   19:21  13,2   02:53   4,0   0,0   0,0   1,8  19,0   23:46   NNE
----------------------------------------------------------------------------------
    19,1  29,4     2     8,5    24    31,5  55,1  72,0   2,4  53,0     5      NE

Max >=  10,0: 30
Max <=   5,0:  0
Min <=   0,0:  0
Min <=  -2,0:  0
Max Rain: 33,2 on day 13
Days of Rain: 9 (>= 0,2 mm)  5 (>= 2,0 mm)  1 (>= 20,0 mm)
Heat Base: 18,3  Cool Base: 18,3  Method: Integration