Weather Camera Radar Radar Radar Radar width= Satellite previsioni

NOAA-Style Climate Reports

Select a Year or Month report
2018: Gen Feb Mar Apr Mag Giu Lug Ago Set Ott Nov Dic
2017: Gen Feb Mar Apr Mag Giu Lug Ago Set Ott Nov Dic
2016: Gen Feb Mar Apr Mag Giu Lug Ago Set Ott Nov Dic
2015: Gen Feb Mar Apr Mag Giu Lug Ago Set Ott Nov Dic
2014: Gen Feb Mar Apr Mag Giu Lug Ago Set Ott Nov Dic
2013: Gen Feb Mar Apr Mag Giu Lug Ago Set Ott Nov Dic
2012: Gen Feb Mar Apr Mag Giu Lug Ago Set Ott Nov Dic
2011: Gen Feb Mar Apr Mag Giu Lug Ago Set Ott Nov Dic

Report for 2015 Agosto
                   Monthly Climatological Summary for ago 2015

Name: Galliate Meteo   City: Galliate (NO)   State: Italia
Elevation: 153 m  Lat: N 45° 28' 31"   Lon: E 008° 41' 43"

                  Temperature (°C), Rain (mm), Wind Speed (km/h)

                                      Heat  Cool        Avg
    Mean                              Deg   Deg         Wind                 Dom
Day Temp  High   Time   Low    Time   Days  Days  Rain  Speed High   Time    Dir
----------------------------------------------------------------------------------
 1  20,3  23,8   00:00  17,9   18:24   0,0   2,0   1,4   3,8  26,0   10:18   NNE
 2  22,1  28,3   17:33  16,1   06:37   0,5   4,2   0,0   2,1  21,0   12:05     S
 3  25,2  30,1   17:15  19,4   06:56   0,0   6,9   0,0   2,3  21,0   12:47     S
 4  26,6  31,1   16:41  21,8   06:46   0,0   8,3   0,0   3,1  19,0   14:31    SW
 5  27,8  32,5   14:04  21,8   06:34   0,0   9,4   0,0   3,6  23,0   14:47   SSE
 6  29,2  33,8   16:48  24,2   06:47   0,0  10,9   0,0   3,4  19,0   15:17   SSE
 7  29,7  34,3   16:43  24,3   06:27   0,0  11,4   0,0   3,3  19,0   14:31     S
 8  30,3  34,8   17:02  24,4   07:04   0,0  10,3   0,0   4,2  21,0   21:16   ENE
 9  27,1  31,3   12:26  20,4   22:39   0,0   8,8  11,0   5,1  55,0   22:16     N
10  24,4  26,9   18:14   0,0   00:38   0,0   2,3  13,8   1,2  23,0   00:40   WSW
11  24,7  31,2   18:16  20,9   02:27   0,0   6,3   0,0   1,2  18,0   14:31     S
12  27,7  32,8   17:42  21,6   07:31   0,0   9,4   0,0   3,1  19,0   14:23     W
13  28,6  34,3   16:14  23,9   06:42   0,0  10,3   0,0   2,4  19,0   02:57   NNW
14  24,3  27,1   17:46  20,9   22:53   0,0   5,9   0,4   4,0  34,0   19:52     N
15  19,9  22,6   16:13  17,2   23:01   0,1   1,7  12,8   5,1  31,0   21:58   NNW
16  20,3  25,6   16:44  15,0   07:26   0,8   2,8   0,0   2,2  26,0   16:54     S
17  22,2  27,7   16:35  17,1   06:30   0,1   4,0   0,0   3,2  29,0   23:03     S
18  21,0  26,7   15:56  17,3   05:33   0,1   2,8   1,8   3,0  31,0   17:42   NNW
19  20,9  26,1   17:38  16,3   06:16   0,3   2,9   2,8   2,8  27,0   00:21   NNW
20  22,6  28,4   16:59  16,6   07:31   0,2   4,5   0,0   1,3  21,0   15:45     W
21  22,6  26,7   17:42  18,5   07:05   0,0   4,2   0,0   1,8  23,0   02:50    SE
22  22,8  27,0   17:52  18,3   05:16   0,0   4,5   0,0   1,7  19,0   14:19   ESE
23  19,4  22,6   00:54  16,6   23:43   0,3   1,4   4,6   2,2  18,0   19:53     N
24  17,9  19,2   14:14  16,4   02:33   0,6   0,2  16,0   1,3  19,0   01:08     N
25  21,3  25,8   16:19  17,6   07:57   0,0   3,1   0,2   1,1  19,0   12:40     S
26  22,8  28,1   17:34  17,6   05:30   0,1   4,5   0,0   1,6  19,0   14:57   SSE
27  24,0  29,7   17:11  18,6   06:44   0,0   5,6   0,0   1,8  18,0   13:13   NNW
28  25,4  30,1   16:45  20,4   07:12   0,0   7,0   0,0   1,9  16,0   14:06     S
29  26,4  32,1   18:13  21,2   06:56   0,0   8,1   0,0   1,7  16,0   13:38   SSW
30  26,6  32,1   18:14  21,0   07:08   0,0   8,2   0,0   2,4  18,0   13:26   NNW
31  26,0  31,7   17:04  20,9   04:50   0,0   7,6   0,0   2,6  18,0   06:07   NNW
----------------------------------------------------------------------------------
    24,2  34,8     8     0,0    10     3,1 179,5  64,8   2,6  55,0     9      NW

Max >=  10,0: 31
Max <=   5,0:  0
Min <=   0,0:  1
Min <=  -2,0:  0
Max Rain: 16,0 on day 24
Days of Rain: 10 (>= 0,2 mm)  6 (>= 2,0 mm)  0 (>= 20,0 mm)
Heat Base: 18,3  Cool Base: 18,3  Method: Integration