Weather Camera Radar Radar Radar Radar width= Satellite previsioni

NOAA-Style Climate Reports


Report for 2015 Luglio
                   Monthly Climatological Summary for lug 2015

Name: Galliate Meteo   City: Galliate (NO)   State: Italia
Elevation: 153 m  Lat: N 45░ 28' 31"   Lon: E 008░ 41' 43"

                  Temperature (░C), Rain (mm), Wind Speed (km/h)

                                      Heat  Cool        Avg
    Mean                              Deg   Deg         Wind                 Dom
Day Temp  High   Time   Low    Time   Days  Days  Rain  Speed High   Time    Dir
----------------------------------------------------------------------------------
 1  27,0  31,0   17:05  22,1   06:06   0,0   8,6   0,0   3,0  23,0   12:44     S
 2  27,8  32,6   17:28  22,8   06:12   0,0   9,5   1,0   3,2  21,0   15:44     S
 3  28,3  33,3   17:29  23,9   06:07   0,0  10,0   0,2   4,2  31,0   23:04   ESE
 4  28,8  31,8   15:17  24,9   08:17   0,0  10,5   0,0   4,8  19,0   16:09   ENE
 5  29,1  33,6   16:22  23,9   06:18   0,0  10,8   0,0   3,6  23,0   17:21   SSE
 6  29,7  34,6   19:04  24,7   05:22   0,0  11,4   0,0   4,5  21,0   13:02   SSE
 7  30,1  33,9   16:25  26,1   06:03   0,0  11,8   0,0   3,3  23,0   22:43     S
 8  27,7  31,8   17:18  24,3   06:18   0,0   9,4   0,0   4,2  23,0   15:22     S
 9  26,9  30,2   14:51  22,3   05:33   0,0   8,6   0,0   5,3  29,0   11:46   ESE
10  25,6  28,9   15:34  20,5   05:29   0,0   7,3   0,0   4,3  23,0   13:29   SSE
11  25,9  31,0   18:36  20,1   06:18   0,0   7,6   0,0   3,7  26,0   13:56     S
12  27,2  31,9   18:36  22,2   05:08   0,0   8,9   0,0   3,0  19,0   14:01     S
13  27,9  32,4   17:43  23,0   06:06   0,0   9,6   0,0   2,2  21,0   14:30   SSW
14  28,3  33,1   18:19  23,1   05:53   0,0  10,0   0,0   3,1  19,0   12:44   SSE
15  29,0  32,9   14:10  24,4   05:50   0,0  10,7   0,0   2,9  21,0   16:24   SSE
16  29,5  34,1   17:26  25,6   05:01   0,0  11,3   0,0   3,3  21,0   09:31    SE
17  29,2  35,5   18:29  24,8   07:09   0,0  10,9   0,0   3,6  26,0   19:20   SSW
18  28,6  33,8   18:17  22,4   05:35   0,0  10,3   0,0   4,0  21,0   13:56    SW
19  27,6  33,4   17:20  21,3   06:40   0,0   9,3   0,0   4,1  23,0   12:01     S
20  28,6  33,4   18:00  23,7   06:06   0,0  10,2   0,0   3,1  19,0   12:09     S
21  29,9  34,3   16:28  24,4   07:04   0,0  11,6   0,0   3,7  24,0   15:07     S
22  30,4  35,4   17:49  25,4   04:39   0,0  12,0   0,0   4,7  24,0   14:24     S
23  29,3  34,2   18:59  23,7   05:59   0,0  10,9   0,0   2,7  19,0   15:59     S
24  28,2  33,0   14:52  23,3   07:02   0,0   9,9   0,0   5,2  35,0   19:37    SE
25  25,5  28,7   14:10  20,7   03:18   0,0   7,2   2,4   4,0  27,0   00:02     E
26  26,3  29,9   16:14  21,6   06:28   0,0   8,0   0,0   4,9  26,0   13:10   ESE
27  26,4  32,5   18:24  21,4   06:04   0,0   8,1   0,0   3,3  23,0   14:28     S
28  26,1  30,3   18:41  22,1   07:07   0,0   7,8   0,0   3,6  21,0   12:37     S
29  24,9  30,9   16:24  21,7   06:52   0,0   6,6   0,0   3,9  37,0   17:26    NW
30  24,7  28,0   13:01  20,6   05:08   0,0   6,4   0,0   3,6  23,0   14:34   ESE
31  24,2  28,1   17:31  21,4   06:15   0,0   5,9   0,0   5,8  27,0   09:23     E
----------------------------------------------------------------------------------
    27,7  35,5    17    20,1    11     0,0 291,1   3,6   3,8  37,0    29     SSE

Max >=  10,0: 31
Max <=   5,0:  0
Min <=   0,0:  0
Min <=  -2,0:  0
Max Rain: 2,4 on day 25
Days of Rain: 3 (>= 0,2 mm)  1 (>= 2,0 mm)  0 (>= 20,0 mm)
Heat Base: 18,3  Cool Base: 18,3  Method: Integration