Weather Camera Radar Radar Radar Radar width= Satellite previsioni

NOAA-Style Climate Reports

Select a Year or Month report
2018: Gen Feb Mar Apr Mag Giu Lug Ago Set Ott Nov Dic
2017: Gen Feb Mar Apr Mag Giu Lug Ago Set Ott Nov Dic
2016: Gen Feb Mar Apr Mag Giu Lug Ago Set Ott Nov Dic
2015: Gen Feb Mar Apr Mag Giu Lug Ago Set Ott Nov Dic
2014: Gen Feb Mar Apr Mag Giu Lug Ago Set Ott Nov Dic
2013: Gen Feb Mar Apr Mag Giu Lug Ago Set Ott Nov Dic
2012: Gen Feb Mar Apr Mag Giu Lug Ago Set Ott Nov Dic
2011: Gen Feb Mar Apr Mag Giu Lug Ago Set Ott Nov Dic

Report for 2015 Giugnio
                   Monthly Climatological Summary for giu 2015

Name: Galliate Meteo   City: Galliate (NO)   State: Italia
Elevation: 153 m  Lat: N 45° 28' 31"   Lon: E 008° 41' 43"

                  Temperature (°C), Rain (mm), Wind Speed (km/h)

                                      Heat  Cool        Avg
    Mean                              Deg   Deg         Wind                 Dom
Day Temp  High   Time   Low    Time   Days  Days  Rain  Speed High   Time    Dir
----------------------------------------------------------------------------------
 1  21,8  26,6   17:17  17,4   04:07   0,2   3,6   0,0   2,2  18,0   00:06   ESE
 2  23,3  28,2   17:16  17,4   06:17   0,0   5,1   0,0   2,7  18,0   10:54   SSE
 3  24,7  30,0   18:39  18,1   05:44   0,0   6,4   0,0   2,6  19,0   14:11     S
 4  26,5  31,9   16:39  20,2   05:09   0,0   8,2   0,0   3,0  19,0   14:19   SSE
 5  27,3  32,3   16:59  21,2   06:31   0,0   9,0   0,0   3,4  23,0   16:55   ESE
 6  27,7  32,8   18:37  21,9   06:06   0,0   9,3   0,0   4,8  24,0   15:52     E
 7  26,9  31,3   17:46  21,8   06:15   0,0   8,6   0,0   4,4  24,0   02:54    SW
 8  25,1  30,2   16:30  20,7   06:45   0,0   6,8   0,0   5,4  39,0   02:54     N
 9  22,1  25,4   16:05  19,5   07:07   0,0   2,4   0,0   1,6  16,0   12:03   NNW
10  22,1  27,2   18:25  18,2   06:08   0,0   2,1   4,6   3,7  21,0   13:54   NNW
11  24,2  29,9   17:01  17,7   05:46   0,0   3,3   0,0   3,4  18,0   06:23   NNW
12  22,4  25,1   16:01  19,1   23:53   0,0   3,3   2,4   5,4  24,0   14:03   NNW
13  20,9  24,9   17:04  17,3   05:51   0,1   2,7   3,8   4,0  27,0   03:43   NNW
14  19,2  22,1   13:29  17,8   23:56   0,0   0,9   2,2   6,6  40,0   13:04     N
15  21,4  25,9   16:53  17,4   03:36   0,2   3,2   0,0   3,4  29,0   19:09   SSW
16  19,9  24,2   11:40  15,3   17:11   0,3   1,9  23,6   2,0  40,0   16:46    SE
17  21,0  25,3   16:51  16,2   05:54   0,4   3,1   0,0   3,0  24,0   16:03     S
18  22,3  26,4   18:02  17,1   05:20   0,1   4,2   0,0   2,0  23,0   15:23   SSE
19  24,0  28,3   17:18  19,4   05:46   0,0   5,6   0,0   3,3  24,0   21:19    SE
20  22,0  26,9   17:34  17,0   06:43   0,1   3,8   0,0   4,7  27,0   20:02   ESE
21  21,3  25,3   19:20  16,4   05:27   0,2   3,2   0,0   3,1  23,0   12:36     S
22  22,0  26,0   16:53  17,7   05:47   0,0   3,8   0,0   4,1  32,0   18:05    SE
23  22,9  27,3   19:09  20,0   06:54   0,0   4,6   0,0   2,6  24,0   16:36     S
24  20,6  24,7   17:35  15,6   05:50   0,5   2,8   0,0   5,7  40,0   01:51   ESE
25  22,0  25,9   15:26  15,8   06:15   0,3   4,0   0,0   2,8  21,0   13:13   SSE
26  23,2  27,7   17:41  17,2   05:56   0,1   4,9   0,0   2,8  19,0   14:20   SSE
27  24,8  29,7   17:31  19,3   05:53   0,0   6,4   0,0   3,3  21,0   15:17   SSE
28  25,2  29,8   16:33  19,1   05:37   0,0   6,9   0,0   3,8  21,0   01:08   SSE
29  25,2  28,7   14:09  21,1   05:36   0,0   6,9   0,0   2,9  19,0   08:29    SE
30  25,9  29,6   16:57  20,7   05:47   0,0   7,6   0,0   3,4  21,0   11:59   SSE
----------------------------------------------------------------------------------
    23,3  32,8     6    15,3    16     2,5 144,6  36,6   3,6  40,0    14      SE

Max >=  10,0: 30
Max <=   5,0:  0
Min <=   0,0:  0
Min <=  -2,0:  0
Max Rain: 23,6 on day 16
Days of Rain: 5 (>= 0,2 mm)  5 (>= 2,0 mm)  1 (>= 20,0 mm)
Heat Base: 18,3  Cool Base: 18,3  Method: Integration