Weather Camera Radar Radar Radar Radar width= Satellite previsioni

NOAA-Style Climate Reports

Select a Year or Month report
2018: Gen Feb Mar Apr Mag Giu Lug Ago Set Ott Nov Dic
2017: Gen Feb Mar Apr Mag Giu Lug Ago Set Ott Nov Dic
2016: Gen Feb Mar Apr Mag Giu Lug Ago Set Ott Nov Dic
2015: Gen Feb Mar Apr Mag Giu Lug Ago Set Ott Nov Dic
2014: Gen Feb Mar Apr Mag Giu Lug Ago Set Ott Nov Dic
2013: Gen Feb Mar Apr Mag Giu Lug Ago Set Ott Nov Dic
2012: Gen Feb Mar Apr Mag Giu Lug Ago Set Ott Nov Dic
2011: Gen Feb Mar Apr Mag Giu Lug Ago Set Ott Nov Dic

Report for 2015 Maggio
                   Monthly Climatological Summary for mag 2015

Name: Galliate Meteo   City: Galliate (NO)   State: Italia
Elevation: 153 m  Lat: N 45° 28' 31"   Lon: E 008° 41' 43"

                  Temperature (°C), Rain (mm), Wind Speed (km/h)

                                      Heat  Cool        Avg
    Mean                              Deg   Deg         Wind                 Dom
Day Temp  High   Time   Low    Time   Days  Days  Rain  Speed High   Time    Dir
----------------------------------------------------------------------------------
 1  13,7  15,5   11:25  12,8   04:15   4,6   0,0   0,4   1,4  14,0   16:05    NE
 2  16,8  22,5   17:44  11,6   06:11   2,4   0,9   0,0   4,0  26,0   12:47    SW
 3  16,4  17,4   00:00  15,6   21:49   1,9   0,0   0,0   1,9  16,0   15:25     N
 4  15,3  15,7   00:00  15,0   06:46   3,0   0,0   0,0   0,9  13,0   00:07     N
 5  15,2  15,2   00:00  15,2   00:00   3,1   0,0   0,0   1,0   0,0   00:00     E
 6  17,7  25,3   16:29  15,2   00:00   2,1   1,5   0,0   1,3  23,0   22:44   NNE
 7  20,3  24,9   17:37  13,9   06:09   0,8   2,9   0,0   2,6  21,0   10:15     E
 8  19,2  25,3   15:02  15,6   23:16   0,8   1,7   1,4   4,3  27,0   19:19   NNE
 9  20,0  26,8   17:55  12,9   05:55   1,5   3,1   0,0   3,3  21,0   14:46   WNW
10  21,6  26,7   17:13  14,1   06:47   0,6   3,9   0,0   3,2  19,0   13:29    NW
11  21,5  27,5   17:03  14,5   06:26   0,7   3,9   0,0   2,3  18,0   08:44     E
12  22,0  26,6   14:39  16,3   06:10   0,3   4,0   0,0   2,3  21,0   15:54   ESE
13  21,6  27,0   18:04  16,9   06:29   0,2   3,5   0,0   3,6  26,0   19:18     S
14  21,0  27,2   14:45  15,0   06:14   0,5   3,2   0,0   5,3  29,0   15:05     S
15  16,1  19,6   00:00  11,3   21:32   2,2   0,2  55,2   9,0  37,0   11:54   NNE
16  18,2  24,3   17:29  11,6   00:00   2,3   2,3   4,0   4,0  21,0   00:31    SW
17  21,7  27,2   18:30  15,4   05:35   0,5   3,9   0,0   3,3  21,0   12:15   NNW
18  22,3  26,8   14:23  16,7   06:31   0,1   4,2   0,0   3,9  18,0   09:08     E
19  19,7  24,7   15:22  16,3   23:50   0,3   1,7   0,0   4,4  43,0   17:26    SE
20  14,5  19,5   14:47  10,6   23:52   3,8   0,1  30,0   6,5  47,0   23:18     N
21  13,3  18,5   16:57   9,7   01:50   5,0   0,0   1,6  12,2  43,0   00:04     N
22  15,8  22,1   15:26  11,7   03:28   3,0   0,6   0,0   4,3  29,0   18:04     S
23  15,4  21,4   15:41  11,6   06:51   3,2   0,3   0,2   4,8  40,0   16:31    SE
24  17,4  22,0   15:53  11,9   06:15   2,0   1,2   0,0   2,9  21,0   13:37     S
25  19,5  24,3   14:46  13,8   05:53   1,0   2,1   0,0   2,9  21,0   21:41    SW
26  18,9  23,2   18:40  14,6   06:49   1,0   1,6   2,8   4,5  27,0   14:00     S
27  19,0  24,9   17:41  12,3   05:50   1,5   2,2   0,0   4,6  27,0   13:56     S
28  19,3  23,4   19:35  13,2   06:05   1,1   2,0   0,0   4,1  23,0   10:32    SE
29  19,7  24,4   16:54  14,4   05:58   0,8   2,2   0,0   3,5  23,0   15:06     S
30  20,1  25,2   17:06  15,9   04:45   0,5   2,3   0,2   5,8  26,0   18:08   SSW
31  19,8  24,2   16:09  16,6   05:44   0,4   1,9   0,0   2,8  21,0   14:47   NNE
----------------------------------------------------------------------------------
    18,5  27,5    11     9,7    21    51,2  57,4  95,8   3,9  47,0    20     ESE

Max >=  10,0: 31
Max <=   5,0:  0
Min <=   0,0:  0
Min <=  -2,0:  0
Max Rain: 55,2 on day 15
Days of Rain: 9 (>= 0,2 mm)  4 (>= 2,0 mm)  2 (>= 20,0 mm)
Heat Base: 18,3  Cool Base: 18,3  Method: Integration