Weather Camera Radar Radar Radar Radar width= Satellite previsioni

NOAA-Style Climate Reports

Select a Year or Month report
2018: Gen Feb Mar Apr Mag Giu Lug Ago Set Ott Nov Dic
2017: Gen Feb Mar Apr Mag Giu Lug Ago Set Ott Nov Dic
2016: Gen Feb Mar Apr Mag Giu Lug Ago Set Ott Nov Dic
2015: Gen Feb Mar Apr Mag Giu Lug Ago Set Ott Nov Dic
2014: Gen Feb Mar Apr Mag Giu Lug Ago Set Ott Nov Dic
2013: Gen Feb Mar Apr Mag Giu Lug Ago Set Ott Nov Dic
2012: Gen Feb Mar Apr Mag Giu Lug Ago Set Ott Nov Dic
2011: Gen Feb Mar Apr Mag Giu Lug Ago Set Ott Nov Dic

Report for 2015 Aprile
                   Monthly Climatological Summary for apr 2015

Name: Galliate Meteo   City: Galliate (NO)   State: Italia
Elevation: 153 m  Lat: N 45° 28' 31"   Lon: E 008° 41' 43"

                  Temperature (°C), Rain (mm), Wind Speed (km/h)

                                      Heat  Cool        Avg
    Mean                              Deg   Deg         Wind                 Dom
Day Temp  High   Time   Low    Time   Days  Days  Rain  Speed High   Time    Dir
----------------------------------------------------------------------------------
 1  15,2  18,2   15:47  11,8   23:45   3,1   0,0   0,0  13,3  61,0   12:37     N
 2  13,2  19,0   18:28   7,0   04:34   5,1   0,0   0,0   3,5  24,0   00:11   WSW
 3  13,1  17,1   15:30   8,7   05:07   5,2   0,0   0,0   3,7  24,0   09:26     E
 4  10,8  13,4   15:04   8,6   06:48   7,5   0,0   0,0   4,3  24,0   15:51   ESE
 5   9,1  11,8   14:48   7,1   22:48   9,2   0,0   0,0   4,0  26,0   17:29     E
 6   9,4  15,1   18:52   3,1   07:08   8,9   0,0   0,0   6,3  50,0   21:48   NNE
 7  12,0  15,8   17:09   7,2   07:18   6,3   0,0   0,0   8,1  39,0   02:55    NE
 8  12,7  20,9   17:24   4,3   05:52   6,0   0,4   0,0   2,3  23,0   12:20   SSW
 9  14,9  20,7   17:12   8,0   07:07   3,8   0,4   0,0   2,6  21,0   12:06   SSE
10  15,0  21,2   17:03   9,3   07:09   3,8   0,5   0,0   3,4  24,0   21:09   SSE
11  14,7  20,9   17:34   9,5   07:00   3,9   0,3   0,0   4,1  26,0   19:01   SSW
12  15,5  21,8   17:31   8,7   06:32   3,6   0,8   0,0   1,8  18,0   12:48   SSE
13  18,5  25,9   16:51  11,2   06:15   2,2   2,3   0,0   3,4  23,0   18:39   SSW
14  20,3  27,1   17:57  13,2   07:07   1,3   3,3   0,0   2,3  18,0   15:29   NNW
15  19,1  25,1   16:55  13,1   06:31   1,4   2,2   0,0   2,8  21,0   13:44    SE
16  16,8  20,5   16:50  12,1   06:59   1,9   0,4   0,0   3,5  29,0   16:20     S
17  14,0  15,9   17:29  11,9   09:36   4,3   0,0   9,2   2,2  18,0   07:02   SSE
18  14,1  20,0   15:02   9,5   23:52   4,3   0,2   0,6   5,5  47,0   19:38   ESE
19  12,1  16,0   15:30   8,9   06:10   6,2   0,0   0,0   4,7  37,0   00:28   ENE
20  13,6  20,6   18:00   6,2   05:50   5,0   0,3   0,0   2,6  21,0   14:48   SSW
21  17,1  24,1   18:10   9,8   04:38   2,8   1,6   0,0   2,8  23,0   15:53   SSE
22  18,5  25,9   16:47  11,2   06:45   2,0   2,1   0,0   4,9  29,0   18:42   SSE
23  16,6  21,6   16:34  11,6   06:28   2,4   0,7   0,0   5,7  32,0   17:01     S
24  16,6  22,2   17:24   9,8   05:57   2,6   1,0   0,0   3,4  23,0   12:48    SE
25  14,5  16,8   00:00  12,2   20:07   3,8   0,0   0,6   5,1  21,0   16:19   NNE
26  13,9  17,6   15:11  12,2   06:10   4,4   0,0   5,0   2,3  16,0   00:07     N
27  13,4  14,6   15:29  12,1   23:46   4,8   0,0  40,4   6,0  32,0   15:58     E
28  16,1  22,6   17:28  12,0   03:48   2,9   0,7   1,4   8,5  40,0   19:14   NNW
29  15,2  19,2   14:32  10,8   07:12   3,2   0,0   5,6   5,8  37,0   00:09   ENE
30  14,6  19,6   17:05  10,8   05:07   3,8   0,1   0,4   5,9  27,0   20:32   ESE
----------------------------------------------------------------------------------
    14,7  27,1    14     3,1     6   125,7  17,3  63,2   4,5  61,0     1       E

Max >=  10,0: 30
Max <=   5,0:  0
Min <=   0,0:  0
Min <=  -2,0:  0
Max Rain: 40,4 on day 27
Days of Rain: 8 (>= 0,2 mm)  4 (>= 2,0 mm)  1 (>= 20,0 mm)
Heat Base: 18,3  Cool Base: 18,3  Method: Integration