Weather Camera Radar Radar Radar Radar width= Satellite previsioni

NOAA-Style Climate Reports

Select a Year or Month report
2018: Gen Feb Mar Apr Mag Giu Lug Ago Set Ott Nov Dic
2017: Gen Feb Mar Apr Mag Giu Lug Ago Set Ott Nov Dic
2016: Gen Feb Mar Apr Mag Giu Lug Ago Set Ott Nov Dic
2015: Gen Feb Mar Apr Mag Giu Lug Ago Set Ott Nov Dic
2014: Gen Feb Mar Apr Mag Giu Lug Ago Set Ott Nov Dic
2013: Gen Feb Mar Apr Mag Giu Lug Ago Set Ott Nov Dic
2012: Gen Feb Mar Apr Mag Giu Lug Ago Set Ott Nov Dic
2011: Gen Feb Mar Apr Mag Giu Lug Ago Set Ott Nov Dic

Report for 2015 Marzo
                   Monthly Climatological Summary for mar 2015

Name: Galliate Meteo   City: Galliate (NO)   State: Italia
Elevation: 153 m  Lat: N 45° 28' 31"   Lon: E 008° 41' 43"

                  Temperature (°C), Rain (mm), Wind Speed (km/h)

                                      Heat  Cool        Avg
    Mean                              Deg   Deg         Wind                 Dom
Day Temp  High   Time   Low    Time   Days  Days  Rain  Speed High   Time    Dir
----------------------------------------------------------------------------------
 1   8,6  14,0   13:52   4,1   05:38   9,7   0,0   0,0   1,4  18,0   15:33   WSW
 2   9,6  13,7   16:36   6,6   01:23   8,7   0,0   0,0   1,7  18,0   13:21    NW
 3  10,0  15,2   15:37   3,1   06:33   8,3   0,0   0,0   4,1  26,0   13:13     E
 4   8,0  11,7   19:23   3,2   08:21  10,3   0,0   0,0   4,8  39,0   23:18   NNE
 5  10,8  13,3   15:38   8,4   05:14   7,5   0,0   0,0  21,5  74,0   11:56     N
 6   8,6  13,8   15:20   2,1   05:29   9,7   0,0   0,0   2,6  24,0   00:03     S
 7   7,7  12,6   15:24   3,4   07:38  10,6   0,0   0,0   2,8  18,0   14:23     N
 8   7,9  13,4   15:21   2,4   04:03  10,4   0,0   0,0   2,2  21,0   10:27   ESE
 9   7,6  12,1   15:05   3,1   05:02  10,7   0,0   0,0   1,8  18,0   12:48   ESE
10   9,1  15,8   15:15   2,1   07:16   9,2   0,0   0,0   1,5  18,0   16:14    SW
11  12,5  19,5   16:22   6,3   06:44   5,9   0,1   0,0   2,5  24,0   12:10   SSW
12  10,8  15,8   16:21   5,4   07:29   7,5   0,0   0,0   2,6  21,0   10:51     E
13  10,0  15,8   16:05   4,4   05:53   8,3   0,0   0,0   2,7  19,0   14:36     E
14  10,1  13,2   15:43   8,3   22:51   8,2   0,0   0,0   2,7  19,0   09:36   ENE
15   9,6  12,8   14:27   6,9   23:58   8,7   0,0   1,4   5,6  39,0   20:18     E
16   6,7   7,4   13:32   5,4   03:24  11,6   0,0  16,8   6,3  23,0   02:34     N
17   8,5  11,2   17:16   6,9   06:00   9,8   0,0   7,2   5,7  23,0   08:25     N
18  10,4  16,1   16:05   5,3   06:50   7,9   0,0   0,0   2,3  18,0   12:30   ENE
19  12,0  15,9   15:33   8,6   00:17   6,3   0,0   0,0   2,0  21,0   13:27   ENE
20  12,4  15,7   14:36   9,9   06:26   5,9   0,0   0,0   1,2  16,0   13:13   SSE
21  11,6  14,6   15:21   9,3   06:51   6,7   0,0   1,0   2,0  16,0   13:25   ESE
22   8,6   9,6   16:20   7,3   08:22   9,7   0,0   4,4   4,7  26,0   14:22   NNE
23  11,4  16,4   15:53   5,5   06:36   6,9   0,0   0,0   2,4  18,0   10:25     E
24  10,7  12,2   11:17   8,7   23:15   7,6   0,0   2,0   4,2  24,0   21:20     N
25   9,6  12,4   13:22   7,7   04:27   8,7   0,0   9,4   7,2  31,0   10:04     N
26  11,9  15,9   16:09   8,9   03:52   6,4   0,0   0,6   1,6  18,0   13:37     S
27  14,5  19,6   13:26   8,4   05:48   4,1   0,2   0,2   8,4  50,0   16:16     N
28  13,5  19,6   15:36   6,2   06:01   4,9   0,1   0,0   2,7  21,0   13:04   SSW
29  14,3  17,9   14:22   7,6   07:07   3,9   0,0   0,0   2,2  18,0   11:04   ESE
30  17,4  19,6   19:18  13,8   23:46   0,9   0,0   0,0   2,6  29,0   20:34     E
31  16,8  25,1   18:12   9,4   06:45   3,0   1,5   0,0   4,3  43,0   21:44    NW
----------------------------------------------------------------------------------
    10,7  25,1    31     2,1     6   238,0   1,9  43,0   3,9  74,0     5     NNE

Max >=  10,0: 29
Max <=   5,0:  0
Min <=   0,0:  0
Min <=  -2,0:  0
Max Rain: 16,8 on day 16
Days of Rain: 9 (>= 0,2 mm)  5 (>= 2,0 mm)  0 (>= 20,0 mm)
Heat Base: 18,3  Cool Base: 18,3  Method: Integration